
CREATE TABLE `migrations` (
  `version` bigint(20) NOT NULL
) ENGINE=InnoDB DEFAULT CHARSET=utf8;

#
# TABLE STRUCTURE FOR: notification_roles
#


CREATE TABLE `notification_roles` (
  `id` int(11) NOT NULL AUTO_INCREMENT,
  `send_notification_id` int(11) DEFAULT NULL,
  `role_id` int(11) DEFAULT NULL,
  `is_active` int(11) DEFAULT '0',
  `created_at` timestamp NOT NULL DEFAULT CURRENT_TIMESTAMP ON UPDATE CURRENT_TIMESTAMP,
  PRIMARY KEY (`id`),
  KEY `send_notification_id` (`send_notification_id`),
  KEY `role_id` (`role_id`),
  CONSTRAINT `notification_roles_ibfk_1` FOREIGN KEY (`send_notification_id`) REFERENCES `send_notification` (`id`) ON DELETE CASCADE,
  CONSTRAINT `notification_roles_ibfk_2` FOREIGN KEY (`role_id`) REFERENCES `roles` (`id`) ON DELETE CASCADE
) ENGINE=InnoDB AUTO_INCREMENT=3 DEFAULT CHARSET=utf8;

INSERT INTO `notification_roles` (`id`, `send_notification_id`, `role_id`, `is_active`, `created_at`) VALUES (1, 1, 1, 0, '2025-09-16 11:43:24');
INSERT INTO `notification_roles` (`id`, `send_notification_id`, `role_id`, `is_active`, `created_at`) VALUES (2, 1, 7, 0, '2025-09-16 11:43:24');


#
# TABLE STRUCTURE FOR: notification_setting
#


CREATE TABLE `notification_setting` (
  `id` int(11) NOT NULL AUTO_INCREMENT,
  `type` varchar(100) DEFAULT NULL,
  `is_mail` varchar(10) DEFAULT '0',
  `is_sms` varchar(10) DEFAULT '0',
  `is_notification` int(11) NOT NULL DEFAULT '0',
  `display_notification` int(11) NOT NULL DEFAULT '0',
  `display_sms` int(11) NOT NULL DEFAULT '1',
  `is_student_recipient` int(1) DEFAULT NULL,
  `is_guardian_recipient` int(1) DEFAULT NULL,
  `is_staff_recipient` int(1) DEFAULT NULL,
  `display_student_recipient` int(1) DEFAULT NULL,
  `display_guardian_recipient` int(1) DEFAULT NULL,
  `display_staff_recipient` int(1) DEFAULT NULL,
  `subject` varchar(255) NOT NULL,
  `template_id` varchar(100) NOT NULL,
  `template` longtext NOT NULL,
  `variables` text NOT NULL,
  `created_at` timestamp NOT NULL DEFAULT CURRENT_TIMESTAMP ON UPDATE CURRENT_TIMESTAMP,
  PRIMARY KEY (`id`)
) ENGINE=InnoDB AUTO_INCREMENT=19 DEFAULT CHARSET=utf8;

INSERT INTO `notification_setting` (`id`, `type`, `is_mail`, `is_sms`, `is_notification`, `display_notification`, `display_sms`, `is_student_recipient`, `is_guardian_recipient`, `is_staff_recipient`, `display_student_recipient`, `display_guardian_recipient`, `display_staff_recipient`, `subject`, `template_id`, `template`, `variables`, `created_at`) VALUES (1, 'student_admission', '1', '0', 0, 0, 1, 1, 1, NULL, 1, 1, NULL, 'Student Admission', '', 'Dear {{student_name}} your admission is confirm in Class: {{class}} Section:  {{section}} for Session: {{current_session_name}} for more \r\ndetail\r\n contact\r\n System\r\n Admin\r\n {{class}} {{section}} {{admission_no}} {{roll_no}} {{admission_date}} {{mobileno}} {{email}} {{dob}} {{guardian_name}} {{guardian_relation}} {{guardian_phone}} {{father_name}} {{father_phone}} {{blood_group}} {{mother_name}} {{gender}} {{guardian_email}}', '{{student_name}} {{class}}  {{section}}  {{admission_no}}  {{roll_no}}  {{admission_date}}   {{mobileno}}  {{email}}  {{dob}}  {{guardian_name}}  {{guardian_relation}}  {{guardian_phone}}  {{father_name}}  {{father_phone}}  {{blood_group}}  {{mother_name}}  {{gender}} {{guardian_email}} {{current_session_name}} ', '2022-12-28 03:52:24');
INSERT INTO `notification_setting` (`id`, `type`, `is_mail`, `is_sms`, `is_notification`, `display_notification`, `display_sms`, `is_student_recipient`, `is_guardian_recipient`, `is_staff_recipient`, `display_student_recipient`, `display_guardian_recipient`, `display_staff_recipient`, `subject`, `template_id`, `template`, `variables`, `created_at`) VALUES (2, 'exam_result', '1', '0', 0, 1, 1, 1, NULL, NULL, 1, 1, NULL, 'Exam Result', '', 'Dear {{student_name}} - {{exam_roll_no}}, your {{exam}} result has been published.', '{{student_name}} {{exam_roll_no}} {{exam}}', '2022-12-28 03:52:24');
INSERT INTO `notification_setting` (`id`, `type`, `is_mail`, `is_sms`, `is_notification`, `display_notification`, `display_sms`, `is_student_recipient`, `is_guardian_recipient`, `is_staff_recipient`, `display_student_recipient`, `display_guardian_recipient`, `display_staff_recipient`, `subject`, `template_id`, `template`, `variables`, `created_at`) VALUES (3, 'fee_submission', '1', '0', 0, 1, 1, 1, 1, NULL, 1, 1, NULL, 'Fee Submission', '', 'Dear parents, we have received Fees Amount {{fee_amount}} for  {{student_name}}  by Your School Name \r\n{{class}} {{section}} {{fine_type}} {{fine_percentage}} {{fine_amount}} {{fee_group_name}} {{type}} {{code}} {{email}} {{contact_no}} {{invoice_id}} {{sub_invoice_id}} {{due_date}} {{amount}} {{fee_amount}}', '{{student_name}} {{class}} {{section}} {{fine_type}} {{fine_percentage}} {{fine_amount}} {{fee_group_name}} {{type}} {{code}} {{email}} {{contact_no}} {{invoice_id}} {{sub_invoice_id}} {{due_date}} {{amount}} {{fee_amount}}', '2022-12-28 03:52:24');
INSERT INTO `notification_setting` (`id`, `type`, `is_mail`, `is_sms`, `is_notification`, `display_notification`, `display_sms`, `is_student_recipient`, `is_guardian_recipient`, `is_staff_recipient`, `display_student_recipient`, `display_guardian_recipient`, `display_staff_recipient`, `subject`, `template_id`, `template`, `variables`, `created_at`) VALUES (4, 'absent_attendence', '1', '0', 0, 1, 1, 1, 1, NULL, 1, 1, NULL, 'Absent Attendence', '', 'Absent Notice :{{student_name}}  was absent on date {{date}} in period {{subject_name}} {{subject_code}} {{subject_type}} from Your School Name', '{{student_name}} {{mobileno}} {{email}} {{father_name}} {{father_phone}} {{father_occupation}} {{mother_name}} {{mother_phone}} {{guardian_name}} {{guardian_phone}} {{guardian_occupation}} {{guardian_email}} {{date}} {{current_session_name}} {{time_from}} {{time_to}} {{subject_name}} {{subject_code}} {{subject_type}}  ', '2022-12-28 03:52:24');
INSERT INTO `notification_setting` (`id`, `type`, `is_mail`, `is_sms`, `is_notification`, `display_notification`, `display_sms`, `is_student_recipient`, `is_guardian_recipient`, `is_staff_recipient`, `display_student_recipient`, `display_guardian_recipient`, `display_staff_recipient`, `subject`, `template_id`, `template`, `variables`, `created_at`) VALUES (6, 'homework', '1', '0', 0, 1, 1, 1, NULL, NULL, 1, 1, NULL, 'Homework', '', 'New Homework has been created for \r\n{{student_name}} at\r\n\r\n\r\n\r\n{{homework_date}} for the class {{class}} {{section}} {{subject}}. kindly submit your\r\n\r\n\r\n homework before {{submit_date}} .Thank you', '{{homework_date}} {{submit_date}} {{class}} {{section}} {{subject}} {{student_name}} {{admission_no}} ', '2022-12-28 03:52:24');
INSERT INTO `notification_setting` (`id`, `type`, `is_mail`, `is_sms`, `is_notification`, `display_notification`, `display_sms`, `is_student_recipient`, `is_guardian_recipient`, `is_staff_recipient`, `display_student_recipient`, `display_guardian_recipient`, `display_staff_recipient`, `subject`, `template_id`, `template`, `variables`, `created_at`) VALUES (7, 'fees_reminder', '1', '0', 0, 1, 1, 1, 1, NULL, 1, 1, NULL, 'Fees Reminder', '', 'Dear parents, please pay fee amount Rs.{{due_amount}} of {{fee_type}} before {{due_date}} for {{student_name}}  from smart school (ignore if you already paid)', '{{fee_type}}{{fee_code}}{{due_date}}{{student_name}}{{school_name}}{{fee_amount}}{{due_amount}}{{deposit_amount}} ', '2022-12-28 03:52:24');
INSERT INTO `notification_setting` (`id`, `type`, `is_mail`, `is_sms`, `is_notification`, `display_notification`, `display_sms`, `is_student_recipient`, `is_guardian_recipient`, `is_staff_recipient`, `display_student_recipient`, `display_guardian_recipient`, `display_staff_recipient`, `subject`, `template_id`, `template`, `variables`, `created_at`) VALUES (8, 'forgot_password', '1', '0', 0, 0, 0, 1, 1, 1, 1, 1, 1, 'Forgot Password', '', 'Dear  {{name}} , \r\n    Recently a request was submitted to reset password for your account. If you didn\'t make the request, just ignore this email. Otherwise you can reset your password using this link <a href=\'{{resetPassLink}}\'>Click here to reset your password</a>,\r\nif you\'re having trouble clicking the password reset button, copy and paste the URL below into your web browser. your username {{username}}\r\n{{resetPassLink}}\r\n Regards,\r\n {{school_name}}', '{{school_name}}{{name}}{{username}}{{resetPassLink}} ', '2022-12-28 03:52:24');
INSERT INTO `notification_setting` (`id`, `type`, `is_mail`, `is_sms`, `is_notification`, `display_notification`, `display_sms`, `is_student_recipient`, `is_guardian_recipient`, `is_staff_recipient`, `display_student_recipient`, `display_guardian_recipient`, `display_staff_recipient`, `subject`, `template_id`, `template`, `variables`, `created_at`) VALUES (9, 'online_examination_publish_exam', '1', '0', 0, 1, 1, 1, NULL, NULL, 1, 1, NULL, 'Online Examination Publish Exam', '', 'A new exam {{exam_title}} has been created for  duration: {{time_duration}} min, which will be available from:  {{exam_from}} to  {{exam_to}}.', '{{exam_title}} {{exam_from}} {{exam_to}} {{time_duration}} {{attempt}} {{passing_percentage}}', '2022-12-28 03:52:24');
INSERT INTO `notification_setting` (`id`, `type`, `is_mail`, `is_sms`, `is_notification`, `display_notification`, `display_sms`, `is_student_recipient`, `is_guardian_recipient`, `is_staff_recipient`, `display_student_recipient`, `display_guardian_recipient`, `display_staff_recipient`, `subject`, `template_id`, `template`, `variables`, `created_at`) VALUES (10, 'online_examination_publish_result', '1', '0', 0, 1, 1, 1, NULL, NULL, 1, 1, NULL, 'Online Examination Publish Result', '', 'Exam {{exam_title}} result has been declared which was conducted between  {{exam_from}} to   {{exam_to}}, for more details, please check your student portal.', '{{exam_title}} {{exam_from}} {{exam_to}} {{time_duration}} {{attempt}} {{passing_percentage}}', '2022-12-28 03:52:24');
INSERT INTO `notification_setting` (`id`, `type`, `is_mail`, `is_sms`, `is_notification`, `display_notification`, `display_sms`, `is_student_recipient`, `is_guardian_recipient`, `is_staff_recipient`, `display_student_recipient`, `display_guardian_recipient`, `display_staff_recipient`, `subject`, `template_id`, `template`, `variables`, `created_at`) VALUES (11, 'online_admission_form_submission', '1', '0', 0, 1, 1, 1, 1, NULL, 1, 1, NULL, 'Online Admission Form Submission', '', 'Dear {{firstname}}  {{lastname}} your online admission form is Submitted successfully  on date {{date}}. Your Reference number is {{reference_no}}. Please remember your reference number for further process.', ' {{firstname}} {{lastname}} {{date}} {{reference_no}}', '2022-12-28 03:52:24');
INSERT INTO `notification_setting` (`id`, `type`, `is_mail`, `is_sms`, `is_notification`, `display_notification`, `display_sms`, `is_student_recipient`, `is_guardian_recipient`, `is_staff_recipient`, `display_student_recipient`, `display_guardian_recipient`, `display_staff_recipient`, `subject`, `template_id`, `template`, `variables`, `created_at`) VALUES (12, 'online_admission_fees_submission', '0', '0', 0, 1, 1, 1, 1, NULL, 1, 1, NULL, 'Online Admission Fees Submission', '', 'Dear {{firstname}}  {{lastname}} your online admission form is Submitted successfully and the payment of {{paid_amount}} has recieved successfully on date {{date}}. Your Reference number is {{reference_no}}. Please remember your reference number for further process.', ' {{firstname}} {{lastname}} {{date}} {{paid_amount}} {{reference_no}}', '2022-12-28 03:52:24');
INSERT INTO `notification_setting` (`id`, `type`, `is_mail`, `is_sms`, `is_notification`, `display_notification`, `display_sms`, `is_student_recipient`, `is_guardian_recipient`, `is_staff_recipient`, `display_student_recipient`, `display_guardian_recipient`, `display_staff_recipient`, `subject`, `template_id`, `template`, `variables`, `created_at`) VALUES (13, 'student_login_credential', '1', '1', 0, 0, 1, 1, 1, 0, 1, 1, NULL, 'Student Login Credential', '1707163291685208209', 'Hello {{display_name}} your login details for Url: {{url}} Username: {{username}}  Password: {{password}} admission No: {{admission_no}}', '{{url}} {{display_name}} {{username}} {{password}} {{admission_no}}', '2022-08-06 00:34:41');
INSERT INTO `notification_setting` (`id`, `type`, `is_mail`, `is_sms`, `is_notification`, `display_notification`, `display_sms`, `is_student_recipient`, `is_guardian_recipient`, `is_staff_recipient`, `display_student_recipient`, `display_guardian_recipient`, `display_staff_recipient`, `subject`, `template_id`, `template`, `variables`, `created_at`) VALUES (14, 'staff_login_credential', '1', '1', 0, 0, 1, 0, 0, 1, NULL, NULL, 1, 'Staff Login Credential', '1707163291685208209', 'Hello {{first_name}} {{last_name}} your login details for Url: {{url}} Username: {{username}}  Password: {{password}} Employee ID: {{employee_id}}', '{{url}} {{first_name}} {{last_name}} {{username}} {{password}} {{employee_id}}', '2021-12-23 05:59:13');
INSERT INTO `notification_setting` (`id`, `type`, `is_mail`, `is_sms`, `is_notification`, `display_notification`, `display_sms`, `is_student_recipient`, `is_guardian_recipient`, `is_staff_recipient`, `display_student_recipient`, `display_guardian_recipient`, `display_staff_recipient`, `subject`, `template_id`, `template`, `variables`, `created_at`) VALUES (15, 'fee_processing', '1', '1', 1, 1, 1, 1, 1, 0, 1, 1, NULL, 'Fee processing', '1707163291301326898', 'Dear parents, we have received Fees Amount {{fee_amount}} for  {{student_name}}  by Your School Name \r\n{{class}} {{section}} {{email}} {{contact_no}}\r\n\r\n{{student_name}} {{class}} {{section}} {{email}} {{contact_no}} transaction_id :{{transaction_id}} {{fee_amount}}', '{{student_name}} {{class}} {{section}} {{email}} {{contact_no}} {{transaction_id}} {{fee_amount}}', '2021-12-22 04:15:42');
INSERT INTO `notification_setting` (`id`, `type`, `is_mail`, `is_sms`, `is_notification`, `display_notification`, `display_sms`, `is_student_recipient`, `is_guardian_recipient`, `is_staff_recipient`, `display_student_recipient`, `display_guardian_recipient`, `display_staff_recipient`, `subject`, `template_id`, `template`, `variables`, `created_at`) VALUES (16, 'online_admission_fees_processing', '1', '1', 1, 1, 1, 1, 1, 0, 1, 1, NULL, 'Online Admission Fees Processing', '', 'Dear {{firstname}}  {{lastname}} your online admission form is Submitted successfully and the payment of {{paid_amount}} has processing on date {{date}}. Your Reference number is {{reference_no}} and your transaction id {{transaction_id}}. Please remember your reference number for further process.', ' {{firstname}} {{lastname}} {{date}} {{paid_amount}} {{reference_no}} {{transaction_id}}', '2022-08-06 06:09:47');
INSERT INTO `notification_setting` (`id`, `type`, `is_mail`, `is_sms`, `is_notification`, `display_notification`, `display_sms`, `is_student_recipient`, `is_guardian_recipient`, `is_staff_recipient`, `display_student_recipient`, `display_guardian_recipient`, `display_staff_recipient`, `subject`, `template_id`, `template`, `variables`, `created_at`) VALUES (17, 'student_apply_leave', '1', '1', 0, 0, 1, 0, 1, 1, NULL, 1, 1, 'Student Apply Leave ( {{student_name}} - {{admission_no}} )', '', 'My Name is {{student_name}} Class {{class}} section {{section}}. I have to apply leave on {{apply_date}}and from {{from_date}} to {{to_date}}. {{message}} please provide.', '{{message}} {{apply_date}} {{from_date}} {{to_date}} {{student_name}} {{class}} {{section}}', '2022-03-12 05:58:37');
INSERT INTO `notification_setting` (`id`, `type`, `is_mail`, `is_sms`, `is_notification`, `display_notification`, `display_sms`, `is_student_recipient`, `is_guardian_recipient`, `is_staff_recipient`, `display_student_recipient`, `display_guardian_recipient`, `display_staff_recipient`, `subject`, `template_id`, `template`, `variables`, `created_at`) VALUES (18, 'email_pdf_exam_marksheet', '1', '0', 0, 0, 0, 1, 1, 0, 1, 1, NULL, 'Email PDF Exam Marksheet ( {{student_name}} - {{admission_no}} )', '', 'Dear {{student_name}} ({{admission_no}}) {{class}} Section {{section}}. We have mailed you the marksheet of Exam {{exam}} Roll no.{{roll_no}}', '{{student_name}} {{class}}  {{section}}  {{admission_no}}  {{roll_no}} {{exam}} {{admit_card_roll_no}} ', '2022-03-12 06:24:42');


#
# TABLE STRUCTURE FOR: offline_fees_payments
#


CREATE TABLE `offline_fees_payments` (
  `id` int(11) NOT NULL AUTO_INCREMENT,
  `invoice_id` varchar(50) DEFAULT NULL,
  `student_session_id` int(11) DEFAULT NULL,
  `student_fees_master_id` int(11) DEFAULT NULL,
  `fee_groups_feetype_id` int(11) DEFAULT NULL,
  `student_transport_fee_id` int(11) DEFAULT NULL,
  `payment_date` date DEFAULT NULL,
  `bank_from` varchar(200) DEFAULT NULL,
  `bank_account_transferred` varchar(200) DEFAULT NULL,
  `reference` varchar(200) DEFAULT NULL,
  `amount` float(10,2) DEFAULT NULL,
  `submit_date` datetime DEFAULT NULL,
  `approve_date` datetime DEFAULT NULL,
  `attachment` text,
  `reply` text,
  `approved_by` int(11) DEFAULT NULL,
  `is_active` varchar(1) DEFAULT '0',
  `created_at` timestamp NOT NULL DEFAULT CURRENT_TIMESTAMP ON UPDATE CURRENT_TIMESTAMP,
  PRIMARY KEY (`id`),
  KEY `student_fees_master_id` (`student_fees_master_id`),
  KEY `fee_groups_feetype_id` (`fee_groups_feetype_id`),
  KEY `student_transport_fee_id` (`student_transport_fee_id`),
  KEY `offline_fees_payments_ibfk_4` (`approved_by`),
  KEY `student_session_id` (`student_session_id`),
  CONSTRAINT `offline_fees_payments_ibfk_1` FOREIGN KEY (`student_fees_master_id`) REFERENCES `student_fees_master` (`id`) ON DELETE CASCADE,
  CONSTRAINT `offline_fees_payments_ibfk_2` FOREIGN KEY (`fee_groups_feetype_id`) REFERENCES `fee_groups_feetype` (`id`) ON DELETE CASCADE,
  CONSTRAINT `offline_fees_payments_ibfk_3` FOREIGN KEY (`student_transport_fee_id`) REFERENCES `student_transport_fees` (`id`) ON DELETE CASCADE,
  CONSTRAINT `offline_fees_payments_ibfk_4` FOREIGN KEY (`approved_by`) REFERENCES `staff` (`id`) ON DELETE CASCADE,
  CONSTRAINT `offline_fees_payments_ibfk_5` FOREIGN KEY (`student_session_id`) REFERENCES `student_session` (`id`) ON DELETE CASCADE
) ENGINE=InnoDB DEFAULT CHARSET=utf8;

#
# TABLE STRUCTURE FOR: online_admission_custom_field_value
#


CREATE TABLE `online_admission_custom_field_value` (
  `id` int(11) NOT NULL AUTO_INCREMENT,
  `belong_table_id` int(11) DEFAULT NULL,
  `custom_field_id` int(11) DEFAULT NULL,
  `field_value` longtext NOT NULL,
  `created_at` timestamp NOT NULL DEFAULT CURRENT_TIMESTAMP ON UPDATE CURRENT_TIMESTAMP,
  `updated_at` date DEFAULT NULL,
  PRIMARY KEY (`id`),
  KEY `custom_field_id` (`custom_field_id`),
  CONSTRAINT `online_admission_custom_field_value_ibfk_1` FOREIGN KEY (`custom_field_id`) REFERENCES `custom_fields` (`id`) ON DELETE CASCADE
) ENGINE=InnoDB DEFAULT CHARSET=utf8;

#
# TABLE STRUCTURE FOR: online_admission_fields
#


CREATE TABLE `online_admission_fields` (
  `id` int(11) NOT NULL AUTO_INCREMENT,
  `name` varchar(250) DEFAULT NULL,
  `status` int(1) DEFAULT NULL,
  `created_at` timestamp NOT NULL DEFAULT CURRENT_TIMESTAMP ON UPDATE CURRENT_TIMESTAMP,
  PRIMARY KEY (`id`)
) ENGINE=InnoDB AUTO_INCREMENT=67 DEFAULT CHARSET=utf8;

INSERT INTO `online_admission_fields` (`id`, `name`, `status`, `created_at`) VALUES (1, 'middlename', 1, '2024-01-04 07:18:30');
INSERT INTO `online_admission_fields` (`id`, `name`, `status`, `created_at`) VALUES (2, 'lastname', 1, '2021-06-01 23:49:19');
INSERT INTO `online_admission_fields` (`id`, `name`, `status`, `created_at`) VALUES (3, 'category', 0, '2021-06-01 23:48:35');
INSERT INTO `online_admission_fields` (`id`, `name`, `status`, `created_at`) VALUES (4, 'religion', 0, '2021-06-01 23:48:35');
INSERT INTO `online_admission_fields` (`id`, `name`, `status`, `created_at`) VALUES (5, 'cast', 0, '2021-06-01 23:48:35');
INSERT INTO `online_admission_fields` (`id`, `name`, `status`, `created_at`) VALUES (6, 'mobile_no', 1, '2021-06-01 23:50:24');
INSERT INTO `online_admission_fields` (`id`, `name`, `status`, `created_at`) VALUES (7, 'admission_date', 0, '2021-06-01 23:48:35');
INSERT INTO `online_admission_fields` (`id`, `name`, `status`, `created_at`) VALUES (8, 'student_photo', 1, '2024-01-19 02:28:33');
INSERT INTO `online_admission_fields` (`id`, `name`, `status`, `created_at`) VALUES (9, 'is_student_house', 0, '2021-05-29 08:22:53');
INSERT INTO `online_admission_fields` (`id`, `name`, `status`, `created_at`) VALUES (10, 'is_blood_group', 0, '2021-06-01 23:48:35');
INSERT INTO `online_admission_fields` (`id`, `name`, `status`, `created_at`) VALUES (11, 'student_height', 0, '2021-06-01 23:48:35');
INSERT INTO `online_admission_fields` (`id`, `name`, `status`, `created_at`) VALUES (12, 'student_weight', 0, '2021-06-01 23:48:35');
INSERT INTO `online_admission_fields` (`id`, `name`, `status`, `created_at`) VALUES (13, 'father_name', 0, '2021-06-01 23:48:35');
INSERT INTO `online_admission_fields` (`id`, `name`, `status`, `created_at`) VALUES (14, 'father_phone', 0, '2021-06-01 23:48:35');
INSERT INTO `online_admission_fields` (`id`, `name`, `status`, `created_at`) VALUES (15, 'father_occupation', 0, '2021-06-01 23:48:35');
INSERT INTO `online_admission_fields` (`id`, `name`, `status`, `created_at`) VALUES (16, 'father_pic', 0, '2021-06-01 23:48:35');
INSERT INTO `online_admission_fields` (`id`, `name`, `status`, `created_at`) VALUES (17, 'mother_name', 0, '2021-06-01 23:48:35');
INSERT INTO `online_admission_fields` (`id`, `name`, `status`, `created_at`) VALUES (18, 'mother_phone', 0, '2021-06-01 23:48:35');
INSERT INTO `online_admission_fields` (`id`, `name`, `status`, `created_at`) VALUES (19, 'mother_occupation', 0, '2021-06-01 23:48:35');
INSERT INTO `online_admission_fields` (`id`, `name`, `status`, `created_at`) VALUES (20, 'mother_pic', 0, '2021-06-01 23:48:35');
INSERT INTO `online_admission_fields` (`id`, `name`, `status`, `created_at`) VALUES (21, 'guardian_name', 0, '2024-01-31 05:54:02');
INSERT INTO `online_admission_fields` (`id`, `name`, `status`, `created_at`) VALUES (22, 'guardian_phone', 1, '2021-06-01 23:50:54');
INSERT INTO `online_admission_fields` (`id`, `name`, `status`, `created_at`) VALUES (23, 'if_guardian_is', 0, '2024-01-31 05:54:02');
INSERT INTO `online_admission_fields` (`id`, `name`, `status`, `created_at`) VALUES (24, 'guardian_relation', 0, '2024-01-31 05:54:07');
INSERT INTO `online_admission_fields` (`id`, `name`, `status`, `created_at`) VALUES (25, 'guardian_email', 1, '2021-06-01 23:51:35');
INSERT INTO `online_admission_fields` (`id`, `name`, `status`, `created_at`) VALUES (26, 'guardian_occupation', 0, '2024-01-31 05:54:21');
INSERT INTO `online_admission_fields` (`id`, `name`, `status`, `created_at`) VALUES (27, 'guardian_address', 1, '2021-06-01 23:51:31');
INSERT INTO `online_admission_fields` (`id`, `name`, `status`, `created_at`) VALUES (28, 'bank_account_no', 0, '2021-06-01 23:48:35');
INSERT INTO `online_admission_fields` (`id`, `name`, `status`, `created_at`) VALUES (29, 'bank_name', 0, '2021-06-01 23:48:35');
INSERT INTO `online_admission_fields` (`id`, `name`, `status`, `created_at`) VALUES (30, 'ifsc_code', 0, '2021-06-01 23:48:35');
INSERT INTO `online_admission_fields` (`id`, `name`, `status`, `created_at`) VALUES (31, 'national_identification_no', 1, '2024-01-03 07:02:36');
INSERT INTO `online_admission_fields` (`id`, `name`, `status`, `created_at`) VALUES (32, 'local_identification_no', 0, '2024-01-04 05:31:12');
INSERT INTO `online_admission_fields` (`id`, `name`, `status`, `created_at`) VALUES (33, 'rte', 0, '2024-01-04 05:52:21');
INSERT INTO `online_admission_fields` (`id`, `name`, `status`, `created_at`) VALUES (34, 'previous_school_details', 0, '2024-01-19 02:27:01');
INSERT INTO `online_admission_fields` (`id`, `name`, `status`, `created_at`) VALUES (35, 'guardian_photo', 0, '2024-01-03 07:01:49');
INSERT INTO `online_admission_fields` (`id`, `name`, `status`, `created_at`) VALUES (36, 'student_note', 0, '2024-01-04 01:13:38');
INSERT INTO `online_admission_fields` (`id`, `name`, `status`, `created_at`) VALUES (37, 'measurement_date', 0, '2021-06-01 23:48:35');
INSERT INTO `online_admission_fields` (`id`, `name`, `status`, `created_at`) VALUES (38, 'student_email', 1, '2021-06-01 23:49:38');
INSERT INTO `online_admission_fields` (`id`, `name`, `status`, `created_at`) VALUES (39, 'current_address', 0, '2021-06-01 23:48:35');
INSERT INTO `online_admission_fields` (`id`, `name`, `status`, `created_at`) VALUES (40, 'permanent_address', 0, '2021-06-01 23:48:35');
INSERT INTO `online_admission_fields` (`id`, `name`, `status`, `created_at`) VALUES (41, 'upload_documents', 1, '2024-01-04 05:31:22');
INSERT INTO `online_admission_fields` (`id`, `name`, `status`, `created_at`) VALUES (42, 'Programme', 0, '2023-12-07 01:44:27');
INSERT INTO `online_admission_fields` (`id`, `name`, `status`, `created_at`) VALUES (43, 'Course Of Study', 1, '2024-01-03 07:08:13');
INSERT INTO `online_admission_fields` (`id`, `name`, `status`, `created_at`) VALUES (44, 'jajajjaa', 0, '2024-01-03 07:25:38');
INSERT INTO `online_admission_fields` (`id`, `name`, `status`, `created_at`) VALUES (45, 'Course Of Study (First Choice )', 0, '2024-01-04 02:04:11');
INSERT INTO `online_admission_fields` (`id`, `name`, `status`, `created_at`) VALUES (46, 'Course Of Study (Second Choice)', 0, '2024-01-04 02:04:13');
INSERT INTO `online_admission_fields` (`id`, `name`, `status`, `created_at`) VALUES (47, 'Course Of Study (Third Choice )', 0, '2024-01-04 02:04:16');
INSERT INTO `online_admission_fields` (`id`, `name`, `status`, `created_at`) VALUES (48, 'Form Four Index Number ( Eg. S/P/EQXXX/XXXX/XXXX)', 0, '2024-01-04 02:04:19');
INSERT INTO `online_admission_fields` (`id`, `name`, `status`, `created_at`) VALUES (49, 'Year (Coplete Form 4)', 0, '2024-01-04 02:04:21');
INSERT INTO `online_admission_fields` (`id`, `name`, `status`, `created_at`) VALUES (50, 'Custom', 1, '2024-01-04 03:52:28');
INSERT INTO `online_admission_fields` (`id`, `name`, `status`, `created_at`) VALUES (51, 'Form four Index (eg. (S/P/EXXXX/XXXX/XXXX)', 1, '2024-01-04 05:31:28');
INSERT INTO `online_admission_fields` (`id`, `name`, `status`, `created_at`) VALUES (52, 'Graduated Year', 1, '2024-01-04 05:31:38');
INSERT INTO `online_admission_fields` (`id`, `name`, `status`, `created_at`) VALUES (53, 'Region', 1, '2024-01-04 05:31:41');
INSERT INTO `online_admission_fields` (`id`, `name`, `status`, `created_at`) VALUES (54, 'District', 1, '2024-01-04 05:31:43');
INSERT INTO `online_admission_fields` (`id`, `name`, `status`, `created_at`) VALUES (55, 'Country Of Residence', 1, '2024-01-04 05:31:46');
INSERT INTO `online_admission_fields` (`id`, `name`, `status`, `created_at`) VALUES (56, 'Course Of Study (First Choice)', 1, '2024-01-04 05:31:49');
INSERT INTO `online_admission_fields` (`id`, `name`, `status`, `created_at`) VALUES (57, 'Course of Study (Second Choice )', 1, '2024-01-04 05:31:58');
INSERT INTO `online_admission_fields` (`id`, `name`, `status`, `created_at`) VALUES (58, 'Course of Study (Third Choice)', 1, '2024-01-04 05:32:01');
INSERT INTO `online_admission_fields` (`id`, `name`, `status`, `created_at`) VALUES (59, 'Ad*  Source', 1, '2024-01-19 01:59:32');
INSERT INTO `online_admission_fields` (`id`, `name`, `status`, `created_at`) VALUES (60, 'If Ad Source is Student, Staff Or Other , Provide Info (Name , Phone Or Registration Number)', 1, '2024-01-19 01:59:34');
INSERT INTO `online_admission_fields` (`id`, `name`, `status`, `created_at`) VALUES (61, 'If Ad Source is Student, Staff Or Other , Provide Info Such as (Name , Phone Or Registration Number)', 1, '2024-01-19 02:01:32');
INSERT INTO `online_admission_fields` (`id`, `name`, `status`, `created_at`) VALUES (62, 'If Ad Source is Student, Staff Or Other , Provide Info Such as (Name , Phone Number Or Registration', 1, '2024-01-19 02:03:13');
INSERT INTO `online_admission_fields` (`id`, `name`, `status`, `created_at`) VALUES (63, 'Ad Source is Student, Staff Or Other , Provide Info Such as (Name , Phone Number Or Registration ) O', 1, '2024-01-19 02:09:00');
INSERT INTO `online_admission_fields` (`id`, `name`, `status`, `created_at`) VALUES (64, 'Ad Source is Student, Staff , Provide Info Such as (Name , Phone Number Or Registration ) Or Televis', 1, '2024-01-19 02:12:00');
INSERT INTO `online_admission_fields` (`id`, `name`, `status`, `created_at`) VALUES (65, 'Ad Source is Student, Staff , (Name , Phone Number Or Registration ) Or TV, Radio, Social Media Or O', 1, '2024-01-19 02:14:21');
INSERT INTO `online_admission_fields` (`id`, `name`, `status`, `created_at`) VALUES (66, 'Ad Source is Student, Staff , (Name , Phone#  Or Registration# ) Or TV, Radio, Social Media ,Others', 1, '2024-01-19 02:15:56');


#
# TABLE STRUCTURE FOR: online_admission_payment
#


CREATE TABLE `online_admission_payment` (
  `id` int(11) NOT NULL AUTO_INCREMENT,
  `online_admission_id` int(11) NOT NULL,
  `paid_amount` float(10,2) NOT NULL,
  `payment_mode` varchar(50) NOT NULL,
  `payment_type` varchar(100) NOT NULL,
  `transaction_id` varchar(100) NOT NULL,
  `note` varchar(100) NOT NULL,
  `date` datetime NOT NULL,
  PRIMARY KEY (`id`),
  KEY `online_admission_id` (`online_admission_id`),
  CONSTRAINT `online_admission_payment_ibfk_1` FOREIGN KEY (`online_admission_id`) REFERENCES `online_admissions` (`id`) ON DELETE CASCADE
) ENGINE=InnoDB DEFAULT CHARSET=utf8;

#
# TABLE STRUCTURE FOR: online_admissions
#


CREATE TABLE `online_admissions` (
  `id` int(11) NOT NULL AUTO_INCREMENT,
  `admission_no` varchar(100) DEFAULT NULL,
  `roll_no` varchar(100) DEFAULT NULL,
  `reference_no` varchar(50) NOT NULL,
  `admission_date` date DEFAULT NULL,
  `firstname` varchar(100) DEFAULT NULL,
  `middlename` varchar(255) NOT NULL,
  `lastname` varchar(100) DEFAULT NULL,
  `rte` varchar(20) NOT NULL DEFAULT 'No',
  `image` varchar(255) DEFAULT NULL,
  `mobileno` varchar(100) DEFAULT NULL,
  `email` varchar(100) DEFAULT NULL,
  `state` varchar(100) DEFAULT NULL,
  `city` varchar(100) DEFAULT NULL,
  `pincode` varchar(100) DEFAULT NULL,
  `religion` varchar(100) DEFAULT NULL,
  `cast` varchar(50) NOT NULL,
  `dob` date DEFAULT NULL,
  `gender` varchar(100) DEFAULT NULL,
  `current_address` text,
  `permanent_address` text,
  `category_id` int(11) DEFAULT NULL,
  `class_section_id` int(11) DEFAULT NULL,
  `route_id` int(11) NOT NULL,
  `school_house_id` int(11) DEFAULT NULL,
  `blood_group` varchar(200) NOT NULL,
  `vehroute_id` int(11) NOT NULL,
  `hostel_room_id` int(11) DEFAULT NULL,
  `adhar_no` varchar(100) DEFAULT NULL,
  `samagra_id` varchar(100) DEFAULT NULL,
  `bank_account_no` varchar(100) DEFAULT NULL,
  `bank_name` varchar(100) DEFAULT NULL,
  `ifsc_code` varchar(100) DEFAULT NULL,
  `guardian_is` varchar(100) NOT NULL,
  `father_name` varchar(100) DEFAULT NULL,
  `father_phone` varchar(100) DEFAULT NULL,
  `father_occupation` varchar(100) DEFAULT NULL,
  `mother_name` varchar(100) DEFAULT NULL,
  `mother_phone` varchar(100) DEFAULT NULL,
  `mother_occupation` varchar(100) DEFAULT NULL,
  `guardian_name` varchar(100) DEFAULT NULL,
  `guardian_relation` varchar(100) DEFAULT NULL,
  `guardian_phone` varchar(100) DEFAULT NULL,
  `guardian_occupation` varchar(150) NOT NULL,
  `guardian_address` text,
  `guardian_email` varchar(100) NOT NULL,
  `father_pic` varchar(255) NOT NULL,
  `mother_pic` varchar(255) NOT NULL,
  `guardian_pic` varchar(255) NOT NULL,
  `is_enroll` int(255) DEFAULT '0',
  `previous_school` text,
  `height` varchar(100) NOT NULL,
  `weight` varchar(100) NOT NULL,
  `note` text NOT NULL,
  `form_status` int(11) NOT NULL,
  `paid_status` int(11) NOT NULL,
  `measurement_date` date DEFAULT NULL,
  `app_key` text,
  `document` text,
  `submit_date` date DEFAULT NULL,
  `disable_at` date DEFAULT NULL,
  `created_at` timestamp NOT NULL DEFAULT CURRENT_TIMESTAMP ON UPDATE CURRENT_TIMESTAMP,
  `updated_at` date DEFAULT NULL,
  PRIMARY KEY (`id`),
  KEY `class_section_id` (`class_section_id`),
  KEY `category_id` (`category_id`),
  KEY `hostel_room_id` (`hostel_room_id`),
  KEY `school_house_id` (`school_house_id`),
  CONSTRAINT `online_admissions_ibfk_1` FOREIGN KEY (`class_section_id`) REFERENCES `class_sections` (`id`) ON DELETE CASCADE,
  CONSTRAINT `online_admissions_ibfk_2` FOREIGN KEY (`category_id`) REFERENCES `categories` (`id`) ON DELETE CASCADE,
  CONSTRAINT `online_admissions_ibfk_3` FOREIGN KEY (`hostel_room_id`) REFERENCES `hostel_rooms` (`id`) ON DELETE CASCADE,
  CONSTRAINT `online_admissions_ibfk_4` FOREIGN KEY (`school_house_id`) REFERENCES `school_houses` (`id`) ON DELETE CASCADE
) ENGINE=InnoDB DEFAULT CHARSET=utf8;

#
# TABLE STRUCTURE FOR: onlineexam
#


CREATE TABLE `onlineexam` (
  `id` int(11) NOT NULL AUTO_INCREMENT,
  `session_id` int(11) DEFAULT NULL,
  `exam` text,
  `attempt` int(11) NOT NULL,
  `exam_from` datetime DEFAULT NULL,
  `exam_to` datetime DEFAULT NULL,
  `is_quiz` int(11) NOT NULL DEFAULT '0',
  `auto_publish_date` datetime DEFAULT NULL,
  `time_from` time DEFAULT NULL,
  `time_to` time DEFAULT NULL,
  `duration` time NOT NULL,
  `passing_percentage` float NOT NULL DEFAULT '0',
  `description` text,
  `publish_result` int(11) NOT NULL DEFAULT '0',
  `answer_word_count` int(11) NOT NULL DEFAULT '-1',
  `is_active` varchar(1) DEFAULT '0',
  `is_marks_display` int(11) NOT NULL DEFAULT '0',
  `is_neg_marking` int(11) NOT NULL DEFAULT '0',
  `is_random_question` int(11) NOT NULL DEFAULT '0',
  `is_rank_generated` int(1) NOT NULL DEFAULT '0',
  `publish_exam_notification` int(1) NOT NULL,
  `publish_result_notification` int(1) NOT NULL,
  `created_at` timestamp NOT NULL DEFAULT CURRENT_TIMESTAMP ON UPDATE CURRENT_TIMESTAMP,
  `updated_at` date DEFAULT NULL,
  PRIMARY KEY (`id`),
  KEY `session_id` (`session_id`),
  CONSTRAINT `onlineexam_ibfk_1` FOREIGN KEY (`session_id`) REFERENCES `sessions` (`id`) ON DELETE CASCADE
) ENGINE=InnoDB DEFAULT CHARSET=utf8;

#
# TABLE STRUCTURE FOR: onlineexam_attempts
#


CREATE TABLE `onlineexam_attempts` (
  `id` int(11) NOT NULL AUTO_INCREMENT,
  `onlineexam_student_id` int(11) NOT NULL,
  `created_at` timestamp NOT NULL DEFAULT CURRENT_TIMESTAMP ON UPDATE CURRENT_TIMESTAMP,
  `updated_at` date DEFAULT NULL,
  PRIMARY KEY (`id`),
  KEY `onlineexam_student_id` (`onlineexam_student_id`),
  CONSTRAINT `onlineexam_attempts_ibfk_1` FOREIGN KEY (`onlineexam_student_id`) REFERENCES `onlineexam_students` (`id`) ON DELETE CASCADE
) ENGINE=InnoDB DEFAULT CHARSET=utf8;

#
# TABLE STRUCTURE FOR: onlineexam_questions
#


CREATE TABLE `onlineexam_questions` (
  `id` int(11) NOT NULL AUTO_INCREMENT,
  `question_id` int(11) DEFAULT NULL,
  `onlineexam_id` int(11) DEFAULT NULL,
  `session_id` int(11) DEFAULT NULL,
  `marks` float(10,2) NOT NULL DEFAULT '0.00',
  `neg_marks` float(10,2) DEFAULT '0.00',
  `is_active` varchar(1) DEFAULT '0',
  `created_at` timestamp NOT NULL DEFAULT CURRENT_TIMESTAMP ON UPDATE CURRENT_TIMESTAMP,
  `updated_at` date DEFAULT NULL,
  PRIMARY KEY (`id`),
  KEY `onlineexam_id` (`onlineexam_id`),
  KEY `question_id` (`question_id`),
  KEY `session_id` (`session_id`),
  CONSTRAINT `onlineexam_questions_ibfk_1` FOREIGN KEY (`onlineexam_id`) REFERENCES `onlineexam` (`id`) ON DELETE CASCADE,
  CONSTRAINT `onlineexam_questions_ibfk_2` FOREIGN KEY (`question_id`) REFERENCES `questions` (`id`) ON DELETE CASCADE,
  CONSTRAINT `onlineexam_questions_ibfk_3` FOREIGN KEY (`session_id`) REFERENCES `sessions` (`id`) ON DELETE CASCADE
) ENGINE=InnoDB DEFAULT CHARSET=utf8;

#
# TABLE STRUCTURE FOR: onlineexam_student_results
#


CREATE TABLE `onlineexam_student_results` (
  `id` int(11) NOT NULL AUTO_INCREMENT,
  `onlineexam_student_id` int(11) NOT NULL,
  `onlineexam_question_id` int(11) NOT NULL,
  `select_option` longtext,
  `marks` float(10,2) NOT NULL DEFAULT '0.00',
  `remark` text,
  `attachment_name` text,
  `attachment_upload_name` varchar(250) DEFAULT NULL,
  `created_at` timestamp NOT NULL DEFAULT CURRENT_TIMESTAMP ON UPDATE CURRENT_TIMESTAMP,
  `updated_at` date DEFAULT NULL,
  PRIMARY KEY (`id`),
  KEY `onlineexam_student_id` (`onlineexam_student_id`),
  KEY `onlineexam_question_id` (`onlineexam_question_id`),
  CONSTRAINT `onlineexam_student_results_ibfk_1` FOREIGN KEY (`onlineexam_student_id`) REFERENCES `onlineexam_students` (`id`) ON DELETE CASCADE,
  CONSTRAINT `onlineexam_student_results_ibfk_2` FOREIGN KEY (`onlineexam_question_id`) REFERENCES `onlineexam_questions` (`id`) ON DELETE CASCADE
) ENGINE=InnoDB DEFAULT CHARSET=utf8;

#
# TABLE STRUCTURE FOR: onlineexam_students
#


CREATE TABLE `onlineexam_students` (
  `id` int(11) NOT NULL AUTO_INCREMENT,
  `onlineexam_id` int(11) DEFAULT NULL,
  `student_session_id` int(11) DEFAULT NULL,
  `is_attempted` int(1) NOT NULL DEFAULT '0',
  `rank` int(1) DEFAULT '0',
  `quiz_attempted` int(11) NOT NULL DEFAULT '0',
  `created_at` timestamp NOT NULL DEFAULT CURRENT_TIMESTAMP ON UPDATE CURRENT_TIMESTAMP,
  `updated_at` date DEFAULT NULL,
  PRIMARY KEY (`id`),
  KEY `onlineexam_id` (`onlineexam_id`),
  KEY `student_session_id` (`student_session_id`),
  CONSTRAINT `onlineexam_students_ibfk_1` FOREIGN KEY (`onlineexam_id`) REFERENCES `onlineexam` (`id`) ON DELETE CASCADE,
  CONSTRAINT `onlineexam_students_ibfk_2` FOREIGN KEY (`student_session_id`) REFERENCES `student_session` (`id`) ON DELETE CASCADE
) ENGINE=InnoDB DEFAULT CHARSET=utf8;

#
# TABLE STRUCTURE FOR: payment_settings
#


CREATE TABLE `payment_settings` (
  `id` int(11) NOT NULL AUTO_INCREMENT,
  `payment_type` varchar(200) NOT NULL,
  `api_username` varchar(200) DEFAULT NULL,
  `api_secret_key` varchar(200) NOT NULL,
  `salt` varchar(200) NOT NULL,
  `api_publishable_key` varchar(200) NOT NULL,
  `api_password` varchar(200) DEFAULT NULL,
  `api_signature` varchar(200) DEFAULT NULL,
  `api_email` varchar(200) DEFAULT NULL,
  `paypal_demo` varchar(100) NOT NULL,
  `account_no` varchar(200) NOT NULL,
  `is_active` varchar(255) DEFAULT 'no',
  `gateway_mode` int(11) NOT NULL COMMENT '0 Testing, 1 live',
  `paytm_website` varchar(255) NOT NULL,
  `paytm_industrytype` varchar(255) NOT NULL,
  `created_at` timestamp NOT NULL DEFAULT CURRENT_TIMESTAMP ON UPDATE CURRENT_TIMESTAMP,
  `updated_at` date DEFAULT NULL,
  PRIMARY KEY (`id`)
) ENGINE=InnoDB DEFAULT CHARSET=utf8;

#
# TABLE STRUCTURE FOR: payslip_allowance
#


CREATE TABLE `payslip_allowance` (
  `id` int(11) NOT NULL AUTO_INCREMENT,
  `payslip_id` int(11) NOT NULL,
  `allowance_type` varchar(200) NOT NULL,
  `amount` float NOT NULL,
  `staff_id` int(11) NOT NULL,
  `cal_type` varchar(100) NOT NULL,
  PRIMARY KEY (`id`),
  KEY `staff_id` (`staff_id`),
  KEY `payslip_id` (`payslip_id`),
  CONSTRAINT `payslip_allowance_ibfk_1` FOREIGN KEY (`staff_id`) REFERENCES `staff` (`id`) ON DELETE CASCADE,
  CONSTRAINT `payslip_allowance_ibfk_2` FOREIGN KEY (`payslip_id`) REFERENCES `staff_payslip` (`id`) ON DELETE CASCADE
) ENGINE=InnoDB DEFAULT CHARSET=utf8;

#
# TABLE STRUCTURE FOR: permission_category
#


CREATE TABLE `permission_category` (
  `id` int(11) NOT NULL AUTO_INCREMENT,
  `perm_group_id` int(11) DEFAULT NULL,
  `name` varchar(100) DEFAULT NULL,
  `short_code` varchar(100) DEFAULT NULL,
  `enable_view` int(11) DEFAULT '0',
  `enable_add` int(11) DEFAULT '0',
  `enable_edit` int(11) DEFAULT '0',
  `enable_delete` int(11) DEFAULT '0',
  `created_at` timestamp NOT NULL DEFAULT CURRENT_TIMESTAMP ON UPDATE CURRENT_TIMESTAMP,
  PRIMARY KEY (`id`),
  KEY `idx_short_code` (`short_code`),
  KEY `perm_group_id` (`perm_group_id`),
  CONSTRAINT `permission_category_ibfk_1` FOREIGN KEY (`perm_group_id`) REFERENCES `permission_group` (`id`) ON DELETE CASCADE
) ENGINE=InnoDB AUTO_INCREMENT=274 DEFAULT CHARSET=utf8;

INSERT INTO `permission_category` (`id`, `perm_group_id`, `name`, `short_code`, `enable_view`, `enable_add`, `enable_edit`, `enable_delete`, `created_at`) VALUES (1, 1, 'Student', 'student', 1, 1, 1, 1, '2019-10-24 00:42:03');
INSERT INTO `permission_category` (`id`, `perm_group_id`, `name`, `short_code`, `enable_view`, `enable_add`, `enable_edit`, `enable_delete`, `created_at`) VALUES (2, 1, 'Import Student', 'import_student', 1, 0, 0, 0, '2018-06-22 05:17:19');
INSERT INTO `permission_category` (`id`, `perm_group_id`, `name`, `short_code`, `enable_view`, `enable_add`, `enable_edit`, `enable_delete`, `created_at`) VALUES (3, 1, 'Student Categories', 'student_categories', 1, 1, 1, 1, '2018-06-22 05:17:36');
INSERT INTO `permission_category` (`id`, `perm_group_id`, `name`, `short_code`, `enable_view`, `enable_add`, `enable_edit`, `enable_delete`, `created_at`) VALUES (4, 1, 'Student Houses', 'student_houses', 1, 1, 1, 1, '2018-06-22 05:17:53');
INSERT INTO `permission_category` (`id`, `perm_group_id`, `name`, `short_code`, `enable_view`, `enable_add`, `enable_edit`, `enable_delete`, `created_at`) VALUES (5, 2, 'Collect Fees', 'collect_fees', 1, 1, 0, 1, '2018-06-22 05:21:03');
INSERT INTO `permission_category` (`id`, `perm_group_id`, `name`, `short_code`, `enable_view`, `enable_add`, `enable_edit`, `enable_delete`, `created_at`) VALUES (6, 2, 'Fees Carry Forward', 'fees_carry_forward', 1, 0, 0, 0, '2018-06-26 19:18:15');
INSERT INTO `permission_category` (`id`, `perm_group_id`, `name`, `short_code`, `enable_view`, `enable_add`, `enable_edit`, `enable_delete`, `created_at`) VALUES (7, 2, 'Fees Master', 'fees_master', 1, 1, 1, 1, '2018-06-26 19:18:57');
INSERT INTO `permission_category` (`id`, `perm_group_id`, `name`, `short_code`, `enable_view`, `enable_add`, `enable_edit`, `enable_delete`, `created_at`) VALUES (8, 2, 'Fees Group', 'fees_group', 1, 1, 1, 1, '2018-06-22 05:21:46');
INSERT INTO `permission_category` (`id`, `perm_group_id`, `name`, `short_code`, `enable_view`, `enable_add`, `enable_edit`, `enable_delete`, `created_at`) VALUES (9, 3, 'Income', 'income', 1, 1, 1, 1, '2018-06-22 05:23:21');
INSERT INTO `permission_category` (`id`, `perm_group_id`, `name`, `short_code`, `enable_view`, `enable_add`, `enable_edit`, `enable_delete`, `created_at`) VALUES (10, 3, 'Income Head', 'income_head', 1, 1, 1, 1, '2018-06-22 05:22:44');
INSERT INTO `permission_category` (`id`, `perm_group_id`, `name`, `short_code`, `enable_view`, `enable_add`, `enable_edit`, `enable_delete`, `created_at`) VALUES (11, 3, 'Search Income', 'search_income', 1, 0, 0, 0, '2018-06-22 05:23:00');
INSERT INTO `permission_category` (`id`, `perm_group_id`, `name`, `short_code`, `enable_view`, `enable_add`, `enable_edit`, `enable_delete`, `created_at`) VALUES (12, 4, 'Expense', 'expense', 1, 1, 1, 1, '2018-06-22 05:24:06');
INSERT INTO `permission_category` (`id`, `perm_group_id`, `name`, `short_code`, `enable_view`, `enable_add`, `enable_edit`, `enable_delete`, `created_at`) VALUES (13, 4, 'Expense Head', 'expense_head', 1, 1, 1, 1, '2018-06-22 05:23:47');
INSERT INTO `permission_category` (`id`, `perm_group_id`, `name`, `short_code`, `enable_view`, `enable_add`, `enable_edit`, `enable_delete`, `created_at`) VALUES (14, 4, 'Search Expense', 'search_expense', 1, 0, 0, 0, '2018-06-22 05:24:13');
INSERT INTO `permission_category` (`id`, `perm_group_id`, `name`, `short_code`, `enable_view`, `enable_add`, `enable_edit`, `enable_delete`, `created_at`) VALUES (15, 5, 'Student / Period Attendance', 'student_attendance', 1, 1, 1, 0, '2019-11-28 19:19:05');
INSERT INTO `permission_category` (`id`, `perm_group_id`, `name`, `short_code`, `enable_view`, `enable_add`, `enable_edit`, `enable_delete`, `created_at`) VALUES (20, 6, 'Marks Grade', 'marks_grade', 1, 1, 1, 1, '2018-06-22 05:25:25');
INSERT INTO `permission_category` (`id`, `perm_group_id`, `name`, `short_code`, `enable_view`, `enable_add`, `enable_edit`, `enable_delete`, `created_at`) VALUES (21, 7, 'Class Timetable', 'class_timetable', 1, 0, 1, 0, '2019-11-23 21:05:17');
INSERT INTO `permission_category` (`id`, `perm_group_id`, `name`, `short_code`, `enable_view`, `enable_add`, `enable_edit`, `enable_delete`, `created_at`) VALUES (23, 7, 'Subject', 'subject', 1, 1, 1, 1, '2018-06-22 05:32:17');
INSERT INTO `permission_category` (`id`, `perm_group_id`, `name`, `short_code`, `enable_view`, `enable_add`, `enable_edit`, `enable_delete`, `created_at`) VALUES (24, 7, 'Class', 'class', 1, 1, 1, 1, '2018-06-22 05:32:35');
INSERT INTO `permission_category` (`id`, `perm_group_id`, `name`, `short_code`, `enable_view`, `enable_add`, `enable_edit`, `enable_delete`, `created_at`) VALUES (25, 7, 'Section', 'section', 1, 1, 1, 1, '2018-06-22 05:31:10');
INSERT INTO `permission_category` (`id`, `perm_group_id`, `name`, `short_code`, `enable_view`, `enable_add`, `enable_edit`, `enable_delete`, `created_at`) VALUES (26, 7, 'Promote Student', 'promote_student', 1, 0, 0, 0, '2018-06-22 05:32:47');
INSERT INTO `permission_category` (`id`, `perm_group_id`, `name`, `short_code`, `enable_view`, `enable_add`, `enable_edit`, `enable_delete`, `created_at`) VALUES (27, 8, 'Upload Content', 'upload_content', 1, 1, 0, 1, '2018-06-22 05:33:19');
INSERT INTO `permission_category` (`id`, `perm_group_id`, `name`, `short_code`, `enable_view`, `enable_add`, `enable_edit`, `enable_delete`, `created_at`) VALUES (28, 9, 'Books List', 'books', 1, 1, 1, 1, '2019-11-23 18:37:12');
INSERT INTO `permission_category` (`id`, `perm_group_id`, `name`, `short_code`, `enable_view`, `enable_add`, `enable_edit`, `enable_delete`, `created_at`) VALUES (29, 9, 'Issue Return', 'issue_return', 1, 0, 0, 0, '2019-11-23 18:37:18');
INSERT INTO `permission_category` (`id`, `perm_group_id`, `name`, `short_code`, `enable_view`, `enable_add`, `enable_edit`, `enable_delete`, `created_at`) VALUES (30, 9, 'Add Staff Member', 'add_staff_member', 1, 0, 0, 0, '2018-07-02 06:37:00');
INSERT INTO `permission_category` (`id`, `perm_group_id`, `name`, `short_code`, `enable_view`, `enable_add`, `enable_edit`, `enable_delete`, `created_at`) VALUES (31, 10, 'Issue Item', 'issue_item', 1, 1, 1, 1, '2019-11-29 00:39:27');
INSERT INTO `permission_category` (`id`, `perm_group_id`, `name`, `short_code`, `enable_view`, `enable_add`, `enable_edit`, `enable_delete`, `created_at`) VALUES (32, 10, 'Add Item Stock', 'item_stock', 1, 1, 1, 1, '2019-11-23 18:39:17');
INSERT INTO `permission_category` (`id`, `perm_group_id`, `name`, `short_code`, `enable_view`, `enable_add`, `enable_edit`, `enable_delete`, `created_at`) VALUES (33, 10, 'Add Item', 'item', 1, 1, 1, 1, '2019-11-23 18:39:39');
INSERT INTO `permission_category` (`id`, `perm_group_id`, `name`, `short_code`, `enable_view`, `enable_add`, `enable_edit`, `enable_delete`, `created_at`) VALUES (34, 10, 'Item Store', 'store', 1, 1, 1, 1, '2019-11-23 18:40:41');
INSERT INTO `permission_category` (`id`, `perm_group_id`, `name`, `short_code`, `enable_view`, `enable_add`, `enable_edit`, `enable_delete`, `created_at`) VALUES (35, 10, 'Item Supplier', 'supplier', 1, 1, 1, 1, '2019-11-23 18:40:49');
INSERT INTO `permission_category` (`id`, `perm_group_id`, `name`, `short_code`, `enable_view`, `enable_add`, `enable_edit`, `enable_delete`, `created_at`) VALUES (37, 11, 'Routes', 'routes', 1, 1, 1, 1, '2018-06-22 05:39:17');
INSERT INTO `permission_category` (`id`, `perm_group_id`, `name`, `short_code`, `enable_view`, `enable_add`, `enable_edit`, `enable_delete`, `created_at`) VALUES (38, 11, 'Vehicle', 'vehicle', 1, 1, 1, 1, '2018-06-22 05:39:36');
INSERT INTO `permission_category` (`id`, `perm_group_id`, `name`, `short_code`, `enable_view`, `enable_add`, `enable_edit`, `enable_delete`, `created_at`) VALUES (39, 11, 'Assign Vehicle', 'assign_vehicle', 1, 1, 1, 1, '2018-06-26 23:39:20');
INSERT INTO `permission_category` (`id`, `perm_group_id`, `name`, `short_code`, `enable_view`, `enable_add`, `enable_edit`, `enable_delete`, `created_at`) VALUES (40, 12, 'Hostel', 'hostel', 1, 1, 1, 1, '2018-06-22 05:40:49');
INSERT INTO `permission_category` (`id`, `perm_group_id`, `name`, `short_code`, `enable_view`, `enable_add`, `enable_edit`, `enable_delete`, `created_at`) VALUES (41, 12, 'Room Type', 'room_type', 1, 1, 1, 1, '2018-06-22 05:40:27');
INSERT INTO `permission_category` (`id`, `perm_group_id`, `name`, `short_code`, `enable_view`, `enable_add`, `enable_edit`, `enable_delete`, `created_at`) VALUES (42, 12, 'Hostel Rooms', 'hostel_rooms', 1, 1, 1, 1, '2018-06-25 01:23:03');
INSERT INTO `permission_category` (`id`, `perm_group_id`, `name`, `short_code`, `enable_view`, `enable_add`, `enable_edit`, `enable_delete`, `created_at`) VALUES (43, 13, 'Notice Board', 'notice_board', 1, 1, 1, 1, '2018-06-22 05:41:17');
INSERT INTO `permission_category` (`id`, `perm_group_id`, `name`, `short_code`, `enable_view`, `enable_add`, `enable_edit`, `enable_delete`, `created_at`) VALUES (44, 13, 'Email', 'email', 1, 0, 0, 0, '2019-11-25 23:20:37');
INSERT INTO `permission_category` (`id`, `perm_group_id`, `name`, `short_code`, `enable_view`, `enable_add`, `enable_edit`, `enable_delete`, `created_at`) VALUES (46, 13, 'Email / SMS Log', 'email_sms_log', 1, 0, 0, 0, '2018-06-22 05:41:23');
INSERT INTO `permission_category` (`id`, `perm_group_id`, `name`, `short_code`, `enable_view`, `enable_add`, `enable_edit`, `enable_delete`, `created_at`) VALUES (53, 15, 'Languages', 'languages', 0, 1, 0, 1, '2021-01-23 01:09:32');
INSERT INTO `permission_category` (`id`, `perm_group_id`, `name`, `short_code`, `enable_view`, `enable_add`, `enable_edit`, `enable_delete`, `created_at`) VALUES (54, 15, 'General Setting', 'general_setting', 1, 0, 1, 0, '2018-07-05 04:08:35');
INSERT INTO `permission_category` (`id`, `perm_group_id`, `name`, `short_code`, `enable_view`, `enable_add`, `enable_edit`, `enable_delete`, `created_at`) VALUES (55, 15, 'Session Setting', 'session_setting', 1, 1, 1, 1, '2018-06-22 05:44:15');
INSERT INTO `permission_category` (`id`, `perm_group_id`, `name`, `short_code`, `enable_view`, `enable_add`, `enable_edit`, `enable_delete`, `created_at`) VALUES (56, 15, 'Notification Setting', 'notification_setting', 1, 0, 1, 0, '2018-07-05 04:08:41');
INSERT INTO `permission_category` (`id`, `perm_group_id`, `name`, `short_code`, `enable_view`, `enable_add`, `enable_edit`, `enable_delete`, `created_at`) VALUES (57, 15, 'SMS Setting', 'sms_setting', 1, 0, 1, 0, '2018-07-05 04:08:47');
INSERT INTO `permission_category` (`id`, `perm_group_id`, `name`, `short_code`, `enable_view`, `enable_add`, `enable_edit`, `enable_delete`, `created_at`) VALUES (58, 15, 'Email Setting', 'email_setting', 1, 0, 1, 0, '2018-07-05 04:08:51');
INSERT INTO `permission_category` (`id`, `perm_group_id`, `name`, `short_code`, `enable_view`, `enable_add`, `enable_edit`, `enable_delete`, `created_at`) VALUES (59, 15, 'Front CMS Setting', 'front_cms_setting', 1, 0, 1, 0, '2018-07-05 04:08:55');
INSERT INTO `permission_category` (`id`, `perm_group_id`, `name`, `short_code`, `enable_view`, `enable_add`, `enable_edit`, `enable_delete`, `created_at`) VALUES (60, 15, 'Payment Methods', 'payment_methods', 1, 0, 1, 0, '2018-07-05 04:08:59');
INSERT INTO `permission_category` (`id`, `perm_group_id`, `name`, `short_code`, `enable_view`, `enable_add`, `enable_edit`, `enable_delete`, `created_at`) VALUES (61, 16, 'Menus', 'menus', 1, 1, 0, 1, '2018-07-08 22:50:06');
INSERT INTO `permission_category` (`id`, `perm_group_id`, `name`, `short_code`, `enable_view`, `enable_add`, `enable_edit`, `enable_delete`, `created_at`) VALUES (62, 16, 'Media Manager', 'media_manager', 1, 1, 0, 1, '2018-07-08 22:50:26');
INSERT INTO `permission_category` (`id`, `perm_group_id`, `name`, `short_code`, `enable_view`, `enable_add`, `enable_edit`, `enable_delete`, `created_at`) VALUES (63, 16, 'Banner Images', 'banner_images', 1, 1, 0, 1, '2018-06-22 05:46:02');
INSERT INTO `permission_category` (`id`, `perm_group_id`, `name`, `short_code`, `enable_view`, `enable_add`, `enable_edit`, `enable_delete`, `created_at`) VALUES (64, 16, 'Pages', 'pages', 1, 1, 1, 1, '2018-06-22 05:46:21');
INSERT INTO `permission_category` (`id`, `perm_group_id`, `name`, `short_code`, `enable_view`, `enable_add`, `enable_edit`, `enable_delete`, `created_at`) VALUES (65, 16, 'Gallery', 'gallery', 1, 1, 1, 1, '2018-06-22 05:47:02');
INSERT INTO `permission_category` (`id`, `perm_group_id`, `name`, `short_code`, `enable_view`, `enable_add`, `enable_edit`, `enable_delete`, `created_at`) VALUES (66, 16, 'Event', 'event', 1, 1, 1, 1, '2018-06-22 05:47:20');
INSERT INTO `permission_category` (`id`, `perm_group_id`, `name`, `short_code`, `enable_view`, `enable_add`, `enable_edit`, `enable_delete`, `created_at`) VALUES (67, 16, 'News', 'notice', 1, 1, 1, 1, '2018-07-03 03:39:34');
INSERT INTO `permission_category` (`id`, `perm_group_id`, `name`, `short_code`, `enable_view`, `enable_add`, `enable_edit`, `enable_delete`, `created_at`) VALUES (68, 2, 'Fees Group Assign', 'fees_group_assign', 1, 0, 0, 0, '2018-06-22 05:20:42');
INSERT INTO `permission_category` (`id`, `perm_group_id`, `name`, `short_code`, `enable_view`, `enable_add`, `enable_edit`, `enable_delete`, `created_at`) VALUES (69, 2, 'Fees Type', 'fees_type', 1, 1, 1, 1, '2018-06-22 05:19:34');
INSERT INTO `permission_category` (`id`, `perm_group_id`, `name`, `short_code`, `enable_view`, `enable_add`, `enable_edit`, `enable_delete`, `created_at`) VALUES (70, 2, 'Fees Discount', 'fees_discount', 1, 1, 1, 1, '2018-06-22 05:20:10');
INSERT INTO `permission_category` (`id`, `perm_group_id`, `name`, `short_code`, `enable_view`, `enable_add`, `enable_edit`, `enable_delete`, `created_at`) VALUES (71, 2, 'Fees Discount Assign', 'fees_discount_assign', 1, 0, 0, 0, '2018-06-22 05:20:17');
INSERT INTO `permission_category` (`id`, `perm_group_id`, `name`, `short_code`, `enable_view`, `enable_add`, `enable_edit`, `enable_delete`, `created_at`) VALUES (73, 2, 'Search Fees Payment', 'search_fees_payment', 1, 0, 0, 0, '2018-06-22 05:20:27');
INSERT INTO `permission_category` (`id`, `perm_group_id`, `name`, `short_code`, `enable_view`, `enable_add`, `enable_edit`, `enable_delete`, `created_at`) VALUES (74, 2, 'Search Due Fees', 'search_due_fees', 1, 0, 0, 0, '2018-06-22 05:20:35');
INSERT INTO `permission_category` (`id`, `perm_group_id`, `name`, `short_code`, `enable_view`, `enable_add`, `enable_edit`, `enable_delete`, `created_at`) VALUES (77, 7, 'Assign Class Teacher', 'assign_class_teacher', 1, 1, 1, 1, '2018-06-22 05:30:52');
INSERT INTO `permission_category` (`id`, `perm_group_id`, `name`, `short_code`, `enable_view`, `enable_add`, `enable_edit`, `enable_delete`, `created_at`) VALUES (78, 17, 'Admission Enquiry', 'admission_enquiry', 1, 1, 1, 1, '2018-06-22 05:51:24');
INSERT INTO `permission_category` (`id`, `perm_group_id`, `name`, `short_code`, `enable_view`, `enable_add`, `enable_edit`, `enable_delete`, `created_at`) VALUES (79, 17, 'Follow Up Admission Enquiry', 'follow_up_admission_enquiry', 1, 1, 0, 1, '2018-06-22 05:51:39');
INSERT INTO `permission_category` (`id`, `perm_group_id`, `name`, `short_code`, `enable_view`, `enable_add`, `enable_edit`, `enable_delete`, `created_at`) VALUES (80, 17, 'Visitor Book', 'visitor_book', 1, 1, 1, 1, '2018-06-22 05:48:58');
INSERT INTO `permission_category` (`id`, `perm_group_id`, `name`, `short_code`, `enable_view`, `enable_add`, `enable_edit`, `enable_delete`, `created_at`) VALUES (81, 17, 'Phone Call Log', 'phone_call_log', 1, 1, 1, 1, '2018-06-22 05:50:57');
INSERT INTO `permission_category` (`id`, `perm_group_id`, `name`, `short_code`, `enable_view`, `enable_add`, `enable_edit`, `enable_delete`, `created_at`) VALUES (82, 17, 'Postal Dispatch', 'postal_dispatch', 1, 1, 1, 1, '2018-06-22 05:50:21');
INSERT INTO `permission_category` (`id`, `perm_group_id`, `name`, `short_code`, `enable_view`, `enable_add`, `enable_edit`, `enable_delete`, `created_at`) VALUES (83, 17, 'Postal Receive', 'postal_receive', 1, 1, 1, 1, '2018-06-22 05:50:04');
INSERT INTO `permission_category` (`id`, `perm_group_id`, `name`, `short_code`, `enable_view`, `enable_add`, `enable_edit`, `enable_delete`, `created_at`) VALUES (84, 17, 'Complain', 'complaint', 1, 1, 1, 1, '2018-07-03 03:40:55');
INSERT INTO `permission_category` (`id`, `perm_group_id`, `name`, `short_code`, `enable_view`, `enable_add`, `enable_edit`, `enable_delete`, `created_at`) VALUES (85, 17, 'Setup Font Office', 'setup_font_office', 1, 1, 1, 1, '2018-06-22 05:49:24');
INSERT INTO `permission_category` (`id`, `perm_group_id`, `name`, `short_code`, `enable_view`, `enable_add`, `enable_edit`, `enable_delete`, `created_at`) VALUES (86, 18, 'Staff', 'staff', 1, 1, 1, 1, '2018-06-22 05:53:31');
INSERT INTO `permission_category` (`id`, `perm_group_id`, `name`, `short_code`, `enable_view`, `enable_add`, `enable_edit`, `enable_delete`, `created_at`) VALUES (87, 18, 'Disable Staff', 'disable_staff', 1, 0, 0, 0, '2018-06-22 05:53:12');
INSERT INTO `permission_category` (`id`, `perm_group_id`, `name`, `short_code`, `enable_view`, `enable_add`, `enable_edit`, `enable_delete`, `created_at`) VALUES (88, 18, 'Staff Attendance', 'staff_attendance', 1, 1, 1, 0, '2018-06-22 05:53:10');
INSERT INTO `permission_category` (`id`, `perm_group_id`, `name`, `short_code`, `enable_view`, `enable_add`, `enable_edit`, `enable_delete`, `created_at`) VALUES (90, 18, 'Staff Payroll', 'staff_payroll', 1, 1, 0, 1, '2018-06-22 05:52:51');
INSERT INTO `permission_category` (`id`, `perm_group_id`, `name`, `short_code`, `enable_view`, `enable_add`, `enable_edit`, `enable_delete`, `created_at`) VALUES (93, 19, 'Homework', 'homework', 1, 1, 1, 1, '2018-06-22 05:53:50');
INSERT INTO `permission_category` (`id`, `perm_group_id`, `name`, `short_code`, `enable_view`, `enable_add`, `enable_edit`, `enable_delete`, `created_at`) VALUES (94, 19, 'Homework Evaluation', 'homework_evaluation', 1, 1, 0, 0, '2018-06-26 22:07:21');
INSERT INTO `permission_category` (`id`, `perm_group_id`, `name`, `short_code`, `enable_view`, `enable_add`, `enable_edit`, `enable_delete`, `created_at`) VALUES (96, 20, 'Student Certificate', 'student_certificate', 1, 1, 1, 1, '2018-07-06 05:41:07');
INSERT INTO `permission_category` (`id`, `perm_group_id`, `name`, `short_code`, `enable_view`, `enable_add`, `enable_edit`, `enable_delete`, `created_at`) VALUES (97, 20, 'Generate Certificate', 'generate_certificate', 1, 0, 0, 0, '2018-07-06 05:37:16');
INSERT INTO `permission_category` (`id`, `perm_group_id`, `name`, `short_code`, `enable_view`, `enable_add`, `enable_edit`, `enable_delete`, `created_at`) VALUES (98, 20, 'Student ID Card', 'student_id_card', 1, 1, 1, 1, '2018-07-06 05:41:28');
INSERT INTO `permission_category` (`id`, `perm_group_id`, `name`, `short_code`, `enable_view`, `enable_add`, `enable_edit`, `enable_delete`, `created_at`) VALUES (99, 20, 'Generate ID Card', 'generate_id_card', 1, 0, 0, 0, '2018-07-06 05:41:49');
INSERT INTO `permission_category` (`id`, `perm_group_id`, `name`, `short_code`, `enable_view`, `enable_add`, `enable_edit`, `enable_delete`, `created_at`) VALUES (102, 21, 'Calendar To Do List', 'calendar_to_do_list', 1, 1, 1, 1, '2018-06-22 05:54:41');
INSERT INTO `permission_category` (`id`, `perm_group_id`, `name`, `short_code`, `enable_view`, `enable_add`, `enable_edit`, `enable_delete`, `created_at`) VALUES (104, 10, 'Item Category', 'item_category', 1, 1, 1, 1, '2018-06-22 05:34:33');
INSERT INTO `permission_category` (`id`, `perm_group_id`, `name`, `short_code`, `enable_view`, `enable_add`, `enable_edit`, `enable_delete`, `created_at`) VALUES (106, 22, 'Quick Session Change', 'quick_session_change', 1, 0, 0, 0, '2018-06-22 05:54:45');
INSERT INTO `permission_category` (`id`, `perm_group_id`, `name`, `short_code`, `enable_view`, `enable_add`, `enable_edit`, `enable_delete`, `created_at`) VALUES (107, 1, 'Disable Student', 'disable_student', 1, 0, 0, 0, '2018-06-25 01:21:34');
INSERT INTO `permission_category` (`id`, `perm_group_id`, `name`, `short_code`, `enable_view`, `enable_add`, `enable_edit`, `enable_delete`, `created_at`) VALUES (108, 18, ' Approve Leave Request', 'approve_leave_request', 1, 0, 1, 1, '2020-10-05 03:56:27');
INSERT INTO `permission_category` (`id`, `perm_group_id`, `name`, `short_code`, `enable_view`, `enable_add`, `enable_edit`, `enable_delete`, `created_at`) VALUES (109, 18, 'Apply Leave', 'apply_leave', 1, 1, 0, 0, '2019-11-28 17:47:46');
INSERT INTO `permission_category` (`id`, `perm_group_id`, `name`, `short_code`, `enable_view`, `enable_add`, `enable_edit`, `enable_delete`, `created_at`) VALUES (110, 18, 'Leave Types ', 'leave_types', 1, 1, 1, 1, '2018-07-02 05:17:56');
INSERT INTO `permission_category` (`id`, `perm_group_id`, `name`, `short_code`, `enable_view`, `enable_add`, `enable_edit`, `enable_delete`, `created_at`) VALUES (111, 18, 'Department', 'department', 1, 1, 1, 1, '2018-06-25 22:57:07');
INSERT INTO `permission_category` (`id`, `perm_group_id`, `name`, `short_code`, `enable_view`, `enable_add`, `enable_edit`, `enable_delete`, `created_at`) VALUES (112, 18, 'Designation', 'designation', 1, 1, 1, 1, '2018-06-25 22:57:07');
INSERT INTO `permission_category` (`id`, `perm_group_id`, `name`, `short_code`, `enable_view`, `enable_add`, `enable_edit`, `enable_delete`, `created_at`) VALUES (113, 22, 'Fees Collection And Expense Monthly Chart', 'fees_collection_and_expense_monthly_chart', 1, 0, 0, 0, '2018-07-03 02:08:15');
INSERT INTO `permission_category` (`id`, `perm_group_id`, `name`, `short_code`, `enable_view`, `enable_add`, `enable_edit`, `enable_delete`, `created_at`) VALUES (114, 22, 'Fees Collection And Expense Yearly Chart', 'fees_collection_and_expense_yearly_chart', 1, 0, 0, 0, '2018-07-03 02:08:15');
INSERT INTO `permission_category` (`id`, `perm_group_id`, `name`, `short_code`, `enable_view`, `enable_add`, `enable_edit`, `enable_delete`, `created_at`) VALUES (115, 22, 'Monthly Fees Collection Widget', 'Monthly fees_collection_widget', 1, 0, 0, 0, '2018-07-03 02:13:35');
INSERT INTO `permission_category` (`id`, `perm_group_id`, `name`, `short_code`, `enable_view`, `enable_add`, `enable_edit`, `enable_delete`, `created_at`) VALUES (116, 22, 'Monthly Expense Widget', 'monthly_expense_widget', 1, 0, 0, 0, '2018-07-03 02:13:35');
INSERT INTO `permission_category` (`id`, `perm_group_id`, `name`, `short_code`, `enable_view`, `enable_add`, `enable_edit`, `enable_delete`, `created_at`) VALUES (117, 22, 'Student Count Widget', 'student_count_widget', 1, 0, 0, 0, '2018-07-03 02:13:35');
INSERT INTO `permission_category` (`id`, `perm_group_id`, `name`, `short_code`, `enable_view`, `enable_add`, `enable_edit`, `enable_delete`, `created_at`) VALUES (118, 22, 'Staff Role Count Widget', 'staff_role_count_widget', 1, 0, 0, 0, '2018-07-03 02:13:35');
INSERT INTO `permission_category` (`id`, `perm_group_id`, `name`, `short_code`, `enable_view`, `enable_add`, `enable_edit`, `enable_delete`, `created_at`) VALUES (122, 5, 'Attendance By Date', 'attendance_by_date', 1, 0, 0, 0, '2018-07-03 03:42:29');
INSERT INTO `permission_category` (`id`, `perm_group_id`, `name`, `short_code`, `enable_view`, `enable_add`, `enable_edit`, `enable_delete`, `created_at`) VALUES (123, 9, 'Add Student', 'add_student', 1, 0, 0, 0, '2018-07-03 03:42:29');
INSERT INTO `permission_category` (`id`, `perm_group_id`, `name`, `short_code`, `enable_view`, `enable_add`, `enable_edit`, `enable_delete`, `created_at`) VALUES (126, 15, 'User Status', 'user_status', 1, 0, 0, 0, '2018-07-03 03:42:29');
INSERT INTO `permission_category` (`id`, `perm_group_id`, `name`, `short_code`, `enable_view`, `enable_add`, `enable_edit`, `enable_delete`, `created_at`) VALUES (127, 18, 'Can See Other Users Profile', 'can_see_other_users_profile', 1, 0, 0, 0, '2018-07-03 03:42:29');
INSERT INTO `permission_category` (`id`, `perm_group_id`, `name`, `short_code`, `enable_view`, `enable_add`, `enable_edit`, `enable_delete`, `created_at`) VALUES (128, 1, 'Student Timeline', 'student_timeline', 1, 1, 1, 1, '2022-12-28 03:52:24');
INSERT INTO `permission_category` (`id`, `perm_group_id`, `name`, `short_code`, `enable_view`, `enable_add`, `enable_edit`, `enable_delete`, `created_at`) VALUES (129, 18, 'Staff Timeline', 'staff_timeline', 1, 1, 1, 1, '2022-12-28 03:52:24');
INSERT INTO `permission_category` (`id`, `perm_group_id`, `name`, `short_code`, `enable_view`, `enable_add`, `enable_edit`, `enable_delete`, `created_at`) VALUES (130, 15, 'Backup', 'backup', 1, 1, 0, 1, '2018-07-08 23:17:17');
INSERT INTO `permission_category` (`id`, `perm_group_id`, `name`, `short_code`, `enable_view`, `enable_add`, `enable_edit`, `enable_delete`, `created_at`) VALUES (131, 15, 'Restore', 'restore', 1, 0, 0, 0, '2018-07-08 23:17:17');
INSERT INTO `permission_category` (`id`, `perm_group_id`, `name`, `short_code`, `enable_view`, `enable_add`, `enable_edit`, `enable_delete`, `created_at`) VALUES (134, 1, 'Disable Reason', 'disable_reason', 1, 1, 1, 1, '2019-11-27 00:39:21');
INSERT INTO `permission_category` (`id`, `perm_group_id`, `name`, `short_code`, `enable_view`, `enable_add`, `enable_edit`, `enable_delete`, `created_at`) VALUES (135, 2, 'Fees Reminder', 'fees_reminder', 1, 0, 1, 0, '2019-10-24 19:39:49');
INSERT INTO `permission_category` (`id`, `perm_group_id`, `name`, `short_code`, `enable_view`, `enable_add`, `enable_edit`, `enable_delete`, `created_at`) VALUES (136, 5, 'Approve Leave', 'approve_leave', 1, 1, 1, 1, '2022-12-28 03:52:24');
INSERT INTO `permission_category` (`id`, `perm_group_id`, `name`, `short_code`, `enable_view`, `enable_add`, `enable_edit`, `enable_delete`, `created_at`) VALUES (137, 6, 'Exam Group', 'exam_group', 1, 1, 1, 1, '2019-10-24 20:02:34');
INSERT INTO `permission_category` (`id`, `perm_group_id`, `name`, `short_code`, `enable_view`, `enable_add`, `enable_edit`, `enable_delete`, `created_at`) VALUES (141, 6, 'Design Admit Card', 'design_admit_card', 1, 1, 1, 1, '2019-10-24 20:06:59');
INSERT INTO `permission_category` (`id`, `perm_group_id`, `name`, `short_code`, `enable_view`, `enable_add`, `enable_edit`, `enable_delete`, `created_at`) VALUES (142, 6, 'Print Admit Card', 'print_admit_card', 1, 0, 0, 0, '2019-11-23 17:57:51');
INSERT INTO `permission_category` (`id`, `perm_group_id`, `name`, `short_code`, `enable_view`, `enable_add`, `enable_edit`, `enable_delete`, `created_at`) VALUES (143, 6, 'Design Marksheet', 'design_marksheet', 1, 1, 1, 1, '2019-10-24 20:10:25');
INSERT INTO `permission_category` (`id`, `perm_group_id`, `name`, `short_code`, `enable_view`, `enable_add`, `enable_edit`, `enable_delete`, `created_at`) VALUES (144, 6, 'Print Marksheet', 'print_marksheet', 1, 0, 0, 0, '2019-10-24 20:11:02');
INSERT INTO `permission_category` (`id`, `perm_group_id`, `name`, `short_code`, `enable_view`, `enable_add`, `enable_edit`, `enable_delete`, `created_at`) VALUES (145, 7, 'Teachers Timetable', 'teachers_time_table', 1, 0, 0, 0, '2019-11-29 20:52:21');
INSERT INTO `permission_category` (`id`, `perm_group_id`, `name`, `short_code`, `enable_view`, `enable_add`, `enable_edit`, `enable_delete`, `created_at`) VALUES (146, 14, 'Student Report', 'student_report', 1, 0, 0, 0, '2019-10-24 20:27:00');
INSERT INTO `permission_category` (`id`, `perm_group_id`, `name`, `short_code`, `enable_view`, `enable_add`, `enable_edit`, `enable_delete`, `created_at`) VALUES (147, 14, 'Guardian Report', 'guardian_report', 1, 0, 0, 0, '2019-10-24 20:30:27');
INSERT INTO `permission_category` (`id`, `perm_group_id`, `name`, `short_code`, `enable_view`, `enable_add`, `enable_edit`, `enable_delete`, `created_at`) VALUES (148, 14, 'Student History', 'student_history', 1, 0, 0, 0, '2019-10-24 20:39:07');
INSERT INTO `permission_category` (`id`, `perm_group_id`, `name`, `short_code`, `enable_view`, `enable_add`, `enable_edit`, `enable_delete`, `created_at`) VALUES (149, 14, 'Student Login Credential Report', 'student_login_credential_report', 1, 0, 0, 0, '2019-10-24 20:39:07');
INSERT INTO `permission_category` (`id`, `perm_group_id`, `name`, `short_code`, `enable_view`, `enable_add`, `enable_edit`, `enable_delete`, `created_at`) VALUES (150, 14, 'Class Subject Report', 'class_subject_report', 1, 0, 0, 0, '2019-10-24 20:39:07');
INSERT INTO `permission_category` (`id`, `perm_group_id`, `name`, `short_code`, `enable_view`, `enable_add`, `enable_edit`, `enable_delete`, `created_at`) VALUES (151, 14, 'Admission Report', 'admission_report', 1, 0, 0, 0, '2019-10-24 20:39:07');
INSERT INTO `permission_category` (`id`, `perm_group_id`, `name`, `short_code`, `enable_view`, `enable_add`, `enable_edit`, `enable_delete`, `created_at`) VALUES (152, 14, 'Sibling Report', 'sibling_report', 1, 0, 0, 0, '2019-10-24 20:39:07');
INSERT INTO `permission_category` (`id`, `perm_group_id`, `name`, `short_code`, `enable_view`, `enable_add`, `enable_edit`, `enable_delete`, `created_at`) VALUES (153, 14, 'Homework Evaluation Report', 'homehork_evaluation_report', 1, 0, 0, 0, '2019-11-23 19:04:24');
INSERT INTO `permission_category` (`id`, `perm_group_id`, `name`, `short_code`, `enable_view`, `enable_add`, `enable_edit`, `enable_delete`, `created_at`) VALUES (154, 14, 'Student Profile', 'student_profile', 1, 0, 0, 0, '2019-10-24 20:39:07');
INSERT INTO `permission_category` (`id`, `perm_group_id`, `name`, `short_code`, `enable_view`, `enable_add`, `enable_edit`, `enable_delete`, `created_at`) VALUES (155, 14, 'Fees Statement', 'fees_statement', 1, 0, 0, 0, '2019-10-24 20:55:52');
INSERT INTO `permission_category` (`id`, `perm_group_id`, `name`, `short_code`, `enable_view`, `enable_add`, `enable_edit`, `enable_delete`, `created_at`) VALUES (156, 14, 'Balance Fees Report', 'balance_fees_report', 1, 0, 0, 0, '2019-10-24 20:55:52');
INSERT INTO `permission_category` (`id`, `perm_group_id`, `name`, `short_code`, `enable_view`, `enable_add`, `enable_edit`, `enable_delete`, `created_at`) VALUES (157, 14, 'Fees Collection Report', 'fees_collection_report', 1, 0, 0, 0, '2019-10-24 20:55:52');
INSERT INTO `permission_category` (`id`, `perm_group_id`, `name`, `short_code`, `enable_view`, `enable_add`, `enable_edit`, `enable_delete`, `created_at`) VALUES (158, 14, 'Online Fees Collection Report', 'online_fees_collection_report', 1, 0, 0, 0, '2019-10-24 20:55:52');
INSERT INTO `permission_category` (`id`, `perm_group_id`, `name`, `short_code`, `enable_view`, `enable_add`, `enable_edit`, `enable_delete`, `created_at`) VALUES (159, 14, 'Income Report', 'income_report', 1, 0, 0, 0, '2019-10-24 20:55:52');
INSERT INTO `permission_category` (`id`, `perm_group_id`, `name`, `short_code`, `enable_view`, `enable_add`, `enable_edit`, `enable_delete`, `created_at`) VALUES (160, 14, 'Expense Report', 'expense_report', 1, 0, 0, 0, '2019-10-24 20:55:52');
INSERT INTO `permission_category` (`id`, `perm_group_id`, `name`, `short_code`, `enable_view`, `enable_add`, `enable_edit`, `enable_delete`, `created_at`) VALUES (161, 14, 'PayRoll Report', 'payroll_report', 1, 0, 0, 0, '2019-10-30 19:23:22');
INSERT INTO `permission_category` (`id`, `perm_group_id`, `name`, `short_code`, `enable_view`, `enable_add`, `enable_edit`, `enable_delete`, `created_at`) VALUES (162, 14, 'Income Group Report', 'income_group_report', 1, 0, 0, 0, '2019-10-24 20:55:52');
INSERT INTO `permission_category` (`id`, `perm_group_id`, `name`, `short_code`, `enable_view`, `enable_add`, `enable_edit`, `enable_delete`, `created_at`) VALUES (163, 14, 'Expense Group Report', 'expense_group_report', 1, 0, 0, 0, '2019-10-24 20:55:52');
INSERT INTO `permission_category` (`id`, `perm_group_id`, `name`, `short_code`, `enable_view`, `enable_add`, `enable_edit`, `enable_delete`, `created_at`) VALUES (164, 14, 'Attendance Report', 'attendance_report', 1, 0, 0, 0, '2019-10-24 21:08:06');
INSERT INTO `permission_category` (`id`, `perm_group_id`, `name`, `short_code`, `enable_view`, `enable_add`, `enable_edit`, `enable_delete`, `created_at`) VALUES (165, 14, 'Staff Attendance Report', 'staff_attendance_report', 1, 0, 0, 0, '2019-10-24 21:08:06');
INSERT INTO `permission_category` (`id`, `perm_group_id`, `name`, `short_code`, `enable_view`, `enable_add`, `enable_edit`, `enable_delete`, `created_at`) VALUES (174, 14, 'Transport Report', 'transport_report', 1, 0, 0, 0, '2019-10-24 21:13:56');
INSERT INTO `permission_category` (`id`, `perm_group_id`, `name`, `short_code`, `enable_view`, `enable_add`, `enable_edit`, `enable_delete`, `created_at`) VALUES (175, 14, 'Hostel Report', 'hostel_report', 1, 0, 0, 0, '2019-11-27 00:51:53');
INSERT INTO `permission_category` (`id`, `perm_group_id`, `name`, `short_code`, `enable_view`, `enable_add`, `enable_edit`, `enable_delete`, `created_at`) VALUES (176, 14, 'Audit Trail Report', 'audit_trail_report', 1, 0, 0, 0, '2019-10-24 21:16:39');
INSERT INTO `permission_category` (`id`, `perm_group_id`, `name`, `short_code`, `enable_view`, `enable_add`, `enable_edit`, `enable_delete`, `created_at`) VALUES (177, 14, 'User Log', 'user_log', 1, 0, 0, 0, '2019-10-24 21:19:27');
INSERT INTO `permission_category` (`id`, `perm_group_id`, `name`, `short_code`, `enable_view`, `enable_add`, `enable_edit`, `enable_delete`, `created_at`) VALUES (178, 14, 'Book Issue Report', 'book_issue_report', 1, 0, 0, 0, '2019-10-24 21:29:04');
INSERT INTO `permission_category` (`id`, `perm_group_id`, `name`, `short_code`, `enable_view`, `enable_add`, `enable_edit`, `enable_delete`, `created_at`) VALUES (179, 14, 'Book Due Report', 'book_due_report', 1, 0, 0, 0, '2019-10-24 21:29:04');
INSERT INTO `permission_category` (`id`, `perm_group_id`, `name`, `short_code`, `enable_view`, `enable_add`, `enable_edit`, `enable_delete`, `created_at`) VALUES (180, 14, 'Book Inventory Report', 'book_inventory_report', 1, 0, 0, 0, '2019-10-24 21:29:04');
INSERT INTO `permission_category` (`id`, `perm_group_id`, `name`, `short_code`, `enable_view`, `enable_add`, `enable_edit`, `enable_delete`, `created_at`) VALUES (181, 14, 'Stock Report', 'stock_report', 1, 0, 0, 0, '2019-10-24 21:31:28');
INSERT INTO `permission_category` (`id`, `perm_group_id`, `name`, `short_code`, `enable_view`, `enable_add`, `enable_edit`, `enable_delete`, `created_at`) VALUES (182, 14, 'Add Item Report', 'add_item_report', 1, 0, 0, 0, '2019-10-24 21:31:28');
INSERT INTO `permission_category` (`id`, `perm_group_id`, `name`, `short_code`, `enable_view`, `enable_add`, `enable_edit`, `enable_delete`, `created_at`) VALUES (183, 14, 'Issue Item Report', 'issue_item_report', 1, 0, 0, 0, '2019-11-28 21:48:06');
INSERT INTO `permission_category` (`id`, `perm_group_id`, `name`, `short_code`, `enable_view`, `enable_add`, `enable_edit`, `enable_delete`, `created_at`) VALUES (185, 23, 'Online Examination', 'online_examination', 1, 1, 1, 1, '2019-11-23 17:54:50');
INSERT INTO `permission_category` (`id`, `perm_group_id`, `name`, `short_code`, `enable_view`, `enable_add`, `enable_edit`, `enable_delete`, `created_at`) VALUES (186, 23, 'Question Bank', 'question_bank', 1, 1, 1, 1, '2019-11-23 17:55:18');
INSERT INTO `permission_category` (`id`, `perm_group_id`, `name`, `short_code`, `enable_view`, `enable_add`, `enable_edit`, `enable_delete`, `created_at`) VALUES (187, 6, 'Exam Result', 'exam_result', 1, 0, 0, 0, '2019-11-23 17:58:50');
INSERT INTO `permission_category` (`id`, `perm_group_id`, `name`, `short_code`, `enable_view`, `enable_add`, `enable_edit`, `enable_delete`, `created_at`) VALUES (188, 7, 'Subject Group', 'subject_group', 1, 1, 1, 1, '2019-11-23 18:34:32');
INSERT INTO `permission_category` (`id`, `perm_group_id`, `name`, `short_code`, `enable_view`, `enable_add`, `enable_edit`, `enable_delete`, `created_at`) VALUES (189, 18, 'Teachers Rating', 'teachers_rating', 1, 0, 1, 1, '2019-11-23 21:12:54');
INSERT INTO `permission_category` (`id`, `perm_group_id`, `name`, `short_code`, `enable_view`, `enable_add`, `enable_edit`, `enable_delete`, `created_at`) VALUES (190, 22, 'Fees Awaiting Payment Widegts', 'fees_awaiting_payment_widegts', 1, 0, 0, 0, '2019-11-23 18:52:51');
INSERT INTO `permission_category` (`id`, `perm_group_id`, `name`, `short_code`, `enable_view`, `enable_add`, `enable_edit`, `enable_delete`, `created_at`) VALUES (191, 22, 'Conveted Leads Widegts', 'conveted_leads_widegts', 1, 0, 0, 0, '2019-11-23 18:58:24');
INSERT INTO `permission_category` (`id`, `perm_group_id`, `name`, `short_code`, `enable_view`, `enable_add`, `enable_edit`, `enable_delete`, `created_at`) VALUES (192, 22, 'Fees Overview Widegts', 'fees_overview_widegts', 1, 0, 0, 0, '2019-11-23 18:57:41');
INSERT INTO `permission_category` (`id`, `perm_group_id`, `name`, `short_code`, `enable_view`, `enable_add`, `enable_edit`, `enable_delete`, `created_at`) VALUES (193, 22, 'Enquiry Overview Widegts', 'enquiry_overview_widegts', 1, 0, 0, 0, '2019-12-01 23:06:09');
INSERT INTO `permission_category` (`id`, `perm_group_id`, `name`, `short_code`, `enable_view`, `enable_add`, `enable_edit`, `enable_delete`, `created_at`) VALUES (194, 22, 'Library Overview Widegts', 'book_overview_widegts', 1, 0, 0, 0, '2019-11-30 19:13:04');
INSERT INTO `permission_category` (`id`, `perm_group_id`, `name`, `short_code`, `enable_view`, `enable_add`, `enable_edit`, `enable_delete`, `created_at`) VALUES (195, 22, 'Student Today Attendance Widegts', 'today_attendance_widegts', 1, 0, 0, 0, '2019-12-02 22:57:45');
INSERT INTO `permission_category` (`id`, `perm_group_id`, `name`, `short_code`, `enable_view`, `enable_add`, `enable_edit`, `enable_delete`, `created_at`) VALUES (196, 6, 'Marks Import', 'marks_import', 1, 0, 0, 0, '2019-11-23 19:02:11');
INSERT INTO `permission_category` (`id`, `perm_group_id`, `name`, `short_code`, `enable_view`, `enable_add`, `enable_edit`, `enable_delete`, `created_at`) VALUES (197, 14, 'Student Attendance Type Report', 'student_attendance_type_report', 1, 0, 0, 0, '2019-11-23 19:06:32');
INSERT INTO `permission_category` (`id`, `perm_group_id`, `name`, `short_code`, `enable_view`, `enable_add`, `enable_edit`, `enable_delete`, `created_at`) VALUES (198, 14, 'Exam Marks Report', 'exam_marks_report', 1, 0, 0, 0, '2019-11-23 19:11:15');
INSERT INTO `permission_category` (`id`, `perm_group_id`, `name`, `short_code`, `enable_view`, `enable_add`, `enable_edit`, `enable_delete`, `created_at`) VALUES (200, 14, 'Online Exam Wise Report', 'online_exam_wise_report', 1, 0, 0, 0, '2019-11-23 19:18:14');
INSERT INTO `permission_category` (`id`, `perm_group_id`, `name`, `short_code`, `enable_view`, `enable_add`, `enable_edit`, `enable_delete`, `created_at`) VALUES (201, 14, 'Online Exams Report', 'online_exams_report', 1, 0, 0, 0, '2019-11-28 20:48:05');
INSERT INTO `permission_category` (`id`, `perm_group_id`, `name`, `short_code`, `enable_view`, `enable_add`, `enable_edit`, `enable_delete`, `created_at`) VALUES (202, 14, 'Online Exams Attempt Report', 'online_exams_attempt_report', 1, 0, 0, 0, '2019-11-28 20:46:24');
INSERT INTO `permission_category` (`id`, `perm_group_id`, `name`, `short_code`, `enable_view`, `enable_add`, `enable_edit`, `enable_delete`, `created_at`) VALUES (203, 14, 'Online Exams Rank Report', 'online_exams_rank_report', 1, 0, 0, 0, '2019-11-23 19:22:25');
INSERT INTO `permission_category` (`id`, `perm_group_id`, `name`, `short_code`, `enable_view`, `enable_add`, `enable_edit`, `enable_delete`, `created_at`) VALUES (204, 14, 'Staff Report', 'staff_report', 1, 0, 0, 0, '2019-11-23 19:25:27');
INSERT INTO `permission_category` (`id`, `perm_group_id`, `name`, `short_code`, `enable_view`, `enable_add`, `enable_edit`, `enable_delete`, `created_at`) VALUES (205, 6, 'Exam', 'exam', 1, 1, 1, 1, '2019-11-23 22:55:48');
INSERT INTO `permission_category` (`id`, `perm_group_id`, `name`, `short_code`, `enable_view`, `enable_add`, `enable_edit`, `enable_delete`, `created_at`) VALUES (207, 6, 'Exam Publish', 'exam_publish', 1, 0, 0, 0, '2019-11-23 23:15:04');
INSERT INTO `permission_category` (`id`, `perm_group_id`, `name`, `short_code`, `enable_view`, `enable_add`, `enable_edit`, `enable_delete`, `created_at`) VALUES (208, 6, 'Link Exam', 'link_exam', 1, 0, 1, 0, '2019-11-23 23:15:04');
INSERT INTO `permission_category` (`id`, `perm_group_id`, `name`, `short_code`, `enable_view`, `enable_add`, `enable_edit`, `enable_delete`, `created_at`) VALUES (210, 6, 'Assign / View student', 'exam_assign_view_student', 1, 0, 1, 0, '2019-11-23 23:15:04');
INSERT INTO `permission_category` (`id`, `perm_group_id`, `name`, `short_code`, `enable_view`, `enable_add`, `enable_edit`, `enable_delete`, `created_at`) VALUES (211, 6, 'Exam Subject', 'exam_subject', 1, 0, 1, 0, '2019-11-23 23:15:04');
INSERT INTO `permission_category` (`id`, `perm_group_id`, `name`, `short_code`, `enable_view`, `enable_add`, `enable_edit`, `enable_delete`, `created_at`) VALUES (212, 6, 'Exam Marks', 'exam_marks', 1, 0, 1, 0, '2019-11-23 23:15:04');
INSERT INTO `permission_category` (`id`, `perm_group_id`, `name`, `short_code`, `enable_view`, `enable_add`, `enable_edit`, `enable_delete`, `created_at`) VALUES (213, 15, 'Language Switcher', 'language_switcher', 1, 0, 0, 0, '2019-11-23 23:17:11');
INSERT INTO `permission_category` (`id`, `perm_group_id`, `name`, `short_code`, `enable_view`, `enable_add`, `enable_edit`, `enable_delete`, `created_at`) VALUES (214, 23, 'Add Questions in Exam ', 'add_questions_in_exam', 1, 0, 1, 0, '2019-11-27 19:38:57');
INSERT INTO `permission_category` (`id`, `perm_group_id`, `name`, `short_code`, `enable_view`, `enable_add`, `enable_edit`, `enable_delete`, `created_at`) VALUES (215, 15, 'Custom Fields', 'custom_fields', 1, 0, 0, 0, '2019-11-28 22:08:35');
INSERT INTO `permission_category` (`id`, `perm_group_id`, `name`, `short_code`, `enable_view`, `enable_add`, `enable_edit`, `enable_delete`, `created_at`) VALUES (216, 15, 'System Fields', 'system_fields', 1, 0, 0, 0, '2019-11-24 18:15:01');
INSERT INTO `permission_category` (`id`, `perm_group_id`, `name`, `short_code`, `enable_view`, `enable_add`, `enable_edit`, `enable_delete`, `created_at`) VALUES (217, 13, 'SMS', 'sms', 1, 0, 0, 0, '2018-06-22 05:40:54');
INSERT INTO `permission_category` (`id`, `perm_group_id`, `name`, `short_code`, `enable_view`, `enable_add`, `enable_edit`, `enable_delete`, `created_at`) VALUES (219, 14, 'Student / Period Attendance Report', 'student_period_attendance_report', 1, 0, 0, 0, '2019-11-28 20:19:31');
INSERT INTO `permission_category` (`id`, `perm_group_id`, `name`, `short_code`, `enable_view`, `enable_add`, `enable_edit`, `enable_delete`, `created_at`) VALUES (220, 14, 'Biometric Attendance Log', 'biometric_attendance_log', 1, 0, 0, 0, '2019-11-26 23:59:16');
INSERT INTO `permission_category` (`id`, `perm_group_id`, `name`, `short_code`, `enable_view`, `enable_add`, `enable_edit`, `enable_delete`, `created_at`) VALUES (221, 14, 'Book Issue Return Report', 'book_issue_return_report', 1, 0, 0, 0, '2019-11-27 00:30:23');
INSERT INTO `permission_category` (`id`, `perm_group_id`, `name`, `short_code`, `enable_view`, `enable_add`, `enable_edit`, `enable_delete`, `created_at`) VALUES (222, 23, 'Assign / View Student', 'online_assign_view_student', 1, 0, 1, 0, '2019-11-27 22:20:22');
INSERT INTO `permission_category` (`id`, `perm_group_id`, `name`, `short_code`, `enable_view`, `enable_add`, `enable_edit`, `enable_delete`, `created_at`) VALUES (223, 14, 'Rank Report', 'rank_report', 1, 0, 0, 0, '2019-11-28 20:30:21');
INSERT INTO `permission_category` (`id`, `perm_group_id`, `name`, `short_code`, `enable_view`, `enable_add`, `enable_edit`, `enable_delete`, `created_at`) VALUES (224, 25, 'Chat', 'chat', 1, 0, 0, 0, '2019-11-28 22:10:28');
INSERT INTO `permission_category` (`id`, `perm_group_id`, `name`, `short_code`, `enable_view`, `enable_add`, `enable_edit`, `enable_delete`, `created_at`) VALUES (226, 22, 'Income Donut Graph', 'income_donut_graph', 1, 0, 0, 0, '2019-11-28 23:00:33');
INSERT INTO `permission_category` (`id`, `perm_group_id`, `name`, `short_code`, `enable_view`, `enable_add`, `enable_edit`, `enable_delete`, `created_at`) VALUES (227, 22, 'Expense Donut Graph', 'expense_donut_graph', 1, 0, 0, 0, '2019-11-28 23:01:10');
INSERT INTO `permission_category` (`id`, `perm_group_id`, `name`, `short_code`, `enable_view`, `enable_add`, `enable_edit`, `enable_delete`, `created_at`) VALUES (228, 9, 'Import Book', 'import_book', 1, 0, 0, 0, '2019-11-29 00:21:01');
INSERT INTO `permission_category` (`id`, `perm_group_id`, `name`, `short_code`, `enable_view`, `enable_add`, `enable_edit`, `enable_delete`, `created_at`) VALUES (229, 22, 'Staff Present Today Widegts', 'staff_present_today_widegts', 1, 0, 0, 0, '2019-11-29 00:48:00');
INSERT INTO `permission_category` (`id`, `perm_group_id`, `name`, `short_code`, `enable_view`, `enable_add`, `enable_edit`, `enable_delete`, `created_at`) VALUES (230, 22, 'Student Present Today Widegts', 'student_present_today_widegts', 1, 0, 0, 0, '2019-11-29 00:47:42');
INSERT INTO `permission_category` (`id`, `perm_group_id`, `name`, `short_code`, `enable_view`, `enable_add`, `enable_edit`, `enable_delete`, `created_at`) VALUES (231, 26, 'Multi Class Student', 'multi_class_student', 1, 1, 1, 1, '2020-10-05 03:56:27');
INSERT INTO `permission_category` (`id`, `perm_group_id`, `name`, `short_code`, `enable_view`, `enable_add`, `enable_edit`, `enable_delete`, `created_at`) VALUES (232, 27, 'Online Admission', 'online_admission', 1, 0, 1, 1, '2019-12-02 00:11:10');
INSERT INTO `permission_category` (`id`, `perm_group_id`, `name`, `short_code`, `enable_view`, `enable_add`, `enable_edit`, `enable_delete`, `created_at`) VALUES (233, 15, 'Print Header Footer', 'print_header_footer', 1, 0, 0, 0, '2020-02-11 20:02:02');
INSERT INTO `permission_category` (`id`, `perm_group_id`, `name`, `short_code`, `enable_view`, `enable_add`, `enable_edit`, `enable_delete`, `created_at`) VALUES (234, 28, 'Manage Alumni', 'manage_alumni', 1, 1, 1, 1, '2020-06-01 22:15:46');
INSERT INTO `permission_category` (`id`, `perm_group_id`, `name`, `short_code`, `enable_view`, `enable_add`, `enable_edit`, `enable_delete`, `created_at`) VALUES (235, 28, 'Events', 'events', 1, 1, 1, 1, '2020-05-28 16:48:52');
INSERT INTO `permission_category` (`id`, `perm_group_id`, `name`, `short_code`, `enable_view`, `enable_add`, `enable_edit`, `enable_delete`, `created_at`) VALUES (236, 29, 'Manage Lesson Plan', 'manage_lesson_plan', 1, 1, 1, 0, '2020-05-28 17:17:37');
INSERT INTO `permission_category` (`id`, `perm_group_id`, `name`, `short_code`, `enable_view`, `enable_add`, `enable_edit`, `enable_delete`, `created_at`) VALUES (237, 29, 'Manage Syllabus Status', 'manage_syllabus_status', 1, 0, 1, 0, '2020-05-28 17:20:11');
INSERT INTO `permission_category` (`id`, `perm_group_id`, `name`, `short_code`, `enable_view`, `enable_add`, `enable_edit`, `enable_delete`, `created_at`) VALUES (238, 29, 'Lesson', 'lesson', 1, 1, 1, 1, '2020-05-28 17:20:11');
INSERT INTO `permission_category` (`id`, `perm_group_id`, `name`, `short_code`, `enable_view`, `enable_add`, `enable_edit`, `enable_delete`, `created_at`) VALUES (239, 29, 'Topic', 'topic', 1, 1, 1, 1, '2020-05-28 17:20:11');
INSERT INTO `permission_category` (`id`, `perm_group_id`, `name`, `short_code`, `enable_view`, `enable_add`, `enable_edit`, `enable_delete`, `created_at`) VALUES (240, 14, 'Syllabus Status Report', 'syllabus_status_report', 1, 0, 0, 0, '2020-05-28 18:17:54');
INSERT INTO `permission_category` (`id`, `perm_group_id`, `name`, `short_code`, `enable_view`, `enable_add`, `enable_edit`, `enable_delete`, `created_at`) VALUES (241, 14, 'Teacher Syllabus Status Report', 'teacher_syllabus_status_report', 1, 0, 0, 0, '2020-05-28 18:17:54');
INSERT INTO `permission_category` (`id`, `perm_group_id`, `name`, `short_code`, `enable_view`, `enable_add`, `enable_edit`, `enable_delete`, `created_at`) VALUES (242, 14, 'Alumni Report', 'alumni_report', 1, 0, 0, 0, '2020-06-07 18:59:54');
INSERT INTO `permission_category` (`id`, `perm_group_id`, `name`, `short_code`, `enable_view`, `enable_add`, `enable_edit`, `enable_delete`, `created_at`) VALUES (243, 15, 'Student Profile Update', 'student_profile_update', 1, 0, 0, 0, '2020-08-21 00:36:33');
INSERT INTO `permission_category` (`id`, `perm_group_id`, `name`, `short_code`, `enable_view`, `enable_add`, `enable_edit`, `enable_delete`, `created_at`) VALUES (244, 14, 'Student Gender Ratio Report', 'student_gender_ratio_report', 1, 0, 0, 0, '2020-08-22 07:37:51');
INSERT INTO `permission_category` (`id`, `perm_group_id`, `name`, `short_code`, `enable_view`, `enable_add`, `enable_edit`, `enable_delete`, `created_at`) VALUES (245, 14, 'Student Teacher Ratio Report', 'student_teacher_ratio_report', 1, 0, 0, 0, '2020-08-22 07:42:27');
INSERT INTO `permission_category` (`id`, `perm_group_id`, `name`, `short_code`, `enable_view`, `enable_add`, `enable_edit`, `enable_delete`, `created_at`) VALUES (246, 14, 'Daily Attendance Report', 'daily_attendance_report', 1, 0, 0, 0, '2020-08-22 07:43:16');
INSERT INTO `permission_category` (`id`, `perm_group_id`, `name`, `short_code`, `enable_view`, `enable_add`, `enable_edit`, `enable_delete`, `created_at`) VALUES (247, 23, 'Import Question', 'import_question', 1, 0, 0, 0, '2019-11-23 12:25:18');
INSERT INTO `permission_category` (`id`, `perm_group_id`, `name`, `short_code`, `enable_view`, `enable_add`, `enable_edit`, `enable_delete`, `created_at`) VALUES (248, 20, 'Staff ID Card', 'staff_id_card', 1, 1, 1, 1, '2018-07-06 05:41:28');
INSERT INTO `permission_category` (`id`, `perm_group_id`, `name`, `short_code`, `enable_view`, `enable_add`, `enable_edit`, `enable_delete`, `created_at`) VALUES (249, 20, 'Generate Staff ID Card', 'generate_staff_id_card', 1, 0, 0, 0, '2018-07-06 05:41:49');
INSERT INTO `permission_category` (`id`, `perm_group_id`, `name`, `short_code`, `enable_view`, `enable_add`, `enable_edit`, `enable_delete`, `created_at`) VALUES (250, 19, 'Daily Assignment', 'daily_assignment', 1, 0, 0, 0, '2022-03-02 01:28:23');
INSERT INTO `permission_category` (`id`, `perm_group_id`, `name`, `short_code`, `enable_view`, `enable_add`, `enable_edit`, `enable_delete`, `created_at`) VALUES (251, 6, 'Marks Division', 'marks_division', 1, 1, 1, 1, '2022-07-01 10:24:16');
INSERT INTO `permission_category` (`id`, `perm_group_id`, `name`, `short_code`, `enable_view`, `enable_add`, `enable_edit`, `enable_delete`, `created_at`) VALUES (252, 13, 'Schedule Email SMS Log', 'schedule_email_sms_log', 1, 0, 1, 0, '2022-07-09 06:25:16');
INSERT INTO `permission_category` (`id`, `perm_group_id`, `name`, `short_code`, `enable_view`, `enable_add`, `enable_edit`, `enable_delete`, `created_at`) VALUES (253, 13, 'Login Credentials Send', 'login_credentials_send', 1, 0, 0, 0, '2022-07-01 10:46:10');
INSERT INTO `permission_category` (`id`, `perm_group_id`, `name`, `short_code`, `enable_view`, `enable_add`, `enable_edit`, `enable_delete`, `created_at`) VALUES (254, 13, 'Email Template', 'email_template', 1, 1, 1, 1, '2022-07-01 10:46:10');
INSERT INTO `permission_category` (`id`, `perm_group_id`, `name`, `short_code`, `enable_view`, `enable_add`, `enable_edit`, `enable_delete`, `created_at`) VALUES (255, 13, 'SMS Template', 'sms_template', 1, 1, 1, 1, '2022-07-01 10:46:10');
INSERT INTO `permission_category` (`id`, `perm_group_id`, `name`, `short_code`, `enable_view`, `enable_add`, `enable_edit`, `enable_delete`, `created_at`) VALUES (256, 14, 'Balance Fees Report With Remark', 'balance_fees_report_with_remark', 1, 0, 0, 0, '2019-10-24 20:55:52');
INSERT INTO `permission_category` (`id`, `perm_group_id`, `name`, `short_code`, `enable_view`, `enable_add`, `enable_edit`, `enable_delete`, `created_at`) VALUES (257, 14, 'Balance Fees Statement', 'balance_fees_statement', 1, 0, 0, 0, '2019-10-24 20:55:52');
INSERT INTO `permission_category` (`id`, `perm_group_id`, `name`, `short_code`, `enable_view`, `enable_add`, `enable_edit`, `enable_delete`, `created_at`) VALUES (258, 14, 'Daily Collection Report', 'daily_collection_report', 1, 0, 0, 0, '2019-10-24 20:55:52');
INSERT INTO `permission_category` (`id`, `perm_group_id`, `name`, `short_code`, `enable_view`, `enable_add`, `enable_edit`, `enable_delete`, `created_at`) VALUES (259, 11, 'Fees Master', 'transport_fees_master', 1, 0, 1, 0, '2022-07-05 04:29:19');
INSERT INTO `permission_category` (`id`, `perm_group_id`, `name`, `short_code`, `enable_view`, `enable_add`, `enable_edit`, `enable_delete`, `created_at`) VALUES (260, 11, 'Pickup Point', 'pickup_point', 1, 1, 1, 1, '2022-07-04 04:50:08');
INSERT INTO `permission_category` (`id`, `perm_group_id`, `name`, `short_code`, `enable_view`, `enable_add`, `enable_edit`, `enable_delete`, `created_at`) VALUES (261, 11, 'Route Pickup Point', 'route_pickup_point', 1, 1, 1, 1, '2022-07-04 04:50:08');
INSERT INTO `permission_category` (`id`, `perm_group_id`, `name`, `short_code`, `enable_view`, `enable_add`, `enable_edit`, `enable_delete`, `created_at`) VALUES (262, 11, 'Student Transport Fees', 'student_transport_fees', 1, 1, 1, 0, '2022-07-05 05:15:55');
INSERT INTO `permission_category` (`id`, `perm_group_id`, `name`, `short_code`, `enable_view`, `enable_add`, `enable_edit`, `enable_delete`, `created_at`) VALUES (263, 29, 'Comments', 'lesson_plan_comments', 1, 1, 0, 1, '2020-05-28 17:20:11');
INSERT INTO `permission_category` (`id`, `perm_group_id`, `name`, `short_code`, `enable_view`, `enable_add`, `enable_edit`, `enable_delete`, `created_at`) VALUES (264, 15, 'Sidebar Menu', 'sidebar_menu', 1, 0, 0, 0, '2022-07-11 07:01:17');
INSERT INTO `permission_category` (`id`, `perm_group_id`, `name`, `short_code`, `enable_view`, `enable_add`, `enable_edit`, `enable_delete`, `created_at`) VALUES (265, 15, 'Currency', 'currency', 1, 0, 0, 0, '2020-08-21 00:36:33');
INSERT INTO `permission_category` (`id`, `perm_group_id`, `name`, `short_code`, `enable_view`, `enable_add`, `enable_edit`, `enable_delete`, `created_at`) VALUES (266, 6, 'Exam Schedule', 'exam_schedule', 1, 0, 0, 0, '2019-11-23 17:58:50');
INSERT INTO `permission_category` (`id`, `perm_group_id`, `name`, `short_code`, `enable_view`, `enable_add`, `enable_edit`, `enable_delete`, `created_at`) VALUES (267, 6, 'Generate Rank', 'generate_rank', 1, 0, 0, 0, '2019-11-23 23:15:04');
INSERT INTO `permission_category` (`id`, `perm_group_id`, `name`, `short_code`, `enable_view`, `enable_add`, `enable_edit`, `enable_delete`, `created_at`) VALUES (268, 8, 'Content Type', 'content_type', 1, 1, 1, 1, '2022-07-08 00:18:54');
INSERT INTO `permission_category` (`id`, `perm_group_id`, `name`, `short_code`, `enable_view`, `enable_add`, `enable_edit`, `enable_delete`, `created_at`) VALUES (269, 8, 'Content Share List', 'content_share_list', 1, 0, 0, 1, '2022-07-08 00:18:58');
INSERT INTO `permission_category` (`id`, `perm_group_id`, `name`, `short_code`, `enable_view`, `enable_add`, `enable_edit`, `enable_delete`, `created_at`) VALUES (270, 8, 'Video Tutorial', 'video_tutorial', 1, 1, 1, 1, '2022-07-08 00:19:01');
INSERT INTO `permission_category` (`id`, `perm_group_id`, `name`, `short_code`, `enable_view`, `enable_add`, `enable_edit`, `enable_delete`, `created_at`) VALUES (271, 15, 'Currency Switcher', 'currency_switcher', 1, 0, 0, 0, '2019-11-23 23:17:11');
INSERT INTO `permission_category` (`id`, `perm_group_id`, `name`, `short_code`, `enable_view`, `enable_add`, `enable_edit`, `enable_delete`, `created_at`) VALUES (272, 2, 'Offline Bank Payments', 'offline_bank_payments', 1, 0, 0, 0, '2018-06-26 19:18:15');
INSERT INTO `permission_category` (`id`, `perm_group_id`, `name`, `short_code`, `enable_view`, `enable_add`, `enable_edit`, `enable_delete`, `created_at`) VALUES (273, 29, 'Copy Old Lessons', 'copy_old_lesson', 1, 0, 0, 0, '2020-05-28 17:20:11');


#
# TABLE STRUCTURE FOR: permission_group
#


CREATE TABLE `permission_group` (
  `id` int(11) NOT NULL AUTO_INCREMENT,
  `name` varchar(100) DEFAULT NULL,
  `short_code` varchar(100) NOT NULL,
  `is_active` int(11) DEFAULT '0',
  `system` int(11) NOT NULL,
  `created_at` timestamp NOT NULL DEFAULT CURRENT_TIMESTAMP ON UPDATE CURRENT_TIMESTAMP,
  PRIMARY KEY (`id`)
) ENGINE=InnoDB AUTO_INCREMENT=30 DEFAULT CHARSET=utf8;

INSERT INTO `permission_group` (`id`, `name`, `short_code`, `is_active`, `system`, `created_at`) VALUES (1, 'Student Information', 'student_information', 1, 1, '2019-03-15 04:30:22');
INSERT INTO `permission_group` (`id`, `name`, `short_code`, `is_active`, `system`, `created_at`) VALUES (2, 'Fees Collection', 'fees_collection', 1, 0, '2020-06-10 19:51:35');
INSERT INTO `permission_group` (`id`, `name`, `short_code`, `is_active`, `system`, `created_at`) VALUES (3, 'Income', 'income', 1, 0, '2020-05-31 20:57:39');
INSERT INTO `permission_group` (`id`, `name`, `short_code`, `is_active`, `system`, `created_at`) VALUES (4, 'Expense', 'expense', 1, 0, '2019-03-15 04:06:22');
INSERT INTO `permission_group` (`id`, `name`, `short_code`, `is_active`, `system`, `created_at`) VALUES (5, 'Student Attendance', 'student_attendance', 1, 0, '2018-07-02 02:48:08');
INSERT INTO `permission_group` (`id`, `name`, `short_code`, `is_active`, `system`, `created_at`) VALUES (6, 'Examination', 'examination', 1, 0, '2018-07-10 21:49:08');
INSERT INTO `permission_group` (`id`, `name`, `short_code`, `is_active`, `system`, `created_at`) VALUES (7, 'Academics', 'academics', 1, 1, '2018-07-02 02:25:43');
INSERT INTO `permission_group` (`id`, `name`, `short_code`, `is_active`, `system`, `created_at`) VALUES (8, 'Download Center', 'download_center', 1, 0, '2018-07-02 02:49:29');
INSERT INTO `permission_group` (`id`, `name`, `short_code`, `is_active`, `system`, `created_at`) VALUES (9, 'Library', 'library', 1, 0, '2018-06-28 06:13:14');
INSERT INTO `permission_group` (`id`, `name`, `short_code`, `is_active`, `system`, `created_at`) VALUES (10, 'Inventory', 'inventory', 1, 0, '2018-06-26 19:48:58');
INSERT INTO `permission_group` (`id`, `name`, `short_code`, `is_active`, `system`, `created_at`) VALUES (11, 'Transport', 'transport', 1, 0, '2018-06-27 02:51:26');
INSERT INTO `permission_group` (`id`, `name`, `short_code`, `is_active`, `system`, `created_at`) VALUES (12, 'Hostel', 'hostel', 1, 0, '2018-07-02 02:49:32');
INSERT INTO `permission_group` (`id`, `name`, `short_code`, `is_active`, `system`, `created_at`) VALUES (13, 'Communicate', 'communicate', 1, 0, '2018-07-02 02:50:00');
INSERT INTO `permission_group` (`id`, `name`, `short_code`, `is_active`, `system`, `created_at`) VALUES (14, 'Reports', 'reports', 1, 1, '2018-06-26 22:40:22');
INSERT INTO `permission_group` (`id`, `name`, `short_code`, `is_active`, `system`, `created_at`) VALUES (15, 'System Settings', 'system_settings', 1, 1, '2018-06-26 22:40:28');
INSERT INTO `permission_group` (`id`, `name`, `short_code`, `is_active`, `system`, `created_at`) VALUES (16, 'Front CMS', 'front_cms', 1, 0, '2018-07-10 00:16:54');
INSERT INTO `permission_group` (`id`, `name`, `short_code`, `is_active`, `system`, `created_at`) VALUES (17, 'Front Office', 'front_office', 1, 0, '2018-06-26 22:45:30');
INSERT INTO `permission_group` (`id`, `name`, `short_code`, `is_active`, `system`, `created_at`) VALUES (18, 'Human Resource', 'human_resource', 1, 1, '2018-06-26 22:41:02');
INSERT INTO `permission_group` (`id`, `name`, `short_code`, `is_active`, `system`, `created_at`) VALUES (19, 'Homework', 'homework', 1, 0, '2018-06-26 19:49:38');
INSERT INTO `permission_group` (`id`, `name`, `short_code`, `is_active`, `system`, `created_at`) VALUES (20, 'Certificate', 'certificate', 1, 0, '2018-06-27 02:51:29');
INSERT INTO `permission_group` (`id`, `name`, `short_code`, `is_active`, `system`, `created_at`) VALUES (21, 'Calendar To Do List', 'calendar_to_do_list', 1, 0, '2019-03-15 04:06:25');
INSERT INTO `permission_group` (`id`, `name`, `short_code`, `is_active`, `system`, `created_at`) VALUES (22, 'Dashboard and Widgets', 'dashboard_and_widgets', 1, 1, '2018-06-26 22:41:17');
INSERT INTO `permission_group` (`id`, `name`, `short_code`, `is_active`, `system`, `created_at`) VALUES (23, 'Online Examination', 'online_examination', 1, 0, '2020-05-31 21:25:36');
INSERT INTO `permission_group` (`id`, `name`, `short_code`, `is_active`, `system`, `created_at`) VALUES (25, 'Chat', 'chat', 1, 0, '2019-11-23 17:54:04');
INSERT INTO `permission_group` (`id`, `name`, `short_code`, `is_active`, `system`, `created_at`) VALUES (26, 'Multi Class', 'multi_class', 1, 0, '2019-11-27 06:14:14');
INSERT INTO `permission_group` (`id`, `name`, `short_code`, `is_active`, `system`, `created_at`) VALUES (27, 'Online Admission', 'online_admission', 1, 0, '2024-01-03 06:53:19');
INSERT INTO `permission_group` (`id`, `name`, `short_code`, `is_active`, `system`, `created_at`) VALUES (28, 'Alumni', 'alumni', 1, 0, '2020-05-28 19:26:38');
INSERT INTO `permission_group` (`id`, `name`, `short_code`, `is_active`, `system`, `created_at`) VALUES (29, 'Lesson Plan', 'lesson_plan', 1, 0, '2020-06-07 00:38:30');


#
# TABLE STRUCTURE FOR: permission_student
#


CREATE TABLE `permission_student` (
  `id` int(11) NOT NULL AUTO_INCREMENT,
  `name` varchar(100) DEFAULT NULL,
  `short_code` varchar(100) NOT NULL,
  `system` int(11) NOT NULL,
  `student` int(11) NOT NULL,
  `parent` int(11) NOT NULL,
  `group_id` int(11) DEFAULT NULL,
  `created_at` timestamp NOT NULL DEFAULT CURRENT_TIMESTAMP ON UPDATE CURRENT_TIMESTAMP,
  PRIMARY KEY (`id`),
  KEY `group_id` (`group_id`),
  CONSTRAINT `permission_student_ibfk_1` FOREIGN KEY (`group_id`) REFERENCES `permission_group` (`id`) ON DELETE CASCADE
) ENGINE=InnoDB AUTO_INCREMENT=26 DEFAULT CHARSET=utf8;

INSERT INTO `permission_student` (`id`, `name`, `short_code`, `system`, `student`, `parent`, `group_id`, `created_at`) VALUES (1, 'Fees', 'fees', 0, 1, 1, 2, '2020-06-10 19:51:35');
INSERT INTO `permission_student` (`id`, `name`, `short_code`, `system`, `student`, `parent`, `group_id`, `created_at`) VALUES (2, 'Class Timetable', 'class_timetable', 1, 1, 1, 7, '2020-05-30 14:57:50');
INSERT INTO `permission_student` (`id`, `name`, `short_code`, `system`, `student`, `parent`, `group_id`, `created_at`) VALUES (3, 'Homework', 'homework', 0, 1, 1, 19, '2020-05-31 21:49:14');
INSERT INTO `permission_student` (`id`, `name`, `short_code`, `system`, `student`, `parent`, `group_id`, `created_at`) VALUES (4, 'Download Center', 'download_center', 0, 1, 1, 8, '2020-05-31 21:52:49');
INSERT INTO `permission_student` (`id`, `name`, `short_code`, `system`, `student`, `parent`, `group_id`, `created_at`) VALUES (5, 'Attendance', 'attendance', 0, 1, 1, 5, '2020-05-31 21:57:18');
INSERT INTO `permission_student` (`id`, `name`, `short_code`, `system`, `student`, `parent`, `group_id`, `created_at`) VALUES (7, 'Examinations', 'examinations', 0, 1, 1, 6, '2024-03-16 04:11:42');
INSERT INTO `permission_student` (`id`, `name`, `short_code`, `system`, `student`, `parent`, `group_id`, `created_at`) VALUES (8, 'Notice Board', 'notice_board', 0, 1, 1, 13, '2020-05-31 22:00:35');
INSERT INTO `permission_student` (`id`, `name`, `short_code`, `system`, `student`, `parent`, `group_id`, `created_at`) VALUES (11, 'Library', 'library', 0, 1, 1, 9, '2020-05-31 22:02:37');
INSERT INTO `permission_student` (`id`, `name`, `short_code`, `system`, `student`, `parent`, `group_id`, `created_at`) VALUES (12, 'Transport Routes', 'transport_routes', 0, 1, 1, 11, '2020-05-31 22:51:30');
INSERT INTO `permission_student` (`id`, `name`, `short_code`, `system`, `student`, `parent`, `group_id`, `created_at`) VALUES (13, 'Hostel Rooms', 'hostel_rooms', 0, 1, 1, 12, '2020-05-31 22:52:27');
INSERT INTO `permission_student` (`id`, `name`, `short_code`, `system`, `student`, `parent`, `group_id`, `created_at`) VALUES (14, 'Calendar To Do List', 'calendar_to_do_list', 0, 1, 1, 21, '2020-05-31 22:53:18');
INSERT INTO `permission_student` (`id`, `name`, `short_code`, `system`, `student`, `parent`, `group_id`, `created_at`) VALUES (15, 'Online Examination', 'online_examination', 0, 1, 1, 23, '2020-06-11 00:20:01');
INSERT INTO `permission_student` (`id`, `name`, `short_code`, `system`, `student`, `parent`, `group_id`, `created_at`) VALUES (16, 'Teachers Rating', 'teachers_rating', 0, 1, 1, NULL, '2022-12-28 03:52:28');
INSERT INTO `permission_student` (`id`, `name`, `short_code`, `system`, `student`, `parent`, `group_id`, `created_at`) VALUES (17, 'Chat', 'chat', 0, 1, 1, 25, '2020-05-31 23:53:06');
INSERT INTO `permission_student` (`id`, `name`, `short_code`, `system`, `student`, `parent`, `group_id`, `created_at`) VALUES (18, 'Multi Class', 'multi_class', 1, 1, 1, 26, '2020-05-30 14:56:52');
INSERT INTO `permission_student` (`id`, `name`, `short_code`, `system`, `student`, `parent`, `group_id`, `created_at`) VALUES (19, 'Lesson Plan', 'lesson_plan', 0, 1, 1, 29, '2020-06-07 00:38:30');
INSERT INTO `permission_student` (`id`, `name`, `short_code`, `system`, `student`, `parent`, `group_id`, `created_at`) VALUES (20, 'Syllabus Status', 'syllabus_status', 0, 1, 1, 29, '2020-06-07 00:38:30');
INSERT INTO `permission_student` (`id`, `name`, `short_code`, `system`, `student`, `parent`, `group_id`, `created_at`) VALUES (23, 'Apply Leave', 'apply_leave', 0, 1, 1, NULL, '2022-12-28 03:52:28');
INSERT INTO `permission_student` (`id`, `name`, `short_code`, `system`, `student`, `parent`, `group_id`, `created_at`) VALUES (24, 'Visitor Book', 'visitor_book', 0, 1, 1, NULL, '2022-10-10 06:45:18');
INSERT INTO `permission_student` (`id`, `name`, `short_code`, `system`, `student`, `parent`, `group_id`, `created_at`) VALUES (25, 'Student Timeline', 'student_timeline', 0, 1, 1, NULL, '2022-10-10 23:50:29');


#
# TABLE STRUCTURE FOR: pickup_point
#


CREATE TABLE `pickup_point` (
  `id` int(11) NOT NULL AUTO_INCREMENT,
  `name` varchar(255) NOT NULL,
  `latitude` varchar(100) DEFAULT NULL,
  `longitude` varchar(100) DEFAULT NULL,
  `created_at` timestamp NOT NULL DEFAULT CURRENT_TIMESTAMP ON UPDATE CURRENT_TIMESTAMP,
  PRIMARY KEY (`id`)
) ENGINE=InnoDB DEFAULT CHARSET=utf8;

#
# TABLE STRUCTURE FOR: print_headerfooter
#


CREATE TABLE `print_headerfooter` (
  `id` int(11) NOT NULL AUTO_INCREMENT,
  `print_type` varchar(255) NOT NULL,
  `header_image` varchar(255) NOT NULL,
  `footer_content` text NOT NULL,
  `created_by` int(11) NOT NULL,
  `entry_date` timestamp NOT NULL DEFAULT CURRENT_TIMESTAMP ON UPDATE CURRENT_TIMESTAMP,
  `created_at` timestamp NOT NULL DEFAULT CURRENT_TIMESTAMP,
  PRIMARY KEY (`id`)
) ENGINE=InnoDB AUTO_INCREMENT=5 DEFAULT CHARSET=utf8;

INSERT INTO `print_headerfooter` (`id`, `print_type`, `header_image`, `footer_content`, `created_by`, `entry_date`, `created_at`) VALUES (1, 'staff_payslip', 'header_image.jpg', 'This payslip is computer generated hence no signature is required.', 1, '2020-02-28 09:41:08', '2022-12-28 03:52:24');
INSERT INTO `print_headerfooter` (`id`, `print_type`, `header_image`, `footer_content`, `created_by`, `entry_date`, `created_at`) VALUES (2, 'student_receipt', 'header_image.jpg', 'This receipt is computer generated hence no signature is required.', 1, '2020-02-28 09:40:58', '2022-12-28 03:52:24');
INSERT INTO `print_headerfooter` (`id`, `print_type`, `header_image`, `footer_content`, `created_by`, `entry_date`, `created_at`) VALUES (3, 'online_admission_receipt', 'header_image.jpg', 'This receipt is for online admission  computer ffffffff generated hence no signature is required.', 1, '2021-05-27 07:50:24', '2022-12-28 03:52:24');
INSERT INTO `print_headerfooter` (`id`, `print_type`, `header_image`, `footer_content`, `created_by`, `entry_date`, `created_at`) VALUES (4, 'online_exam', '1655913577-198504634062b33c698fde1!online-exam.jpg', 'This receipt is for online exam computer  generated hence no signature is required.', 1, '2022-08-30 07:58:46', '2022-09-08 12:28:34');


#
# TABLE STRUCTURE FOR: questions
#


CREATE TABLE `questions` (
  `id` int(11) NOT NULL AUTO_INCREMENT,
  `staff_id` int(11) DEFAULT NULL,
  `subject_id` int(11) DEFAULT NULL,
  `question_type` varchar(100) NOT NULL,
  `level` varchar(10) NOT NULL,
  `class_id` int(11) NOT NULL,
  `section_id` int(11) DEFAULT NULL,
  `class_section_id` int(11) DEFAULT NULL,
  `question` text,
  `opt_a` text,
  `opt_b` text,
  `opt_c` text,
  `opt_d` text,
  `opt_e` text,
  `correct` text,
  `descriptive_word_limit` int(11) NOT NULL,
  `created_at` timestamp NOT NULL DEFAULT CURRENT_TIMESTAMP ON UPDATE CURRENT_TIMESTAMP,
  `updated_at` date DEFAULT NULL,
  PRIMARY KEY (`id`),
  KEY `subject_id` (`subject_id`),
  KEY `staff_id` (`staff_id`),
  KEY `class_id` (`class_id`),
  KEY `section_id` (`section_id`),
  KEY `class_section_id` (`class_section_id`),
  CONSTRAINT `questions_ibfk_1` FOREIGN KEY (`subject_id`) REFERENCES `subjects` (`id`) ON DELETE CASCADE,
  CONSTRAINT `questions_ibfk_2` FOREIGN KEY (`staff_id`) REFERENCES `staff` (`id`) ON DELETE CASCADE,
  CONSTRAINT `questions_ibfk_3` FOREIGN KEY (`subject_id`) REFERENCES `subjects` (`id`) ON DELETE CASCADE,
  CONSTRAINT `questions_ibfk_4` FOREIGN KEY (`class_id`) REFERENCES `classes` (`id`) ON DELETE CASCADE,
  CONSTRAINT `questions_ibfk_5` FOREIGN KEY (`section_id`) REFERENCES `sections` (`id`) ON DELETE CASCADE,
  CONSTRAINT `questions_ibfk_6` FOREIGN KEY (`class_section_id`) REFERENCES `class_sections` (`id`) ON DELETE CASCADE
) ENGINE=InnoDB DEFAULT CHARSET=utf8;

#
# TABLE STRUCTURE FOR: read_notification
#


CREATE TABLE `read_notification` (
  `id` int(11) NOT NULL AUTO_INCREMENT,
  `student_id` int(11) DEFAULT NULL,
  `parent_id` int(10) DEFAULT NULL,
  `staff_id` int(11) DEFAULT NULL,
  `notification_id` int(11) DEFAULT NULL,
  `is_active` varchar(255) DEFAULT 'no',
  `created_at` timestamp NOT NULL DEFAULT CURRENT_TIMESTAMP ON UPDATE CURRENT_TIMESTAMP,
  `updated_at` date DEFAULT NULL,
  PRIMARY KEY (`id`),
  KEY `notification_id` (`notification_id`),
  KEY `staff_id` (`staff_id`),
  KEY `student_id` (`student_id`),
  CONSTRAINT `read_notification_ibfk_1` FOREIGN KEY (`notification_id`) REFERENCES `send_notification` (`id`) ON DELETE CASCADE,
  CONSTRAINT `read_notification_ibfk_2` FOREIGN KEY (`staff_id`) REFERENCES `staff` (`id`) ON DELETE CASCADE,
  CONSTRAINT `read_notification_ibfk_3` FOREIGN KEY (`student_id`) REFERENCES `students` (`id`) ON DELETE CASCADE
) ENGINE=InnoDB AUTO_INCREMENT=110 DEFAULT CHARSET=utf8;

INSERT INTO `read_notification` (`id`, `student_id`, `parent_id`, `staff_id`, `notification_id`, `is_active`, `created_at`, `updated_at`) VALUES (1, 771, NULL, NULL, 1, 'no', '2025-09-16 11:44:13', NULL);
INSERT INTO `read_notification` (`id`, `student_id`, `parent_id`, `staff_id`, `notification_id`, `is_active`, `created_at`, `updated_at`) VALUES (2, 462, NULL, NULL, 1, 'no', '2025-09-16 11:47:56', NULL);
INSERT INTO `read_notification` (`id`, `student_id`, `parent_id`, `staff_id`, `notification_id`, `is_active`, `created_at`, `updated_at`) VALUES (3, 569, NULL, NULL, 1, 'no', '2025-09-16 11:55:23', NULL);
INSERT INTO `read_notification` (`id`, `student_id`, `parent_id`, `staff_id`, `notification_id`, `is_active`, `created_at`, `updated_at`) VALUES (4, 584, NULL, NULL, 1, 'no', '2025-09-16 12:00:00', NULL);
INSERT INTO `read_notification` (`id`, `student_id`, `parent_id`, `staff_id`, `notification_id`, `is_active`, `created_at`, `updated_at`) VALUES (5, 612, NULL, NULL, 1, 'no', '2025-09-16 12:00:58', NULL);
INSERT INTO `read_notification` (`id`, `student_id`, `parent_id`, `staff_id`, `notification_id`, `is_active`, `created_at`, `updated_at`) VALUES (6, 296, NULL, NULL, 1, 'no', '2025-09-16 12:01:14', NULL);
INSERT INTO `read_notification` (`id`, `student_id`, `parent_id`, `staff_id`, `notification_id`, `is_active`, `created_at`, `updated_at`) VALUES (7, 713, NULL, NULL, 1, 'no', '2025-09-16 12:01:35', NULL);
INSERT INTO `read_notification` (`id`, `student_id`, `parent_id`, `staff_id`, `notification_id`, `is_active`, `created_at`, `updated_at`) VALUES (8, 780, NULL, NULL, 1, 'no', '2025-09-16 12:07:29', NULL);
INSERT INTO `read_notification` (`id`, `student_id`, `parent_id`, `staff_id`, `notification_id`, `is_active`, `created_at`, `updated_at`) VALUES (9, 619, NULL, NULL, 1, 'no', '2025-09-16 12:12:19', NULL);
INSERT INTO `read_notification` (`id`, `student_id`, `parent_id`, `staff_id`, `notification_id`, `is_active`, `created_at`, `updated_at`) VALUES (10, 604, NULL, NULL, 1, 'no', '2025-09-16 12:24:28', NULL);
INSERT INTO `read_notification` (`id`, `student_id`, `parent_id`, `staff_id`, `notification_id`, `is_active`, `created_at`, `updated_at`) VALUES (11, 466, NULL, NULL, 1, 'no', '2025-09-16 12:27:34', NULL);
INSERT INTO `read_notification` (`id`, `student_id`, `parent_id`, `staff_id`, `notification_id`, `is_active`, `created_at`, `updated_at`) VALUES (12, 707, NULL, NULL, 1, 'no', '2025-09-16 12:40:58', NULL);
INSERT INTO `read_notification` (`id`, `student_id`, `parent_id`, `staff_id`, `notification_id`, `is_active`, `created_at`, `updated_at`) VALUES (13, 618, NULL, NULL, 1, 'no', '2025-09-16 12:48:47', NULL);
INSERT INTO `read_notification` (`id`, `student_id`, `parent_id`, `staff_id`, `notification_id`, `is_active`, `created_at`, `updated_at`) VALUES (14, 785, NULL, NULL, 1, 'no', '2025-09-16 12:58:29', NULL);
INSERT INTO `read_notification` (`id`, `student_id`, `parent_id`, `staff_id`, `notification_id`, `is_active`, `created_at`, `updated_at`) VALUES (15, 452, NULL, NULL, 1, 'no', '2025-09-16 13:05:38', NULL);
INSERT INTO `read_notification` (`id`, `student_id`, `parent_id`, `staff_id`, `notification_id`, `is_active`, `created_at`, `updated_at`) VALUES (16, 600, NULL, NULL, 1, 'no', '2025-09-16 13:13:39', NULL);
INSERT INTO `read_notification` (`id`, `student_id`, `parent_id`, `staff_id`, `notification_id`, `is_active`, `created_at`, `updated_at`) VALUES (17, 463, NULL, NULL, 1, 'no', '2025-09-16 13:16:53', NULL);
INSERT INTO `read_notification` (`id`, `student_id`, `parent_id`, `staff_id`, `notification_id`, `is_active`, `created_at`, `updated_at`) VALUES (18, 724, NULL, NULL, 1, 'no', '2025-09-16 13:36:31', NULL);
INSERT INTO `read_notification` (`id`, `student_id`, `parent_id`, `staff_id`, `notification_id`, `is_active`, `created_at`, `updated_at`) VALUES (19, 505, NULL, NULL, 1, 'no', '2025-09-16 13:40:09', NULL);
INSERT INTO `read_notification` (`id`, `student_id`, `parent_id`, `staff_id`, `notification_id`, `is_active`, `created_at`, `updated_at`) VALUES (20, 474, NULL, NULL, 1, 'no', '2025-09-16 13:43:03', NULL);
INSERT INTO `read_notification` (`id`, `student_id`, `parent_id`, `staff_id`, `notification_id`, `is_active`, `created_at`, `updated_at`) VALUES (21, 459, NULL, NULL, 1, 'no', '2025-09-16 13:53:42', NULL);
INSERT INTO `read_notification` (`id`, `student_id`, `parent_id`, `staff_id`, `notification_id`, `is_active`, `created_at`, `updated_at`) VALUES (22, 667, NULL, NULL, 1, 'no', '2025-09-16 14:13:07', NULL);
INSERT INTO `read_notification` (`id`, `student_id`, `parent_id`, `staff_id`, `notification_id`, `is_active`, `created_at`, `updated_at`) VALUES (23, 668, NULL, NULL, 1, 'no', '2025-09-16 14:22:23', NULL);
INSERT INTO `read_notification` (`id`, `student_id`, `parent_id`, `staff_id`, `notification_id`, `is_active`, `created_at`, `updated_at`) VALUES (24, 461, NULL, NULL, 1, 'no', '2025-09-16 14:25:05', NULL);
INSERT INTO `read_notification` (`id`, `student_id`, `parent_id`, `staff_id`, `notification_id`, `is_active`, `created_at`, `updated_at`) VALUES (25, 682, NULL, NULL, 1, 'no', '2025-09-16 14:37:41', NULL);
INSERT INTO `read_notification` (`id`, `student_id`, `parent_id`, `staff_id`, `notification_id`, `is_active`, `created_at`, `updated_at`) VALUES (26, 222, NULL, NULL, 1, 'no', '2025-09-16 14:50:03', NULL);
INSERT INTO `read_notification` (`id`, `student_id`, `parent_id`, `staff_id`, `notification_id`, `is_active`, `created_at`, `updated_at`) VALUES (27, 467, NULL, NULL, 1, 'no', '2025-09-16 14:57:23', NULL);
INSERT INTO `read_notification` (`id`, `student_id`, `parent_id`, `staff_id`, `notification_id`, `is_active`, `created_at`, `updated_at`) VALUES (28, 701, NULL, NULL, 1, 'no', '2025-09-16 15:18:26', NULL);
INSERT INTO `read_notification` (`id`, `student_id`, `parent_id`, `staff_id`, `notification_id`, `is_active`, `created_at`, `updated_at`) VALUES (29, 755, NULL, NULL, 1, 'no', '2025-09-16 15:37:53', NULL);
INSERT INTO `read_notification` (`id`, `student_id`, `parent_id`, `staff_id`, `notification_id`, `is_active`, `created_at`, `updated_at`) VALUES (30, 588, NULL, NULL, 1, 'no', '2025-09-16 16:23:01', NULL);
INSERT INTO `read_notification` (`id`, `student_id`, `parent_id`, `staff_id`, `notification_id`, `is_active`, `created_at`, `updated_at`) VALUES (31, 634, NULL, NULL, 1, 'no', '2025-09-17 00:11:02', NULL);
INSERT INTO `read_notification` (`id`, `student_id`, `parent_id`, `staff_id`, `notification_id`, `is_active`, `created_at`, `updated_at`) VALUES (32, 499, NULL, NULL, 1, 'no', '2025-09-17 00:11:54', NULL);
INSERT INTO `read_notification` (`id`, `student_id`, `parent_id`, `staff_id`, `notification_id`, `is_active`, `created_at`, `updated_at`) VALUES (33, 729, NULL, NULL, 1, 'no', '2025-09-17 00:42:12', NULL);
INSERT INTO `read_notification` (`id`, `student_id`, `parent_id`, `staff_id`, `notification_id`, `is_active`, `created_at`, `updated_at`) VALUES (34, 557, NULL, NULL, 1, 'no', '2025-09-17 00:51:38', NULL);
INSERT INTO `read_notification` (`id`, `student_id`, `parent_id`, `staff_id`, `notification_id`, `is_active`, `created_at`, `updated_at`) VALUES (35, 477, NULL, NULL, 1, 'no', '2025-09-17 01:05:34', NULL);
INSERT INTO `read_notification` (`id`, `student_id`, `parent_id`, `staff_id`, `notification_id`, `is_active`, `created_at`, `updated_at`) VALUES (36, 766, NULL, NULL, 1, 'no', '2025-09-17 01:19:40', NULL);
INSERT INTO `read_notification` (`id`, `student_id`, `parent_id`, `staff_id`, `notification_id`, `is_active`, `created_at`, `updated_at`) VALUES (37, 737, NULL, NULL, 1, 'no', '2025-09-17 01:45:46', NULL);
INSERT INTO `read_notification` (`id`, `student_id`, `parent_id`, `staff_id`, `notification_id`, `is_active`, `created_at`, `updated_at`) VALUES (38, 723, NULL, NULL, 1, 'no', '2025-09-17 01:59:01', NULL);
INSERT INTO `read_notification` (`id`, `student_id`, `parent_id`, `staff_id`, `notification_id`, `is_active`, `created_at`, `updated_at`) VALUES (39, 579, NULL, NULL, 1, 'no', '2025-09-17 02:01:01', NULL);
INSERT INTO `read_notification` (`id`, `student_id`, `parent_id`, `staff_id`, `notification_id`, `is_active`, `created_at`, `updated_at`) VALUES (40, 671, NULL, NULL, 1, 'no', '2025-09-17 02:04:13', NULL);
INSERT INTO `read_notification` (`id`, `student_id`, `parent_id`, `staff_id`, `notification_id`, `is_active`, `created_at`, `updated_at`) VALUES (41, 725, NULL, NULL, 1, 'no', '2025-09-17 02:13:53', NULL);
INSERT INTO `read_notification` (`id`, `student_id`, `parent_id`, `staff_id`, `notification_id`, `is_active`, `created_at`, `updated_at`) VALUES (42, 594, NULL, NULL, 1, 'no', '2025-09-17 02:14:06', NULL);
INSERT INTO `read_notification` (`id`, `student_id`, `parent_id`, `staff_id`, `notification_id`, `is_active`, `created_at`, `updated_at`) VALUES (43, 551, NULL, NULL, 1, 'no', '2025-09-17 03:23:18', NULL);
INSERT INTO `read_notification` (`id`, `student_id`, `parent_id`, `staff_id`, `notification_id`, `is_active`, `created_at`, `updated_at`) VALUES (44, 686, NULL, NULL, 1, 'no', '2025-09-17 03:27:59', NULL);
INSERT INTO `read_notification` (`id`, `student_id`, `parent_id`, `staff_id`, `notification_id`, `is_active`, `created_at`, `updated_at`) VALUES (45, 702, NULL, NULL, 1, 'no', '2025-09-17 03:31:03', NULL);
INSERT INTO `read_notification` (`id`, `student_id`, `parent_id`, `staff_id`, `notification_id`, `is_active`, `created_at`, `updated_at`) VALUES (46, 765, NULL, NULL, 1, 'no', '2025-09-17 03:32:29', NULL);
INSERT INTO `read_notification` (`id`, `student_id`, `parent_id`, `staff_id`, `notification_id`, `is_active`, `created_at`, `updated_at`) VALUES (47, 679, NULL, NULL, 1, 'no', '2025-09-17 03:54:03', NULL);
INSERT INTO `read_notification` (`id`, `student_id`, `parent_id`, `staff_id`, `notification_id`, `is_active`, `created_at`, `updated_at`) VALUES (48, 535, NULL, NULL, 1, 'no', '2025-09-17 04:06:25', NULL);
INSERT INTO `read_notification` (`id`, `student_id`, `parent_id`, `staff_id`, `notification_id`, `is_active`, `created_at`, `updated_at`) VALUES (49, 738, NULL, NULL, 1, 'no', '2025-09-17 04:19:03', NULL);
INSERT INTO `read_notification` (`id`, `student_id`, `parent_id`, `staff_id`, `notification_id`, `is_active`, `created_at`, `updated_at`) VALUES (50, 646, NULL, NULL, 1, 'no', '2025-09-17 04:39:37', NULL);
INSERT INTO `read_notification` (`id`, `student_id`, `parent_id`, `staff_id`, `notification_id`, `is_active`, `created_at`, `updated_at`) VALUES (51, 492, NULL, NULL, 1, 'no', '2025-09-17 05:01:28', NULL);
INSERT INTO `read_notification` (`id`, `student_id`, `parent_id`, `staff_id`, `notification_id`, `is_active`, `created_at`, `updated_at`) VALUES (52, 540, NULL, NULL, 1, 'no', '2025-09-17 05:39:40', NULL);
INSERT INTO `read_notification` (`id`, `student_id`, `parent_id`, `staff_id`, `notification_id`, `is_active`, `created_at`, `updated_at`) VALUES (53, 547, NULL, NULL, 1, 'no', '2025-09-17 05:43:34', NULL);
INSERT INTO `read_notification` (`id`, `student_id`, `parent_id`, `staff_id`, `notification_id`, `is_active`, `created_at`, `updated_at`) VALUES (54, 519, NULL, NULL, 1, 'no', '2025-09-17 06:15:38', NULL);
INSERT INTO `read_notification` (`id`, `student_id`, `parent_id`, `staff_id`, `notification_id`, `is_active`, `created_at`, `updated_at`) VALUES (55, 745, NULL, NULL, 1, 'no', '2025-09-17 06:17:42', NULL);
INSERT INTO `read_notification` (`id`, `student_id`, `parent_id`, `staff_id`, `notification_id`, `is_active`, `created_at`, `updated_at`) VALUES (56, 708, NULL, NULL, 1, 'no', '2025-09-17 06:22:49', NULL);
INSERT INTO `read_notification` (`id`, `student_id`, `parent_id`, `staff_id`, `notification_id`, `is_active`, `created_at`, `updated_at`) VALUES (57, 672, NULL, NULL, 1, 'no', '2025-09-17 06:47:19', NULL);
INSERT INTO `read_notification` (`id`, `student_id`, `parent_id`, `staff_id`, `notification_id`, `is_active`, `created_at`, `updated_at`) VALUES (58, 279, NULL, NULL, 1, 'no', '2025-09-17 07:02:34', NULL);
INSERT INTO `read_notification` (`id`, `student_id`, `parent_id`, `staff_id`, `notification_id`, `is_active`, `created_at`, `updated_at`) VALUES (59, 773, NULL, NULL, 1, 'no', '2025-09-17 07:08:14', NULL);
INSERT INTO `read_notification` (`id`, `student_id`, `parent_id`, `staff_id`, `notification_id`, `is_active`, `created_at`, `updated_at`) VALUES (60, 639, NULL, NULL, 1, 'no', '2025-09-17 09:04:28', NULL);
INSERT INTO `read_notification` (`id`, `student_id`, `parent_id`, `staff_id`, `notification_id`, `is_active`, `created_at`, `updated_at`) VALUES (61, 617, NULL, NULL, 1, 'no', '2025-09-17 09:49:39', NULL);
INSERT INTO `read_notification` (`id`, `student_id`, `parent_id`, `staff_id`, `notification_id`, `is_active`, `created_at`, `updated_at`) VALUES (62, 478, NULL, NULL, 1, 'no', '2025-09-17 09:51:15', NULL);
INSERT INTO `read_notification` (`id`, `student_id`, `parent_id`, `staff_id`, `notification_id`, `is_active`, `created_at`, `updated_at`) VALUES (63, 475, NULL, NULL, 1, 'no', '2025-09-17 09:52:21', NULL);
INSERT INTO `read_notification` (`id`, `student_id`, `parent_id`, `staff_id`, `notification_id`, `is_active`, `created_at`, `updated_at`) VALUES (64, 675, NULL, NULL, 1, 'no', '2025-09-17 10:33:13', NULL);
INSERT INTO `read_notification` (`id`, `student_id`, `parent_id`, `staff_id`, `notification_id`, `is_active`, `created_at`, `updated_at`) VALUES (65, 464, NULL, NULL, 1, 'no', '2025-09-17 11:09:02', NULL);
INSERT INTO `read_notification` (`id`, `student_id`, `parent_id`, `staff_id`, `notification_id`, `is_active`, `created_at`, `updated_at`) VALUES (66, 460, NULL, NULL, 1, 'no', '2025-09-17 11:16:08', NULL);
INSERT INTO `read_notification` (`id`, `student_id`, `parent_id`, `staff_id`, `notification_id`, `is_active`, `created_at`, `updated_at`) VALUES (67, 471, NULL, NULL, 1, 'no', '2025-09-17 11:36:23', NULL);
INSERT INTO `read_notification` (`id`, `student_id`, `parent_id`, `staff_id`, `notification_id`, `is_active`, `created_at`, `updated_at`) VALUES (68, 721, NULL, NULL, 1, 'no', '2025-09-17 11:42:20', NULL);
INSERT INTO `read_notification` (`id`, `student_id`, `parent_id`, `staff_id`, `notification_id`, `is_active`, `created_at`, `updated_at`) VALUES (69, 709, NULL, NULL, 1, 'no', '2025-09-17 11:54:57', NULL);
INSERT INTO `read_notification` (`id`, `student_id`, `parent_id`, `staff_id`, `notification_id`, `is_active`, `created_at`, `updated_at`) VALUES (70, 244, NULL, NULL, 1, 'no', '2025-09-17 12:36:55', NULL);
INSERT INTO `read_notification` (`id`, `student_id`, `parent_id`, `staff_id`, `notification_id`, `is_active`, `created_at`, `updated_at`) VALUES (71, 732, NULL, NULL, 1, 'no', '2025-09-17 12:45:49', NULL);
INSERT INTO `read_notification` (`id`, `student_id`, `parent_id`, `staff_id`, `notification_id`, `is_active`, `created_at`, `updated_at`) VALUES (72, 666, NULL, NULL, 1, 'no', '2025-09-17 13:13:01', NULL);
INSERT INTO `read_notification` (`id`, `student_id`, `parent_id`, `staff_id`, `notification_id`, `is_active`, `created_at`, `updated_at`) VALUES (73, 689, NULL, NULL, 1, 'no', '2025-09-17 14:41:55', NULL);
INSERT INTO `read_notification` (`id`, `student_id`, `parent_id`, `staff_id`, `notification_id`, `is_active`, `created_at`, `updated_at`) VALUES (74, 715, NULL, NULL, 1, 'no', '2025-09-17 16:20:52', NULL);
INSERT INTO `read_notification` (`id`, `student_id`, `parent_id`, `staff_id`, `notification_id`, `is_active`, `created_at`, `updated_at`) VALUES (75, 685, NULL, NULL, 1, 'no', '2025-09-18 00:03:54', NULL);
INSERT INTO `read_notification` (`id`, `student_id`, `parent_id`, `staff_id`, `notification_id`, `is_active`, `created_at`, `updated_at`) VALUES (76, 794, NULL, NULL, 1, 'no', '2025-09-18 00:32:50', NULL);
INSERT INTO `read_notification` (`id`, `student_id`, `parent_id`, `staff_id`, `notification_id`, `is_active`, `created_at`, `updated_at`) VALUES (77, 487, NULL, NULL, 1, 'no', '2025-09-18 01:56:21', NULL);
INSERT INTO `read_notification` (`id`, `student_id`, `parent_id`, `staff_id`, `notification_id`, `is_active`, `created_at`, `updated_at`) VALUES (78, 458, NULL, NULL, 1, 'no', '2025-09-18 02:41:22', NULL);
INSERT INTO `read_notification` (`id`, `student_id`, `parent_id`, `staff_id`, `notification_id`, `is_active`, `created_at`, `updated_at`) VALUES (79, 308, NULL, NULL, 1, 'no', '2025-09-18 05:38:09', NULL);
INSERT INTO `read_notification` (`id`, `student_id`, `parent_id`, `staff_id`, `notification_id`, `is_active`, `created_at`, `updated_at`) VALUES (80, 300, NULL, NULL, 1, 'no', '2025-09-18 08:07:59', NULL);
INSERT INTO `read_notification` (`id`, `student_id`, `parent_id`, `staff_id`, `notification_id`, `is_active`, `created_at`, `updated_at`) VALUES (81, 660, NULL, NULL, 1, 'no', '2025-09-18 08:35:10', NULL);
INSERT INTO `read_notification` (`id`, `student_id`, `parent_id`, `staff_id`, `notification_id`, `is_active`, `created_at`, `updated_at`) VALUES (82, 567, NULL, NULL, 1, 'no', '2025-09-18 08:48:33', NULL);
INSERT INTO `read_notification` (`id`, `student_id`, `parent_id`, `staff_id`, `notification_id`, `is_active`, `created_at`, `updated_at`) VALUES (83, 650, NULL, NULL, 1, 'no', '2025-09-18 12:00:11', NULL);
INSERT INTO `read_notification` (`id`, `student_id`, `parent_id`, `staff_id`, `notification_id`, `is_active`, `created_at`, `updated_at`) VALUES (84, 621, NULL, NULL, 1, 'no', '2025-09-18 12:39:03', NULL);
INSERT INTO `read_notification` (`id`, `student_id`, `parent_id`, `staff_id`, `notification_id`, `is_active`, `created_at`, `updated_at`) VALUES (85, 799, NULL, NULL, 1, 'no', '2025-09-18 14:13:04', NULL);
INSERT INTO `read_notification` (`id`, `student_id`, `parent_id`, `staff_id`, `notification_id`, `is_active`, `created_at`, `updated_at`) VALUES (86, 401, NULL, NULL, 1, 'no', '2025-09-19 03:44:48', NULL);
INSERT INTO `read_notification` (`id`, `student_id`, `parent_id`, `staff_id`, `notification_id`, `is_active`, `created_at`, `updated_at`) VALUES (87, 415, NULL, NULL, 1, 'no', '2025-09-19 04:02:22', NULL);
INSERT INTO `read_notification` (`id`, `student_id`, `parent_id`, `staff_id`, `notification_id`, `is_active`, `created_at`, `updated_at`) VALUES (88, 405, NULL, NULL, 1, 'no', '2025-09-19 04:41:54', NULL);
INSERT INTO `read_notification` (`id`, `student_id`, `parent_id`, `staff_id`, `notification_id`, `is_active`, `created_at`, `updated_at`) VALUES (89, 348, NULL, NULL, 1, 'no', '2025-09-19 04:48:19', NULL);
INSERT INTO `read_notification` (`id`, `student_id`, `parent_id`, `staff_id`, `notification_id`, `is_active`, `created_at`, `updated_at`) VALUES (90, 776, NULL, NULL, 1, 'no', '2025-09-19 05:24:33', NULL);
INSERT INTO `read_notification` (`id`, `student_id`, `parent_id`, `staff_id`, `notification_id`, `is_active`, `created_at`, `updated_at`) VALUES (91, 642, NULL, NULL, 1, 'no', '2025-09-19 06:46:13', NULL);
INSERT INTO `read_notification` (`id`, `student_id`, `parent_id`, `staff_id`, `notification_id`, `is_active`, `created_at`, `updated_at`) VALUES (92, 624, NULL, NULL, 1, 'no', '2025-09-19 09:36:57', NULL);
INSERT INTO `read_notification` (`id`, `student_id`, `parent_id`, `staff_id`, `notification_id`, `is_active`, `created_at`, `updated_at`) VALUES (93, 592, NULL, NULL, 1, 'no', '2025-09-19 10:56:59', NULL);
INSERT INTO `read_notification` (`id`, `student_id`, `parent_id`, `staff_id`, `notification_id`, `is_active`, `created_at`, `updated_at`) VALUES (94, 727, NULL, NULL, 1, 'no', '2025-09-20 01:14:05', NULL);
INSERT INTO `read_notification` (`id`, `student_id`, `parent_id`, `staff_id`, `notification_id`, `is_active`, `created_at`, `updated_at`) VALUES (95, 769, NULL, NULL, 1, 'no', '2025-09-20 03:45:08', NULL);
INSERT INTO `read_notification` (`id`, `student_id`, `parent_id`, `staff_id`, `notification_id`, `is_active`, `created_at`, `updated_at`) VALUES (96, 350, NULL, NULL, 1, 'no', '2025-09-20 05:22:00', NULL);
INSERT INTO `read_notification` (`id`, `student_id`, `parent_id`, `staff_id`, `notification_id`, `is_active`, `created_at`, `updated_at`) VALUES (97, 502, NULL, NULL, 1, 'no', '2025-09-20 05:55:17', NULL);
INSERT INTO `read_notification` (`id`, `student_id`, `parent_id`, `staff_id`, `notification_id`, `is_active`, `created_at`, `updated_at`) VALUES (98, 636, NULL, NULL, 1, 'no', '2025-09-20 08:09:31', NULL);
INSERT INTO `read_notification` (`id`, `student_id`, `parent_id`, `staff_id`, `notification_id`, `is_active`, `created_at`, `updated_at`) VALUES (99, 676, NULL, NULL, 1, 'no', '2025-09-20 08:21:55', NULL);
INSERT INTO `read_notification` (`id`, `student_id`, `parent_id`, `staff_id`, `notification_id`, `is_active`, `created_at`, `updated_at`) VALUES (100, 30, NULL, NULL, 1, 'no', '2025-09-20 11:24:04', NULL);
INSERT INTO `read_notification` (`id`, `student_id`, `parent_id`, `staff_id`, `notification_id`, `is_active`, `created_at`, `updated_at`) VALUES (101, 582, NULL, NULL, 1, 'no', '2025-09-20 16:47:35', NULL);
INSERT INTO `read_notification` (`id`, `student_id`, `parent_id`, `staff_id`, `notification_id`, `is_active`, `created_at`, `updated_at`) VALUES (102, 113, NULL, NULL, 1, 'no', '2025-09-21 01:51:10', NULL);
INSERT INTO `read_notification` (`id`, `student_id`, `parent_id`, `staff_id`, `notification_id`, `is_active`, `created_at`, `updated_at`) VALUES (103, 652, NULL, NULL, 1, 'no', '2025-09-21 06:16:39', NULL);
INSERT INTO `read_notification` (`id`, `student_id`, `parent_id`, `staff_id`, `notification_id`, `is_active`, `created_at`, `updated_at`) VALUES (104, 796, NULL, NULL, 1, 'no', '2025-09-21 15:14:01', NULL);
INSERT INTO `read_notification` (`id`, `student_id`, `parent_id`, `staff_id`, `notification_id`, `is_active`, `created_at`, `updated_at`) VALUES (105, 190, NULL, NULL, 1, 'no', '2025-09-22 06:08:58', NULL);
INSERT INTO `read_notification` (`id`, `student_id`, `parent_id`, `staff_id`, `notification_id`, `is_active`, `created_at`, `updated_at`) VALUES (106, 534, NULL, NULL, 1, 'no', '2025-09-22 06:25:21', NULL);
INSERT INTO `read_notification` (`id`, `student_id`, `parent_id`, `staff_id`, `notification_id`, `is_active`, `created_at`, `updated_at`) VALUES (107, 472, NULL, NULL, 1, 'no', '2025-09-22 08:50:58', NULL);
INSERT INTO `read_notification` (`id`, `student_id`, `parent_id`, `staff_id`, `notification_id`, `is_active`, `created_at`, `updated_at`) VALUES (108, 733, NULL, NULL, 1, 'no', '2025-09-22 10:12:20', NULL);
INSERT INTO `read_notification` (`id`, `student_id`, `parent_id`, `staff_id`, `notification_id`, `is_active`, `created_at`, `updated_at`) VALUES (109, 718, NULL, NULL, 1, 'no', '2025-09-23 12:29:38', NULL);


#
# TABLE STRUCTURE FOR: reference
#


CREATE TABLE `reference` (
  `id` int(11) NOT NULL AUTO_INCREMENT,
  `reference` varchar(100) NOT NULL,
  `description` text NOT NULL,
  PRIMARY KEY (`id`)
) ENGINE=InnoDB DEFAULT CHARSET=utf8;

#
# TABLE STRUCTURE FOR: roles
#


CREATE TABLE `roles` (
  `id` int(11) NOT NULL AUTO_INCREMENT,
  `name` varchar(100) DEFAULT NULL,
  `slug` varchar(150) DEFAULT NULL,
  `is_active` int(11) DEFAULT '0',
  `is_system` int(1) NOT NULL DEFAULT '0',
  `is_superadmin` int(11) NOT NULL DEFAULT '0',
  `created_at` timestamp NOT NULL DEFAULT CURRENT_TIMESTAMP ON UPDATE CURRENT_TIMESTAMP,
  `updated_at` date DEFAULT NULL,
  PRIMARY KEY (`id`)
) ENGINE=InnoDB AUTO_INCREMENT=11 DEFAULT CHARSET=utf8;

INSERT INTO `roles` (`id`, `name`, `slug`, `is_active`, `is_system`, `is_superadmin`, `created_at`, `updated_at`) VALUES (1, 'Admin', NULL, 0, 1, 0, '2018-06-30 10:39:11', '0000-00-00');
INSERT INTO `roles` (`id`, `name`, `slug`, `is_active`, `is_system`, `is_superadmin`, `created_at`, `updated_at`) VALUES (2, 'Teacher', NULL, 0, 1, 0, '2018-06-30 10:39:14', '0000-00-00');
INSERT INTO `roles` (`id`, `name`, `slug`, `is_active`, `is_system`, `is_superadmin`, `created_at`, `updated_at`) VALUES (3, 'Accountant', NULL, 0, 1, 0, '2018-06-30 10:39:17', '0000-00-00');
INSERT INTO `roles` (`id`, `name`, `slug`, `is_active`, `is_system`, `is_superadmin`, `created_at`, `updated_at`) VALUES (4, 'Librarian', NULL, 0, 1, 0, '2018-06-30 10:39:21', '0000-00-00');
INSERT INTO `roles` (`id`, `name`, `slug`, `is_active`, `is_system`, `is_superadmin`, `created_at`, `updated_at`) VALUES (6, 'Receptionist', NULL, 0, 1, 0, '2018-07-02 00:39:03', '0000-00-00');
INSERT INTO `roles` (`id`, `name`, `slug`, `is_active`, `is_system`, `is_superadmin`, `created_at`, `updated_at`) VALUES (7, 'Super Admin', NULL, 0, 1, 1, '2018-07-11 09:11:29', '0000-00-00');
INSERT INTO `roles` (`id`, `name`, `slug`, `is_active`, `is_system`, `is_superadmin`, `created_at`, `updated_at`) VALUES (8, 'Admission ', NULL, 0, 0, 0, '2024-03-25 02:31:00', NULL);
INSERT INTO `roles` (`id`, `name`, `slug`, `is_active`, `is_system`, `is_superadmin`, `created_at`, `updated_at`) VALUES (9, 'Human Resource', NULL, 0, 0, 0, '2024-09-02 08:06:43', NULL);
INSERT INTO `roles` (`id`, `name`, `slug`, `is_active`, `is_system`, `is_superadmin`, `created_at`, `updated_at`) VALUES (10, 'Management', NULL, 0, 0, 0, '2024-09-25 06:13:10', NULL);


#
# TABLE STRUCTURE FOR: roles_permissions
#


CREATE TABLE `roles_permissions` (
  `id` int(11) NOT NULL AUTO_INCREMENT,
  `role_id` int(11) DEFAULT NULL,
  `perm_cat_id` int(11) DEFAULT NULL,
  `can_view` int(11) DEFAULT NULL,
  `can_add` int(11) DEFAULT NULL,
  `can_edit` int(11) DEFAULT NULL,
  `can_delete` int(11) DEFAULT NULL,
  `created_at` timestamp NOT NULL DEFAULT CURRENT_TIMESTAMP ON UPDATE CURRENT_TIMESTAMP,
  PRIMARY KEY (`id`),
  KEY `role_id` (`role_id`),
  KEY `perm_cat_id` (`perm_cat_id`),
  CONSTRAINT `roles_permissions_ibfk_1` FOREIGN KEY (`role_id`) REFERENCES `roles` (`id`) ON DELETE CASCADE,
  CONSTRAINT `roles_permissions_ibfk_2` FOREIGN KEY (`perm_cat_id`) REFERENCES `permission_category` (`id`) ON DELETE CASCADE
) ENGINE=InnoDB AUTO_INCREMENT=1746 DEFAULT CHARSET=utf8;

INSERT INTO `roles_permissions` (`id`, `role_id`, `perm_cat_id`, `can_view`, `can_add`, `can_edit`, `can_delete`, `created_at`) VALUES (11, 1, 78, 1, 1, 1, 1, '2018-07-02 19:49:43');
INSERT INTO `roles_permissions` (`id`, `role_id`, `perm_cat_id`, `can_view`, `can_add`, `can_edit`, `can_delete`, `created_at`) VALUES (23, 1, 12, 1, 1, 1, 1, '2018-07-06 04:45:38');
INSERT INTO `roles_permissions` (`id`, `role_id`, `perm_cat_id`, `can_view`, `can_add`, `can_edit`, `can_delete`, `created_at`) VALUES (24, 1, 13, 1, 1, 1, 1, '2018-07-06 04:48:28');
INSERT INTO `roles_permissions` (`id`, `role_id`, `perm_cat_id`, `can_view`, `can_add`, `can_edit`, `can_delete`, `created_at`) VALUES (26, 1, 15, 1, 1, 1, 0, '2019-11-27 17:47:28');
INSERT INTO `roles_permissions` (`id`, `role_id`, `perm_cat_id`, `can_view`, `can_add`, `can_edit`, `can_delete`, `created_at`) VALUES (31, 1, 21, 1, 0, 1, 0, '2019-11-25 22:51:15');
INSERT INTO `roles_permissions` (`id`, `role_id`, `perm_cat_id`, `can_view`, `can_add`, `can_edit`, `can_delete`, `created_at`) VALUES (34, 1, 24, 1, 1, 1, 1, '2019-11-28 00:35:20');
INSERT INTO `roles_permissions` (`id`, `role_id`, `perm_cat_id`, `can_view`, `can_add`, `can_edit`, `can_delete`, `created_at`) VALUES (43, 1, 32, 1, 1, 1, 1, '2018-07-06 05:22:05');
INSERT INTO `roles_permissions` (`id`, `role_id`, `perm_cat_id`, `can_view`, `can_add`, `can_edit`, `can_delete`, `created_at`) VALUES (44, 1, 33, 1, 1, 1, 1, '2018-07-06 05:22:29');
INSERT INTO `roles_permissions` (`id`, `role_id`, `perm_cat_id`, `can_view`, `can_add`, `can_edit`, `can_delete`, `created_at`) VALUES (45, 1, 34, 1, 1, 1, 1, '2018-07-06 05:23:59');
INSERT INTO `roles_permissions` (`id`, `role_id`, `perm_cat_id`, `can_view`, `can_add`, `can_edit`, `can_delete`, `created_at`) VALUES (46, 1, 35, 1, 1, 1, 1, '2018-07-06 05:24:34');
INSERT INTO `roles_permissions` (`id`, `role_id`, `perm_cat_id`, `can_view`, `can_add`, `can_edit`, `can_delete`, `created_at`) VALUES (47, 1, 104, 1, 1, 1, 1, '2018-07-06 05:23:08');
INSERT INTO `roles_permissions` (`id`, `role_id`, `perm_cat_id`, `can_view`, `can_add`, `can_edit`, `can_delete`, `created_at`) VALUES (48, 1, 37, 1, 1, 1, 1, '2018-07-06 05:25:30');
INSERT INTO `roles_permissions` (`id`, `role_id`, `perm_cat_id`, `can_view`, `can_add`, `can_edit`, `can_delete`, `created_at`) VALUES (49, 1, 38, 1, 1, 1, 1, '2018-07-09 00:15:27');
INSERT INTO `roles_permissions` (`id`, `role_id`, `perm_cat_id`, `can_view`, `can_add`, `can_edit`, `can_delete`, `created_at`) VALUES (61, 1, 55, 1, 1, 1, 1, '2018-07-02 04:24:16');
INSERT INTO `roles_permissions` (`id`, `role_id`, `perm_cat_id`, `can_view`, `can_add`, `can_edit`, `can_delete`, `created_at`) VALUES (67, 1, 61, 1, 1, 0, 1, '2018-07-09 00:59:19');
INSERT INTO `roles_permissions` (`id`, `role_id`, `perm_cat_id`, `can_view`, `can_add`, `can_edit`, `can_delete`, `created_at`) VALUES (68, 1, 62, 1, 1, 0, 1, '2018-07-09 00:59:19');
INSERT INTO `roles_permissions` (`id`, `role_id`, `perm_cat_id`, `can_view`, `can_add`, `can_edit`, `can_delete`, `created_at`) VALUES (69, 1, 63, 1, 1, 0, 1, '2018-07-08 22:51:38');
INSERT INTO `roles_permissions` (`id`, `role_id`, `perm_cat_id`, `can_view`, `can_add`, `can_edit`, `can_delete`, `created_at`) VALUES (70, 1, 64, 1, 1, 1, 1, '2018-07-08 22:02:19');
INSERT INTO `roles_permissions` (`id`, `role_id`, `perm_cat_id`, `can_view`, `can_add`, `can_edit`, `can_delete`, `created_at`) VALUES (71, 1, 65, 1, 1, 1, 1, '2018-07-08 22:11:21');
INSERT INTO `roles_permissions` (`id`, `role_id`, `perm_cat_id`, `can_view`, `can_add`, `can_edit`, `can_delete`, `created_at`) VALUES (72, 1, 66, 1, 1, 1, 1, '2018-07-08 22:13:09');
INSERT INTO `roles_permissions` (`id`, `role_id`, `perm_cat_id`, `can_view`, `can_add`, `can_edit`, `can_delete`, `created_at`) VALUES (73, 1, 67, 1, 1, 1, 1, '2018-07-08 22:14:47');
INSERT INTO `roles_permissions` (`id`, `role_id`, `perm_cat_id`, `can_view`, `can_add`, `can_edit`, `can_delete`, `created_at`) VALUES (74, 1, 79, 1, 1, 0, 1, '2019-11-29 19:32:51');
INSERT INTO `roles_permissions` (`id`, `role_id`, `perm_cat_id`, `can_view`, `can_add`, `can_edit`, `can_delete`, `created_at`) VALUES (75, 1, 80, 1, 1, 1, 1, '2018-07-06 04:41:23');
INSERT INTO `roles_permissions` (`id`, `role_id`, `perm_cat_id`, `can_view`, `can_add`, `can_edit`, `can_delete`, `created_at`) VALUES (76, 1, 81, 1, 1, 1, 1, '2018-07-06 04:41:23');
INSERT INTO `roles_permissions` (`id`, `role_id`, `perm_cat_id`, `can_view`, `can_add`, `can_edit`, `can_delete`, `created_at`) VALUES (78, 1, 83, 1, 1, 1, 1, '2018-07-06 04:41:23');
INSERT INTO `roles_permissions` (`id`, `role_id`, `perm_cat_id`, `can_view`, `can_add`, `can_edit`, `can_delete`, `created_at`) VALUES (79, 1, 84, 1, 1, 1, 1, '2018-07-06 04:41:23');
INSERT INTO `roles_permissions` (`id`, `role_id`, `perm_cat_id`, `can_view`, `can_add`, `can_edit`, `can_delete`, `created_at`) VALUES (80, 1, 85, 1, 1, 1, 1, '2018-07-11 19:16:00');
INSERT INTO `roles_permissions` (`id`, `role_id`, `perm_cat_id`, `can_view`, `can_add`, `can_edit`, `can_delete`, `created_at`) VALUES (94, 1, 82, 1, 1, 1, 1, '2018-07-06 04:41:23');
INSERT INTO `roles_permissions` (`id`, `role_id`, `perm_cat_id`, `can_view`, `can_add`, `can_edit`, `can_delete`, `created_at`) VALUES (120, 1, 39, 1, 1, 1, 1, '2018-07-06 05:26:28');
INSERT INTO `roles_permissions` (`id`, `role_id`, `perm_cat_id`, `can_view`, `can_add`, `can_edit`, `can_delete`, `created_at`) VALUES (156, 1, 9, 1, 1, 1, 1, '2019-11-27 17:45:46');
INSERT INTO `roles_permissions` (`id`, `role_id`, `perm_cat_id`, `can_view`, `can_add`, `can_edit`, `can_delete`, `created_at`) VALUES (157, 1, 10, 1, 1, 1, 1, '2019-11-27 17:45:46');
INSERT INTO `roles_permissions` (`id`, `role_id`, `perm_cat_id`, `can_view`, `can_add`, `can_edit`, `can_delete`, `created_at`) VALUES (159, 1, 40, 1, 1, 1, 1, '2019-11-29 18:49:39');
INSERT INTO `roles_permissions` (`id`, `role_id`, `perm_cat_id`, `can_view`, `can_add`, `can_edit`, `can_delete`, `created_at`) VALUES (160, 1, 41, 1, 1, 1, 1, '2019-12-01 23:43:41');
INSERT INTO `roles_permissions` (`id`, `role_id`, `perm_cat_id`, `can_view`, `can_add`, `can_edit`, `can_delete`, `created_at`) VALUES (161, 1, 42, 1, 1, 1, 1, '2019-11-29 18:49:39');
INSERT INTO `roles_permissions` (`id`, `role_id`, `perm_cat_id`, `can_view`, `can_add`, `can_edit`, `can_delete`, `created_at`) VALUES (169, 1, 27, 1, 1, 0, 1, '2019-11-29 00:15:37');
INSERT INTO `roles_permissions` (`id`, `role_id`, `perm_cat_id`, `can_view`, `can_add`, `can_edit`, `can_delete`, `created_at`) VALUES (178, 1, 54, 1, 0, 1, 0, '2018-07-05 04:09:22');
INSERT INTO `roles_permissions` (`id`, `role_id`, `perm_cat_id`, `can_view`, `can_add`, `can_edit`, `can_delete`, `created_at`) VALUES (179, 1, 56, 1, 0, 1, 0, '2019-11-29 18:49:54');
INSERT INTO `roles_permissions` (`id`, `role_id`, `perm_cat_id`, `can_view`, `can_add`, `can_edit`, `can_delete`, `created_at`) VALUES (180, 1, 57, 1, 0, 1, 0, '2019-11-29 19:32:51');
INSERT INTO `roles_permissions` (`id`, `role_id`, `perm_cat_id`, `can_view`, `can_add`, `can_edit`, `can_delete`, `created_at`) VALUES (181, 1, 58, 1, 0, 1, 0, '2019-11-29 19:32:51');
INSERT INTO `roles_permissions` (`id`, `role_id`, `perm_cat_id`, `can_view`, `can_add`, `can_edit`, `can_delete`, `created_at`) VALUES (182, 1, 59, 1, 0, 1, 0, '2019-11-29 19:32:51');
INSERT INTO `roles_permissions` (`id`, `role_id`, `perm_cat_id`, `can_view`, `can_add`, `can_edit`, `can_delete`, `created_at`) VALUES (183, 1, 60, 1, 0, 1, 0, '2019-11-29 18:59:57');
INSERT INTO `roles_permissions` (`id`, `role_id`, `perm_cat_id`, `can_view`, `can_add`, `can_edit`, `can_delete`, `created_at`) VALUES (201, 1, 14, 1, 0, 0, 0, '2018-07-02 06:22:03');
INSERT INTO `roles_permissions` (`id`, `role_id`, `perm_cat_id`, `can_view`, `can_add`, `can_edit`, `can_delete`, `created_at`) VALUES (204, 1, 26, 1, 0, 0, 0, '2018-07-02 06:32:05');
INSERT INTO `roles_permissions` (`id`, `role_id`, `perm_cat_id`, `can_view`, `can_add`, `can_edit`, `can_delete`, `created_at`) VALUES (206, 1, 29, 1, 0, 0, 0, '2018-07-02 06:43:54');
INSERT INTO `roles_permissions` (`id`, `role_id`, `perm_cat_id`, `can_view`, `can_add`, `can_edit`, `can_delete`, `created_at`) VALUES (207, 1, 30, 1, 0, 0, 0, '2018-07-02 06:43:54');
INSERT INTO `roles_permissions` (`id`, `role_id`, `perm_cat_id`, `can_view`, `can_add`, `can_edit`, `can_delete`, `created_at`) VALUES (208, 1, 31, 1, 1, 1, 1, '2019-11-29 19:32:51');
INSERT INTO `roles_permissions` (`id`, `role_id`, `perm_cat_id`, `can_view`, `can_add`, `can_edit`, `can_delete`, `created_at`) VALUES (222, 1, 1, 1, 1, 1, 1, '2019-11-27 16:55:06');
INSERT INTO `roles_permissions` (`id`, `role_id`, `perm_cat_id`, `can_view`, `can_add`, `can_edit`, `can_delete`, `created_at`) VALUES (307, 1, 126, 1, 0, 0, 0, '2018-07-03 04:26:13');
INSERT INTO `roles_permissions` (`id`, `role_id`, `perm_cat_id`, `can_view`, `can_add`, `can_edit`, `can_delete`, `created_at`) VALUES (315, 1, 123, 1, 0, 0, 0, '2018-07-03 05:27:03');
INSERT INTO `roles_permissions` (`id`, `role_id`, `perm_cat_id`, `can_view`, `can_add`, `can_edit`, `can_delete`, `created_at`) VALUES (369, 1, 102, 1, 1, 1, 1, '2019-12-01 23:02:15');
INSERT INTO `roles_permissions` (`id`, `role_id`, `perm_cat_id`, `can_view`, `can_add`, `can_edit`, `can_delete`, `created_at`) VALUES (435, 1, 96, 1, 1, 1, 1, '2018-07-08 20:03:54');
INSERT INTO `roles_permissions` (`id`, `role_id`, `perm_cat_id`, `can_view`, `can_add`, `can_edit`, `can_delete`, `created_at`) VALUES (461, 1, 97, 1, 0, 0, 0, '2018-07-08 20:00:16');
INSERT INTO `roles_permissions` (`id`, `role_id`, `perm_cat_id`, `can_view`, `can_add`, `can_edit`, `can_delete`, `created_at`) VALUES (464, 1, 86, 1, 1, 1, 1, '2019-11-28 00:39:19');
INSERT INTO `roles_permissions` (`id`, `role_id`, `perm_cat_id`, `can_view`, `can_add`, `can_edit`, `can_delete`, `created_at`) VALUES (474, 1, 130, 1, 1, 0, 1, '2018-07-09 05:56:36');
INSERT INTO `roles_permissions` (`id`, `role_id`, `perm_cat_id`, `can_view`, `can_add`, `can_edit`, `can_delete`, `created_at`) VALUES (476, 1, 131, 1, 0, 0, 0, '2018-07-08 23:53:32');
INSERT INTO `roles_permissions` (`id`, `role_id`, `perm_cat_id`, `can_view`, `can_add`, `can_edit`, `can_delete`, `created_at`) VALUES (557, 6, 82, 1, 1, 1, 1, '2019-11-30 19:48:28');
INSERT INTO `roles_permissions` (`id`, `role_id`, `perm_cat_id`, `can_view`, `can_add`, `can_edit`, `can_delete`, `created_at`) VALUES (558, 6, 83, 1, 1, 1, 1, '2019-11-30 19:49:08');
INSERT INTO `roles_permissions` (`id`, `role_id`, `perm_cat_id`, `can_view`, `can_add`, `can_edit`, `can_delete`, `created_at`) VALUES (559, 6, 84, 1, 1, 1, 1, '2019-11-30 19:49:59');
INSERT INTO `roles_permissions` (`id`, `role_id`, `perm_cat_id`, `can_view`, `can_add`, `can_edit`, `can_delete`, `created_at`) VALUES (575, 6, 44, 1, 0, 0, 0, '2018-07-10 02:35:33');
INSERT INTO `roles_permissions` (`id`, `role_id`, `perm_cat_id`, `can_view`, `can_add`, `can_edit`, `can_delete`, `created_at`) VALUES (576, 6, 46, 1, 0, 0, 0, '2018-07-10 02:35:33');
INSERT INTO `roles_permissions` (`id`, `role_id`, `perm_cat_id`, `can_view`, `can_add`, `can_edit`, `can_delete`, `created_at`) VALUES (578, 6, 102, 1, 1, 1, 1, '2019-11-30 19:52:27');
INSERT INTO `roles_permissions` (`id`, `role_id`, `perm_cat_id`, `can_view`, `can_add`, `can_edit`, `can_delete`, `created_at`) VALUES (625, 1, 28, 1, 1, 1, 1, '2019-11-29 00:19:18');
INSERT INTO `roles_permissions` (`id`, `role_id`, `perm_cat_id`, `can_view`, `can_add`, `can_edit`, `can_delete`, `created_at`) VALUES (634, 4, 102, 1, 1, 1, 1, '2019-11-30 19:03:00');
INSERT INTO `roles_permissions` (`id`, `role_id`, `perm_cat_id`, `can_view`, `can_add`, `can_edit`, `can_delete`, `created_at`) VALUES (669, 1, 145, 1, 0, 0, 0, '2019-11-25 22:51:15');
INSERT INTO `roles_permissions` (`id`, `role_id`, `perm_cat_id`, `can_view`, `can_add`, `can_edit`, `can_delete`, `created_at`) VALUES (677, 1, 153, 1, 0, 0, 0, '2019-10-31 21:28:24');
INSERT INTO `roles_permissions` (`id`, `role_id`, `perm_cat_id`, `can_view`, `can_add`, `can_edit`, `can_delete`, `created_at`) VALUES (720, 1, 216, 1, 0, 0, 0, '2019-11-25 23:24:12');
INSERT INTO `roles_permissions` (`id`, `role_id`, `perm_cat_id`, `can_view`, `can_add`, `can_edit`, `can_delete`, `created_at`) VALUES (728, 1, 185, 1, 1, 1, 1, '2019-11-27 20:50:33');
INSERT INTO `roles_permissions` (`id`, `role_id`, `perm_cat_id`, `can_view`, `can_add`, `can_edit`, `can_delete`, `created_at`) VALUES (729, 1, 186, 1, 1, 1, 1, '2019-11-27 20:49:07');
INSERT INTO `roles_permissions` (`id`, `role_id`, `perm_cat_id`, `can_view`, `can_add`, `can_edit`, `can_delete`, `created_at`) VALUES (730, 1, 214, 1, 0, 1, 0, '2019-11-27 19:47:53');
INSERT INTO `roles_permissions` (`id`, `role_id`, `perm_cat_id`, `can_view`, `can_add`, `can_edit`, `can_delete`, `created_at`) VALUES (732, 1, 198, 1, 0, 0, 0, '2019-11-25 23:24:30');
INSERT INTO `roles_permissions` (`id`, `role_id`, `perm_cat_id`, `can_view`, `can_add`, `can_edit`, `can_delete`, `created_at`) VALUES (734, 1, 200, 1, 0, 0, 0, '2019-11-25 23:24:30');
INSERT INTO `roles_permissions` (`id`, `role_id`, `perm_cat_id`, `can_view`, `can_add`, `can_edit`, `can_delete`, `created_at`) VALUES (735, 1, 201, 1, 0, 0, 0, '2019-11-25 23:24:30');
INSERT INTO `roles_permissions` (`id`, `role_id`, `perm_cat_id`, `can_view`, `can_add`, `can_edit`, `can_delete`, `created_at`) VALUES (736, 1, 202, 1, 0, 0, 0, '2019-11-25 23:24:30');
INSERT INTO `roles_permissions` (`id`, `role_id`, `perm_cat_id`, `can_view`, `can_add`, `can_edit`, `can_delete`, `created_at`) VALUES (737, 1, 203, 1, 0, 0, 0, '2019-11-25 23:24:30');
INSERT INTO `roles_permissions` (`id`, `role_id`, `perm_cat_id`, `can_view`, `can_add`, `can_edit`, `can_delete`, `created_at`) VALUES (747, 1, 2, 1, 0, 0, 0, '2019-11-27 16:56:08');
INSERT INTO `roles_permissions` (`id`, `role_id`, `perm_cat_id`, `can_view`, `can_add`, `can_edit`, `can_delete`, `created_at`) VALUES (748, 1, 3, 1, 1, 1, 1, '2019-11-27 16:56:32');
INSERT INTO `roles_permissions` (`id`, `role_id`, `perm_cat_id`, `can_view`, `can_add`, `can_edit`, `can_delete`, `created_at`) VALUES (749, 1, 4, 1, 1, 1, 1, '2019-11-27 16:56:48');
INSERT INTO `roles_permissions` (`id`, `role_id`, `perm_cat_id`, `can_view`, `can_add`, `can_edit`, `can_delete`, `created_at`) VALUES (751, 1, 128, 0, 1, 0, 1, '2019-11-27 16:57:01');
INSERT INTO `roles_permissions` (`id`, `role_id`, `perm_cat_id`, `can_view`, `can_add`, `can_edit`, `can_delete`, `created_at`) VALUES (754, 1, 134, 1, 1, 1, 1, '2019-11-27 17:18:21');
INSERT INTO `roles_permissions` (`id`, `role_id`, `perm_cat_id`, `can_view`, `can_add`, `can_edit`, `can_delete`, `created_at`) VALUES (755, 1, 5, 1, 1, 0, 1, '2019-11-27 17:35:07');
INSERT INTO `roles_permissions` (`id`, `role_id`, `perm_cat_id`, `can_view`, `can_add`, `can_edit`, `can_delete`, `created_at`) VALUES (756, 1, 6, 1, 0, 0, 0, '2019-11-27 17:35:25');
INSERT INTO `roles_permissions` (`id`, `role_id`, `perm_cat_id`, `can_view`, `can_add`, `can_edit`, `can_delete`, `created_at`) VALUES (757, 1, 7, 1, 1, 1, 1, '2019-11-27 17:36:35');
INSERT INTO `roles_permissions` (`id`, `role_id`, `perm_cat_id`, `can_view`, `can_add`, `can_edit`, `can_delete`, `created_at`) VALUES (758, 1, 8, 1, 1, 1, 1, '2019-11-27 17:37:27');
INSERT INTO `roles_permissions` (`id`, `role_id`, `perm_cat_id`, `can_view`, `can_add`, `can_edit`, `can_delete`, `created_at`) VALUES (760, 1, 68, 1, 0, 0, 0, '2019-11-27 17:38:06');
INSERT INTO `roles_permissions` (`id`, `role_id`, `perm_cat_id`, `can_view`, `can_add`, `can_edit`, `can_delete`, `created_at`) VALUES (761, 1, 69, 1, 1, 1, 1, '2019-11-27 17:39:06');
INSERT INTO `roles_permissions` (`id`, `role_id`, `perm_cat_id`, `can_view`, `can_add`, `can_edit`, `can_delete`, `created_at`) VALUES (762, 1, 70, 1, 1, 1, 1, '2019-11-27 17:39:41');
INSERT INTO `roles_permissions` (`id`, `role_id`, `perm_cat_id`, `can_view`, `can_add`, `can_edit`, `can_delete`, `created_at`) VALUES (763, 1, 71, 1, 0, 0, 0, '2019-11-27 17:39:59');
INSERT INTO `roles_permissions` (`id`, `role_id`, `perm_cat_id`, `can_view`, `can_add`, `can_edit`, `can_delete`, `created_at`) VALUES (765, 1, 73, 1, 0, 0, 0, '2019-11-27 17:43:15');
INSERT INTO `roles_permissions` (`id`, `role_id`, `perm_cat_id`, `can_view`, `can_add`, `can_edit`, `can_delete`, `created_at`) VALUES (766, 1, 74, 1, 0, 0, 0, '2019-11-27 17:43:55');
INSERT INTO `roles_permissions` (`id`, `role_id`, `perm_cat_id`, `can_view`, `can_add`, `can_edit`, `can_delete`, `created_at`) VALUES (768, 1, 11, 1, 0, 0, 0, '2019-11-27 17:45:46');
INSERT INTO `roles_permissions` (`id`, `role_id`, `perm_cat_id`, `can_view`, `can_add`, `can_edit`, `can_delete`, `created_at`) VALUES (769, 1, 122, 1, 0, 0, 0, '2019-11-27 17:52:43');
INSERT INTO `roles_permissions` (`id`, `role_id`, `perm_cat_id`, `can_view`, `can_add`, `can_edit`, `can_delete`, `created_at`) VALUES (771, 1, 136, 1, 0, 0, 0, '2019-11-27 17:55:36');
INSERT INTO `roles_permissions` (`id`, `role_id`, `perm_cat_id`, `can_view`, `can_add`, `can_edit`, `can_delete`, `created_at`) VALUES (772, 1, 20, 1, 1, 1, 1, '2019-11-27 22:06:44');
INSERT INTO `roles_permissions` (`id`, `role_id`, `perm_cat_id`, `can_view`, `can_add`, `can_edit`, `can_delete`, `created_at`) VALUES (773, 1, 137, 1, 1, 1, 1, '2019-11-27 18:46:14');
INSERT INTO `roles_permissions` (`id`, `role_id`, `perm_cat_id`, `can_view`, `can_add`, `can_edit`, `can_delete`, `created_at`) VALUES (774, 1, 141, 1, 1, 1, 1, '2019-11-27 18:59:42');
INSERT INTO `roles_permissions` (`id`, `role_id`, `perm_cat_id`, `can_view`, `can_add`, `can_edit`, `can_delete`, `created_at`) VALUES (775, 1, 142, 1, 0, 0, 0, '2019-11-27 17:56:12');
INSERT INTO `roles_permissions` (`id`, `role_id`, `perm_cat_id`, `can_view`, `can_add`, `can_edit`, `can_delete`, `created_at`) VALUES (776, 1, 143, 1, 1, 1, 1, '2019-11-27 18:59:42');
INSERT INTO `roles_permissions` (`id`, `role_id`, `perm_cat_id`, `can_view`, `can_add`, `can_edit`, `can_delete`, `created_at`) VALUES (777, 1, 144, 1, 0, 0, 0, '2019-11-27 17:56:12');
INSERT INTO `roles_permissions` (`id`, `role_id`, `perm_cat_id`, `can_view`, `can_add`, `can_edit`, `can_delete`, `created_at`) VALUES (778, 1, 187, 1, 0, 0, 0, '2019-11-27 17:56:12');
INSERT INTO `roles_permissions` (`id`, `role_id`, `perm_cat_id`, `can_view`, `can_add`, `can_edit`, `can_delete`, `created_at`) VALUES (779, 1, 196, 1, 0, 0, 0, '2019-11-27 17:56:12');
INSERT INTO `roles_permissions` (`id`, `role_id`, `perm_cat_id`, `can_view`, `can_add`, `can_edit`, `can_delete`, `created_at`) VALUES (781, 1, 207, 1, 0, 0, 0, '2019-11-27 17:56:12');
INSERT INTO `roles_permissions` (`id`, `role_id`, `perm_cat_id`, `can_view`, `can_add`, `can_edit`, `can_delete`, `created_at`) VALUES (782, 1, 208, 1, 0, 1, 0, '2019-11-27 18:10:22');
INSERT INTO `roles_permissions` (`id`, `role_id`, `perm_cat_id`, `can_view`, `can_add`, `can_edit`, `can_delete`, `created_at`) VALUES (783, 1, 210, 1, 0, 1, 0, '2019-11-27 18:34:40');
INSERT INTO `roles_permissions` (`id`, `role_id`, `perm_cat_id`, `can_view`, `can_add`, `can_edit`, `can_delete`, `created_at`) VALUES (784, 1, 211, 1, 0, 1, 0, '2019-11-27 18:38:23');
INSERT INTO `roles_permissions` (`id`, `role_id`, `perm_cat_id`, `can_view`, `can_add`, `can_edit`, `can_delete`, `created_at`) VALUES (785, 1, 212, 1, 0, 1, 0, '2019-11-27 18:42:15');
INSERT INTO `roles_permissions` (`id`, `role_id`, `perm_cat_id`, `can_view`, `can_add`, `can_edit`, `can_delete`, `created_at`) VALUES (786, 1, 205, 1, 1, 1, 1, '2019-11-27 18:42:15');
INSERT INTO `roles_permissions` (`id`, `role_id`, `perm_cat_id`, `can_view`, `can_add`, `can_edit`, `can_delete`, `created_at`) VALUES (787, 1, 222, 1, 0, 1, 0, '2019-11-27 19:36:36');
INSERT INTO `roles_permissions` (`id`, `role_id`, `perm_cat_id`, `can_view`, `can_add`, `can_edit`, `can_delete`, `created_at`) VALUES (788, 1, 77, 1, 1, 1, 1, '2019-11-28 00:22:10');
INSERT INTO `roles_permissions` (`id`, `role_id`, `perm_cat_id`, `can_view`, `can_add`, `can_edit`, `can_delete`, `created_at`) VALUES (789, 1, 188, 1, 1, 1, 1, '2019-11-28 00:26:16');
INSERT INTO `roles_permissions` (`id`, `role_id`, `perm_cat_id`, `can_view`, `can_add`, `can_edit`, `can_delete`, `created_at`) VALUES (790, 1, 23, 1, 1, 1, 1, '2019-11-28 00:34:20');
INSERT INTO `roles_permissions` (`id`, `role_id`, `perm_cat_id`, `can_view`, `can_add`, `can_edit`, `can_delete`, `created_at`) VALUES (791, 1, 25, 1, 1, 1, 1, '2019-11-28 00:36:20');
INSERT INTO `roles_permissions` (`id`, `role_id`, `perm_cat_id`, `can_view`, `can_add`, `can_edit`, `can_delete`, `created_at`) VALUES (792, 1, 127, 1, 0, 0, 0, '2019-11-28 00:41:25');
INSERT INTO `roles_permissions` (`id`, `role_id`, `perm_cat_id`, `can_view`, `can_add`, `can_edit`, `can_delete`, `created_at`) VALUES (794, 1, 88, 1, 1, 1, 0, '2019-11-28 00:43:04');
INSERT INTO `roles_permissions` (`id`, `role_id`, `perm_cat_id`, `can_view`, `can_add`, `can_edit`, `can_delete`, `created_at`) VALUES (795, 1, 90, 1, 1, 0, 1, '2019-11-28 00:46:22');
INSERT INTO `roles_permissions` (`id`, `role_id`, `perm_cat_id`, `can_view`, `can_add`, `can_edit`, `can_delete`, `created_at`) VALUES (796, 1, 108, 1, 0, 1, 1, '2021-01-23 01:09:32');
INSERT INTO `roles_permissions` (`id`, `role_id`, `perm_cat_id`, `can_view`, `can_add`, `can_edit`, `can_delete`, `created_at`) VALUES (797, 1, 109, 1, 1, 0, 0, '2019-11-28 17:38:11');
INSERT INTO `roles_permissions` (`id`, `role_id`, `perm_cat_id`, `can_view`, `can_add`, `can_edit`, `can_delete`, `created_at`) VALUES (798, 1, 110, 1, 1, 1, 1, '2019-11-28 17:49:29');
INSERT INTO `roles_permissions` (`id`, `role_id`, `perm_cat_id`, `can_view`, `can_add`, `can_edit`, `can_delete`, `created_at`) VALUES (799, 1, 111, 1, 1, 1, 1, '2019-11-28 17:49:57');
INSERT INTO `roles_permissions` (`id`, `role_id`, `perm_cat_id`, `can_view`, `can_add`, `can_edit`, `can_delete`, `created_at`) VALUES (800, 1, 112, 1, 1, 1, 1, '2019-11-28 17:49:57');
INSERT INTO `roles_permissions` (`id`, `role_id`, `perm_cat_id`, `can_view`, `can_add`, `can_edit`, `can_delete`, `created_at`) VALUES (801, 1, 129, 0, 1, 0, 1, '2019-11-28 17:49:57');
INSERT INTO `roles_permissions` (`id`, `role_id`, `perm_cat_id`, `can_view`, `can_add`, `can_edit`, `can_delete`, `created_at`) VALUES (802, 1, 189, 1, 0, 1, 1, '2019-11-28 17:59:22');
INSERT INTO `roles_permissions` (`id`, `role_id`, `perm_cat_id`, `can_view`, `can_add`, `can_edit`, `can_delete`, `created_at`) VALUES (810, 2, 1, 1, 1, 1, 1, '2019-11-29 20:54:16');
INSERT INTO `roles_permissions` (`id`, `role_id`, `perm_cat_id`, `can_view`, `can_add`, `can_edit`, `can_delete`, `created_at`) VALUES (817, 1, 93, 1, 1, 1, 1, '2019-11-28 18:56:14');
INSERT INTO `roles_permissions` (`id`, `role_id`, `perm_cat_id`, `can_view`, `can_add`, `can_edit`, `can_delete`, `created_at`) VALUES (825, 1, 87, 1, 0, 0, 0, '2019-11-28 18:56:14');
INSERT INTO `roles_permissions` (`id`, `role_id`, `perm_cat_id`, `can_view`, `can_add`, `can_edit`, `can_delete`, `created_at`) VALUES (829, 1, 94, 1, 1, 0, 0, '2019-11-28 18:57:57');
INSERT INTO `roles_permissions` (`id`, `role_id`, `perm_cat_id`, `can_view`, `can_add`, `can_edit`, `can_delete`, `created_at`) VALUES (836, 1, 146, 1, 0, 0, 0, '2019-11-28 19:13:28');
INSERT INTO `roles_permissions` (`id`, `role_id`, `perm_cat_id`, `can_view`, `can_add`, `can_edit`, `can_delete`, `created_at`) VALUES (837, 1, 147, 1, 0, 0, 0, '2019-11-28 19:13:28');
INSERT INTO `roles_permissions` (`id`, `role_id`, `perm_cat_id`, `can_view`, `can_add`, `can_edit`, `can_delete`, `created_at`) VALUES (838, 1, 148, 1, 0, 0, 0, '2019-11-28 19:13:28');
INSERT INTO `roles_permissions` (`id`, `role_id`, `perm_cat_id`, `can_view`, `can_add`, `can_edit`, `can_delete`, `created_at`) VALUES (839, 1, 149, 1, 0, 0, 0, '2019-11-28 19:13:28');
INSERT INTO `roles_permissions` (`id`, `role_id`, `perm_cat_id`, `can_view`, `can_add`, `can_edit`, `can_delete`, `created_at`) VALUES (840, 1, 150, 1, 0, 0, 0, '2019-11-28 19:13:28');
INSERT INTO `roles_permissions` (`id`, `role_id`, `perm_cat_id`, `can_view`, `can_add`, `can_edit`, `can_delete`, `created_at`) VALUES (841, 1, 151, 1, 0, 0, 0, '2019-11-28 19:13:28');
INSERT INTO `roles_permissions` (`id`, `role_id`, `perm_cat_id`, `can_view`, `can_add`, `can_edit`, `can_delete`, `created_at`) VALUES (842, 1, 152, 1, 0, 0, 0, '2019-11-28 19:13:28');
INSERT INTO `roles_permissions` (`id`, `role_id`, `perm_cat_id`, `can_view`, `can_add`, `can_edit`, `can_delete`, `created_at`) VALUES (843, 1, 154, 1, 0, 0, 0, '2019-11-28 19:13:28');
INSERT INTO `roles_permissions` (`id`, `role_id`, `perm_cat_id`, `can_view`, `can_add`, `can_edit`, `can_delete`, `created_at`) VALUES (862, 1, 155, 1, 0, 0, 0, '2019-11-28 20:07:30');
INSERT INTO `roles_permissions` (`id`, `role_id`, `perm_cat_id`, `can_view`, `can_add`, `can_edit`, `can_delete`, `created_at`) VALUES (863, 1, 156, 1, 0, 0, 0, '2019-11-28 20:07:52');
INSERT INTO `roles_permissions` (`id`, `role_id`, `perm_cat_id`, `can_view`, `can_add`, `can_edit`, `can_delete`, `created_at`) VALUES (864, 1, 157, 1, 0, 0, 0, '2019-11-28 20:08:05');
INSERT INTO `roles_permissions` (`id`, `role_id`, `perm_cat_id`, `can_view`, `can_add`, `can_edit`, `can_delete`, `created_at`) VALUES (874, 1, 158, 1, 0, 0, 0, '2019-11-28 20:14:03');
INSERT INTO `roles_permissions` (`id`, `role_id`, `perm_cat_id`, `can_view`, `can_add`, `can_edit`, `can_delete`, `created_at`) VALUES (875, 1, 159, 1, 0, 0, 0, '2019-11-28 20:14:31');
INSERT INTO `roles_permissions` (`id`, `role_id`, `perm_cat_id`, `can_view`, `can_add`, `can_edit`, `can_delete`, `created_at`) VALUES (876, 1, 160, 1, 0, 0, 0, '2019-11-28 20:14:44');
INSERT INTO `roles_permissions` (`id`, `role_id`, `perm_cat_id`, `can_view`, `can_add`, `can_edit`, `can_delete`, `created_at`) VALUES (878, 1, 162, 1, 0, 0, 0, '2019-11-28 20:15:58');
INSERT INTO `roles_permissions` (`id`, `role_id`, `perm_cat_id`, `can_view`, `can_add`, `can_edit`, `can_delete`, `created_at`) VALUES (879, 1, 163, 1, 0, 0, 0, '2019-11-28 20:16:19');
INSERT INTO `roles_permissions` (`id`, `role_id`, `perm_cat_id`, `can_view`, `can_add`, `can_edit`, `can_delete`, `created_at`) VALUES (882, 1, 164, 1, 0, 0, 0, '2019-11-28 20:25:17');
INSERT INTO `roles_permissions` (`id`, `role_id`, `perm_cat_id`, `can_view`, `can_add`, `can_edit`, `can_delete`, `created_at`) VALUES (884, 1, 165, 1, 0, 0, 0, '2019-11-28 20:25:30');
INSERT INTO `roles_permissions` (`id`, `role_id`, `perm_cat_id`, `can_view`, `can_add`, `can_edit`, `can_delete`, `created_at`) VALUES (886, 1, 197, 1, 0, 0, 0, '2019-11-28 20:25:48');
INSERT INTO `roles_permissions` (`id`, `role_id`, `perm_cat_id`, `can_view`, `can_add`, `can_edit`, `can_delete`, `created_at`) VALUES (887, 1, 219, 1, 0, 0, 0, '2019-11-28 20:26:05');
INSERT INTO `roles_permissions` (`id`, `role_id`, `perm_cat_id`, `can_view`, `can_add`, `can_edit`, `can_delete`, `created_at`) VALUES (889, 1, 220, 1, 0, 0, 0, '2019-11-28 20:26:22');
INSERT INTO `roles_permissions` (`id`, `role_id`, `perm_cat_id`, `can_view`, `can_add`, `can_edit`, `can_delete`, `created_at`) VALUES (932, 1, 204, 1, 0, 0, 0, '2019-11-28 21:43:27');
INSERT INTO `roles_permissions` (`id`, `role_id`, `perm_cat_id`, `can_view`, `can_add`, `can_edit`, `can_delete`, `created_at`) VALUES (933, 1, 221, 1, 0, 0, 0, '2019-11-28 21:45:04');
INSERT INTO `roles_permissions` (`id`, `role_id`, `perm_cat_id`, `can_view`, `can_add`, `can_edit`, `can_delete`, `created_at`) VALUES (934, 1, 178, 1, 0, 0, 0, '2019-11-28 21:45:16');
INSERT INTO `roles_permissions` (`id`, `role_id`, `perm_cat_id`, `can_view`, `can_add`, `can_edit`, `can_delete`, `created_at`) VALUES (935, 1, 179, 1, 0, 0, 0, '2019-11-28 21:45:33');
INSERT INTO `roles_permissions` (`id`, `role_id`, `perm_cat_id`, `can_view`, `can_add`, `can_edit`, `can_delete`, `created_at`) VALUES (936, 1, 161, 1, 0, 0, 0, '2019-11-28 21:45:48');
INSERT INTO `roles_permissions` (`id`, `role_id`, `perm_cat_id`, `can_view`, `can_add`, `can_edit`, `can_delete`, `created_at`) VALUES (937, 1, 180, 1, 0, 0, 0, '2019-11-28 21:45:48');
INSERT INTO `roles_permissions` (`id`, `role_id`, `perm_cat_id`, `can_view`, `can_add`, `can_edit`, `can_delete`, `created_at`) VALUES (938, 1, 181, 1, 0, 0, 0, '2019-11-28 21:49:33');
INSERT INTO `roles_permissions` (`id`, `role_id`, `perm_cat_id`, `can_view`, `can_add`, `can_edit`, `can_delete`, `created_at`) VALUES (939, 1, 182, 1, 0, 0, 0, '2019-11-28 21:49:45');
INSERT INTO `roles_permissions` (`id`, `role_id`, `perm_cat_id`, `can_view`, `can_add`, `can_edit`, `can_delete`, `created_at`) VALUES (940, 1, 183, 1, 0, 0, 0, '2019-11-28 21:49:56');
INSERT INTO `roles_permissions` (`id`, `role_id`, `perm_cat_id`, `can_view`, `can_add`, `can_edit`, `can_delete`, `created_at`) VALUES (941, 1, 174, 1, 0, 0, 0, '2019-11-28 21:50:53');
INSERT INTO `roles_permissions` (`id`, `role_id`, `perm_cat_id`, `can_view`, `can_add`, `can_edit`, `can_delete`, `created_at`) VALUES (943, 1, 176, 1, 0, 0, 0, '2019-11-28 21:52:10');
INSERT INTO `roles_permissions` (`id`, `role_id`, `perm_cat_id`, `can_view`, `can_add`, `can_edit`, `can_delete`, `created_at`) VALUES (944, 1, 177, 1, 0, 0, 0, '2019-11-28 21:52:22');
INSERT INTO `roles_permissions` (`id`, `role_id`, `perm_cat_id`, `can_view`, `can_add`, `can_edit`, `can_delete`, `created_at`) VALUES (945, 1, 53, 0, 1, 0, 1, '2021-01-23 01:09:32');
INSERT INTO `roles_permissions` (`id`, `role_id`, `perm_cat_id`, `can_view`, `can_add`, `can_edit`, `can_delete`, `created_at`) VALUES (946, 1, 215, 1, 0, 0, 0, '2019-11-28 22:01:37');
INSERT INTO `roles_permissions` (`id`, `role_id`, `perm_cat_id`, `can_view`, `can_add`, `can_edit`, `can_delete`, `created_at`) VALUES (947, 1, 213, 1, 0, 0, 0, '2019-11-28 22:07:45');
INSERT INTO `roles_permissions` (`id`, `role_id`, `perm_cat_id`, `can_view`, `can_add`, `can_edit`, `can_delete`, `created_at`) VALUES (974, 1, 224, 1, 0, 0, 0, '2019-11-28 22:32:52');
INSERT INTO `roles_permissions` (`id`, `role_id`, `perm_cat_id`, `can_view`, `can_add`, `can_edit`, `can_delete`, `created_at`) VALUES (1026, 1, 135, 1, 0, 1, 0, '2019-11-29 00:02:12');
INSERT INTO `roles_permissions` (`id`, `role_id`, `perm_cat_id`, `can_view`, `can_add`, `can_edit`, `can_delete`, `created_at`) VALUES (1031, 1, 228, 1, 0, 0, 0, '2019-11-29 00:21:16');
INSERT INTO `roles_permissions` (`id`, `role_id`, `perm_cat_id`, `can_view`, `can_add`, `can_edit`, `can_delete`, `created_at`) VALUES (1083, 1, 175, 1, 0, 0, 0, '2019-11-29 18:37:24');
INSERT INTO `roles_permissions` (`id`, `role_id`, `perm_cat_id`, `can_view`, `can_add`, `can_edit`, `can_delete`, `created_at`) VALUES (1086, 1, 43, 1, 1, 1, 1, '2019-11-29 18:49:39');
INSERT INTO `roles_permissions` (`id`, `role_id`, `perm_cat_id`, `can_view`, `can_add`, `can_edit`, `can_delete`, `created_at`) VALUES (1087, 1, 44, 1, 0, 0, 0, '2019-11-29 18:49:39');
INSERT INTO `roles_permissions` (`id`, `role_id`, `perm_cat_id`, `can_view`, `can_add`, `can_edit`, `can_delete`, `created_at`) VALUES (1088, 1, 46, 1, 0, 0, 0, '2019-11-29 18:49:39');
INSERT INTO `roles_permissions` (`id`, `role_id`, `perm_cat_id`, `can_view`, `can_add`, `can_edit`, `can_delete`, `created_at`) VALUES (1089, 1, 217, 1, 0, 0, 0, '2019-11-29 18:49:39');
INSERT INTO `roles_permissions` (`id`, `role_id`, `perm_cat_id`, `can_view`, `can_add`, `can_edit`, `can_delete`, `created_at`) VALUES (1090, 1, 98, 1, 1, 1, 1, '2019-11-29 19:32:51');
INSERT INTO `roles_permissions` (`id`, `role_id`, `perm_cat_id`, `can_view`, `can_add`, `can_edit`, `can_delete`, `created_at`) VALUES (1091, 1, 99, 1, 0, 0, 0, '2019-11-29 19:30:18');
INSERT INTO `roles_permissions` (`id`, `role_id`, `perm_cat_id`, `can_view`, `can_add`, `can_edit`, `can_delete`, `created_at`) VALUES (1092, 1, 223, 1, 0, 0, 0, '2019-11-29 19:32:51');
INSERT INTO `roles_permissions` (`id`, `role_id`, `perm_cat_id`, `can_view`, `can_add`, `can_edit`, `can_delete`, `created_at`) VALUES (1103, 2, 205, 1, 1, 1, 1, '2019-11-29 19:56:04');
INSERT INTO `roles_permissions` (`id`, `role_id`, `perm_cat_id`, `can_view`, `can_add`, `can_edit`, `can_delete`, `created_at`) VALUES (1105, 2, 23, 1, 0, 0, 0, '2019-11-29 19:56:04');
INSERT INTO `roles_permissions` (`id`, `role_id`, `perm_cat_id`, `can_view`, `can_add`, `can_edit`, `can_delete`, `created_at`) VALUES (1106, 2, 24, 1, 0, 0, 0, '2019-11-29 19:56:04');
INSERT INTO `roles_permissions` (`id`, `role_id`, `perm_cat_id`, `can_view`, `can_add`, `can_edit`, `can_delete`, `created_at`) VALUES (1107, 2, 25, 1, 0, 0, 0, '2019-11-29 19:56:04');
INSERT INTO `roles_permissions` (`id`, `role_id`, `perm_cat_id`, `can_view`, `can_add`, `can_edit`, `can_delete`, `created_at`) VALUES (1108, 2, 77, 1, 0, 0, 0, '2019-11-29 19:56:04');
INSERT INTO `roles_permissions` (`id`, `role_id`, `perm_cat_id`, `can_view`, `can_add`, `can_edit`, `can_delete`, `created_at`) VALUES (1119, 2, 117, 1, 0, 0, 0, '2019-11-29 19:56:04');
INSERT INTO `roles_permissions` (`id`, `role_id`, `perm_cat_id`, `can_view`, `can_add`, `can_edit`, `can_delete`, `created_at`) VALUES (1123, 3, 8, 1, 1, 1, 1, '2019-11-30 00:46:18');
INSERT INTO `roles_permissions` (`id`, `role_id`, `perm_cat_id`, `can_view`, `can_add`, `can_edit`, `can_delete`, `created_at`) VALUES (1125, 3, 69, 1, 1, 1, 1, '2019-11-30 01:00:49');
INSERT INTO `roles_permissions` (`id`, `role_id`, `perm_cat_id`, `can_view`, `can_add`, `can_edit`, `can_delete`, `created_at`) VALUES (1126, 3, 70, 1, 1, 1, 1, '2019-11-30 01:04:46');
INSERT INTO `roles_permissions` (`id`, `role_id`, `perm_cat_id`, `can_view`, `can_add`, `can_edit`, `can_delete`, `created_at`) VALUES (1130, 3, 9, 1, 1, 1, 1, '2019-11-30 01:14:54');
INSERT INTO `roles_permissions` (`id`, `role_id`, `perm_cat_id`, `can_view`, `can_add`, `can_edit`, `can_delete`, `created_at`) VALUES (1131, 3, 10, 1, 1, 1, 1, '2019-11-30 01:16:02');
INSERT INTO `roles_permissions` (`id`, `role_id`, `perm_cat_id`, `can_view`, `can_add`, `can_edit`, `can_delete`, `created_at`) VALUES (1134, 3, 35, 1, 1, 1, 1, '2019-11-30 01:25:04');
INSERT INTO `roles_permissions` (`id`, `role_id`, `perm_cat_id`, `can_view`, `can_add`, `can_edit`, `can_delete`, `created_at`) VALUES (1135, 3, 104, 1, 1, 1, 1, '2019-11-30 01:25:53');
INSERT INTO `roles_permissions` (`id`, `role_id`, `perm_cat_id`, `can_view`, `can_add`, `can_edit`, `can_delete`, `created_at`) VALUES (1140, 3, 41, 1, 1, 1, 1, '2019-11-30 01:37:13');
INSERT INTO `roles_permissions` (`id`, `role_id`, `perm_cat_id`, `can_view`, `can_add`, `can_edit`, `can_delete`, `created_at`) VALUES (1141, 3, 42, 1, 1, 1, 1, '2019-11-30 01:37:46');
INSERT INTO `roles_permissions` (`id`, `role_id`, `perm_cat_id`, `can_view`, `can_add`, `can_edit`, `can_delete`, `created_at`) VALUES (1142, 3, 43, 1, 1, 1, 1, '2019-11-30 01:42:06');
INSERT INTO `roles_permissions` (`id`, `role_id`, `perm_cat_id`, `can_view`, `can_add`, `can_edit`, `can_delete`, `created_at`) VALUES (1151, 3, 87, 1, 0, 0, 0, '2019-11-29 20:23:13');
INSERT INTO `roles_permissions` (`id`, `role_id`, `perm_cat_id`, `can_view`, `can_add`, `can_edit`, `can_delete`, `created_at`) VALUES (1152, 3, 88, 1, 1, 1, 0, '2019-11-29 20:23:13');
INSERT INTO `roles_permissions` (`id`, `role_id`, `perm_cat_id`, `can_view`, `can_add`, `can_edit`, `can_delete`, `created_at`) VALUES (1153, 3, 90, 1, 1, 0, 1, '2019-11-29 20:23:13');
INSERT INTO `roles_permissions` (`id`, `role_id`, `perm_cat_id`, `can_view`, `can_add`, `can_edit`, `can_delete`, `created_at`) VALUES (1154, 3, 108, 1, 0, 1, 0, '2019-11-29 20:23:13');
INSERT INTO `roles_permissions` (`id`, `role_id`, `perm_cat_id`, `can_view`, `can_add`, `can_edit`, `can_delete`, `created_at`) VALUES (1155, 3, 109, 1, 1, 0, 0, '2019-11-29 20:23:13');
INSERT INTO `roles_permissions` (`id`, `role_id`, `perm_cat_id`, `can_view`, `can_add`, `can_edit`, `can_delete`, `created_at`) VALUES (1156, 3, 110, 1, 1, 1, 1, '2019-11-29 20:23:13');
INSERT INTO `roles_permissions` (`id`, `role_id`, `perm_cat_id`, `can_view`, `can_add`, `can_edit`, `can_delete`, `created_at`) VALUES (1157, 3, 111, 1, 1, 1, 1, '2019-11-29 20:23:13');
INSERT INTO `roles_permissions` (`id`, `role_id`, `perm_cat_id`, `can_view`, `can_add`, `can_edit`, `can_delete`, `created_at`) VALUES (1158, 3, 112, 1, 1, 1, 1, '2019-11-29 20:23:13');
INSERT INTO `roles_permissions` (`id`, `role_id`, `perm_cat_id`, `can_view`, `can_add`, `can_edit`, `can_delete`, `created_at`) VALUES (1159, 3, 127, 1, 0, 0, 0, '2019-11-29 20:23:13');
INSERT INTO `roles_permissions` (`id`, `role_id`, `perm_cat_id`, `can_view`, `can_add`, `can_edit`, `can_delete`, `created_at`) VALUES (1160, 3, 129, 0, 1, 0, 1, '2019-11-29 20:23:13');
INSERT INTO `roles_permissions` (`id`, `role_id`, `perm_cat_id`, `can_view`, `can_add`, `can_edit`, `can_delete`, `created_at`) VALUES (1161, 3, 102, 1, 1, 1, 1, '2019-11-29 20:23:13');
INSERT INTO `roles_permissions` (`id`, `role_id`, `perm_cat_id`, `can_view`, `can_add`, `can_edit`, `can_delete`, `created_at`) VALUES (1162, 3, 106, 1, 0, 0, 0, '2019-11-29 20:23:13');
INSERT INTO `roles_permissions` (`id`, `role_id`, `perm_cat_id`, `can_view`, `can_add`, `can_edit`, `can_delete`, `created_at`) VALUES (1163, 3, 113, 1, 0, 0, 0, '2019-11-29 20:23:13');
INSERT INTO `roles_permissions` (`id`, `role_id`, `perm_cat_id`, `can_view`, `can_add`, `can_edit`, `can_delete`, `created_at`) VALUES (1164, 3, 114, 1, 0, 0, 0, '2019-11-29 20:23:13');
INSERT INTO `roles_permissions` (`id`, `role_id`, `perm_cat_id`, `can_view`, `can_add`, `can_edit`, `can_delete`, `created_at`) VALUES (1165, 3, 115, 1, 0, 0, 0, '2019-11-29 20:23:13');
INSERT INTO `roles_permissions` (`id`, `role_id`, `perm_cat_id`, `can_view`, `can_add`, `can_edit`, `can_delete`, `created_at`) VALUES (1166, 3, 116, 1, 0, 0, 0, '2019-11-29 20:23:13');
INSERT INTO `roles_permissions` (`id`, `role_id`, `perm_cat_id`, `can_view`, `can_add`, `can_edit`, `can_delete`, `created_at`) VALUES (1167, 3, 117, 1, 0, 0, 0, '2019-11-29 20:23:13');
INSERT INTO `roles_permissions` (`id`, `role_id`, `perm_cat_id`, `can_view`, `can_add`, `can_edit`, `can_delete`, `created_at`) VALUES (1168, 3, 118, 1, 0, 0, 0, '2019-11-29 20:23:13');
INSERT INTO `roles_permissions` (`id`, `role_id`, `perm_cat_id`, `can_view`, `can_add`, `can_edit`, `can_delete`, `created_at`) VALUES (1171, 2, 142, 1, 0, 0, 0, '2019-11-29 20:36:17');
INSERT INTO `roles_permissions` (`id`, `role_id`, `perm_cat_id`, `can_view`, `can_add`, `can_edit`, `can_delete`, `created_at`) VALUES (1172, 2, 144, 1, 0, 0, 0, '2019-11-29 20:36:17');
INSERT INTO `roles_permissions` (`id`, `role_id`, `perm_cat_id`, `can_view`, `can_add`, `can_edit`, `can_delete`, `created_at`) VALUES (1179, 2, 212, 1, 0, 1, 0, '2019-11-29 20:36:17');
INSERT INTO `roles_permissions` (`id`, `role_id`, `perm_cat_id`, `can_view`, `can_add`, `can_edit`, `can_delete`, `created_at`) VALUES (1183, 2, 148, 1, 0, 0, 0, '2019-11-29 20:36:17');
INSERT INTO `roles_permissions` (`id`, `role_id`, `perm_cat_id`, `can_view`, `can_add`, `can_edit`, `can_delete`, `created_at`) VALUES (1184, 2, 149, 1, 0, 0, 0, '2019-11-29 20:36:17');
INSERT INTO `roles_permissions` (`id`, `role_id`, `perm_cat_id`, `can_view`, `can_add`, `can_edit`, `can_delete`, `created_at`) VALUES (1185, 2, 150, 1, 0, 0, 0, '2019-11-29 20:36:17');
INSERT INTO `roles_permissions` (`id`, `role_id`, `perm_cat_id`, `can_view`, `can_add`, `can_edit`, `can_delete`, `created_at`) VALUES (1186, 2, 151, 1, 0, 0, 0, '2019-11-29 20:36:17');
INSERT INTO `roles_permissions` (`id`, `role_id`, `perm_cat_id`, `can_view`, `can_add`, `can_edit`, `can_delete`, `created_at`) VALUES (1187, 2, 152, 1, 0, 0, 0, '2019-11-29 20:36:17');
INSERT INTO `roles_permissions` (`id`, `role_id`, `perm_cat_id`, `can_view`, `can_add`, `can_edit`, `can_delete`, `created_at`) VALUES (1188, 2, 153, 1, 0, 0, 0, '2019-11-29 20:36:17');
INSERT INTO `roles_permissions` (`id`, `role_id`, `perm_cat_id`, `can_view`, `can_add`, `can_edit`, `can_delete`, `created_at`) VALUES (1189, 2, 154, 1, 0, 0, 0, '2019-11-29 20:36:17');
INSERT INTO `roles_permissions` (`id`, `role_id`, `perm_cat_id`, `can_view`, `can_add`, `can_edit`, `can_delete`, `created_at`) VALUES (1190, 2, 197, 1, 0, 0, 0, '2019-11-29 20:36:17');
INSERT INTO `roles_permissions` (`id`, `role_id`, `perm_cat_id`, `can_view`, `can_add`, `can_edit`, `can_delete`, `created_at`) VALUES (1191, 2, 198, 1, 0, 0, 0, '2019-11-29 20:36:17');
INSERT INTO `roles_permissions` (`id`, `role_id`, `perm_cat_id`, `can_view`, `can_add`, `can_edit`, `can_delete`, `created_at`) VALUES (1193, 2, 200, 1, 0, 0, 0, '2019-11-29 20:36:17');
INSERT INTO `roles_permissions` (`id`, `role_id`, `perm_cat_id`, `can_view`, `can_add`, `can_edit`, `can_delete`, `created_at`) VALUES (1194, 2, 201, 1, 0, 0, 0, '2019-11-29 20:36:17');
INSERT INTO `roles_permissions` (`id`, `role_id`, `perm_cat_id`, `can_view`, `can_add`, `can_edit`, `can_delete`, `created_at`) VALUES (1195, 2, 202, 1, 0, 0, 0, '2019-11-29 20:36:17');
INSERT INTO `roles_permissions` (`id`, `role_id`, `perm_cat_id`, `can_view`, `can_add`, `can_edit`, `can_delete`, `created_at`) VALUES (1196, 2, 203, 1, 0, 0, 0, '2019-11-29 20:36:17');
INSERT INTO `roles_permissions` (`id`, `role_id`, `perm_cat_id`, `can_view`, `can_add`, `can_edit`, `can_delete`, `created_at`) VALUES (1197, 2, 219, 1, 0, 0, 0, '2019-11-29 20:36:17');
INSERT INTO `roles_permissions` (`id`, `role_id`, `perm_cat_id`, `can_view`, `can_add`, `can_edit`, `can_delete`, `created_at`) VALUES (1198, 2, 223, 1, 0, 0, 0, '2019-11-29 20:36:17');
INSERT INTO `roles_permissions` (`id`, `role_id`, `perm_cat_id`, `can_view`, `can_add`, `can_edit`, `can_delete`, `created_at`) VALUES (1199, 2, 213, 1, 0, 0, 0, '2019-11-29 20:36:17');
INSERT INTO `roles_permissions` (`id`, `role_id`, `perm_cat_id`, `can_view`, `can_add`, `can_edit`, `can_delete`, `created_at`) VALUES (1201, 2, 230, 1, 0, 0, 0, '2019-11-29 20:36:17');
INSERT INTO `roles_permissions` (`id`, `role_id`, `perm_cat_id`, `can_view`, `can_add`, `can_edit`, `can_delete`, `created_at`) VALUES (1204, 2, 214, 1, 0, 1, 0, '2019-11-29 20:36:17');
INSERT INTO `roles_permissions` (`id`, `role_id`, `perm_cat_id`, `can_view`, `can_add`, `can_edit`, `can_delete`, `created_at`) VALUES (1206, 2, 224, 1, 0, 0, 0, '2019-11-29 20:36:17');
INSERT INTO `roles_permissions` (`id`, `role_id`, `perm_cat_id`, `can_view`, `can_add`, `can_edit`, `can_delete`, `created_at`) VALUES (1208, 2, 2, 1, 0, 0, 0, '2019-11-29 20:55:45');
INSERT INTO `roles_permissions` (`id`, `role_id`, `perm_cat_id`, `can_view`, `can_add`, `can_edit`, `can_delete`, `created_at`) VALUES (1210, 2, 143, 1, 1, 1, 1, '2019-11-29 20:57:28');
INSERT INTO `roles_permissions` (`id`, `role_id`, `perm_cat_id`, `can_view`, `can_add`, `can_edit`, `can_delete`, `created_at`) VALUES (1211, 2, 145, 1, 0, 0, 0, '2019-11-29 20:57:28');
INSERT INTO `roles_permissions` (`id`, `role_id`, `perm_cat_id`, `can_view`, `can_add`, `can_edit`, `can_delete`, `created_at`) VALUES (1214, 2, 3, 1, 1, 1, 1, '2019-11-29 21:03:18');
INSERT INTO `roles_permissions` (`id`, `role_id`, `perm_cat_id`, `can_view`, `can_add`, `can_edit`, `can_delete`, `created_at`) VALUES (1216, 2, 4, 1, 1, 1, 1, '2019-11-29 21:32:56');
INSERT INTO `roles_permissions` (`id`, `role_id`, `perm_cat_id`, `can_view`, `can_add`, `can_edit`, `can_delete`, `created_at`) VALUES (1218, 2, 128, 0, 1, 0, 1, '2019-11-29 21:37:44');
INSERT INTO `roles_permissions` (`id`, `role_id`, `perm_cat_id`, `can_view`, `can_add`, `can_edit`, `can_delete`, `created_at`) VALUES (1220, 3, 135, 1, 0, 1, 0, '2019-11-30 01:08:56');
INSERT INTO `roles_permissions` (`id`, `role_id`, `perm_cat_id`, `can_view`, `can_add`, `can_edit`, `can_delete`, `created_at`) VALUES (1231, 3, 190, 1, 0, 0, 0, '2019-11-29 21:44:02');
INSERT INTO `roles_permissions` (`id`, `role_id`, `perm_cat_id`, `can_view`, `can_add`, `can_edit`, `can_delete`, `created_at`) VALUES (1232, 3, 192, 1, 0, 0, 0, '2019-11-29 21:44:02');
INSERT INTO `roles_permissions` (`id`, `role_id`, `perm_cat_id`, `can_view`, `can_add`, `can_edit`, `can_delete`, `created_at`) VALUES (1233, 3, 226, 1, 0, 0, 0, '2019-11-29 21:44:02');
INSERT INTO `roles_permissions` (`id`, `role_id`, `perm_cat_id`, `can_view`, `can_add`, `can_edit`, `can_delete`, `created_at`) VALUES (1234, 3, 227, 1, 0, 0, 0, '2019-11-29 21:44:02');
INSERT INTO `roles_permissions` (`id`, `role_id`, `perm_cat_id`, `can_view`, `can_add`, `can_edit`, `can_delete`, `created_at`) VALUES (1235, 3, 224, 1, 0, 0, 0, '2019-11-29 21:44:02');
INSERT INTO `roles_permissions` (`id`, `role_id`, `perm_cat_id`, `can_view`, `can_add`, `can_edit`, `can_delete`, `created_at`) VALUES (1236, 2, 15, 1, 1, 1, 0, '2019-11-29 21:54:25');
INSERT INTO `roles_permissions` (`id`, `role_id`, `perm_cat_id`, `can_view`, `can_add`, `can_edit`, `can_delete`, `created_at`) VALUES (1239, 2, 122, 1, 0, 0, 0, '2019-11-29 21:57:48');
INSERT INTO `roles_permissions` (`id`, `role_id`, `perm_cat_id`, `can_view`, `can_add`, `can_edit`, `can_delete`, `created_at`) VALUES (1240, 2, 136, 1, 0, 0, 0, '2019-11-29 21:57:48');
INSERT INTO `roles_permissions` (`id`, `role_id`, `perm_cat_id`, `can_view`, `can_add`, `can_edit`, `can_delete`, `created_at`) VALUES (1242, 6, 217, 1, 0, 0, 0, '2019-11-29 22:00:13');
INSERT INTO `roles_permissions` (`id`, `role_id`, `perm_cat_id`, `can_view`, `can_add`, `can_edit`, `can_delete`, `created_at`) VALUES (1243, 6, 224, 1, 0, 0, 0, '2019-11-29 22:00:13');
INSERT INTO `roles_permissions` (`id`, `role_id`, `perm_cat_id`, `can_view`, `can_add`, `can_edit`, `can_delete`, `created_at`) VALUES (1245, 2, 20, 1, 1, 1, 1, '2019-11-29 22:01:28');
INSERT INTO `roles_permissions` (`id`, `role_id`, `perm_cat_id`, `can_view`, `can_add`, `can_edit`, `can_delete`, `created_at`) VALUES (1246, 2, 137, 1, 1, 1, 1, '2019-11-29 22:02:40');
INSERT INTO `roles_permissions` (`id`, `role_id`, `perm_cat_id`, `can_view`, `can_add`, `can_edit`, `can_delete`, `created_at`) VALUES (1248, 2, 141, 1, 1, 1, 1, '2019-11-29 22:04:04');
INSERT INTO `roles_permissions` (`id`, `role_id`, `perm_cat_id`, `can_view`, `can_add`, `can_edit`, `can_delete`, `created_at`) VALUES (1250, 2, 187, 1, 0, 0, 0, '2019-11-29 22:11:19');
INSERT INTO `roles_permissions` (`id`, `role_id`, `perm_cat_id`, `can_view`, `can_add`, `can_edit`, `can_delete`, `created_at`) VALUES (1252, 2, 207, 1, 0, 0, 0, '2019-11-29 22:21:21');
INSERT INTO `roles_permissions` (`id`, `role_id`, `perm_cat_id`, `can_view`, `can_add`, `can_edit`, `can_delete`, `created_at`) VALUES (1253, 2, 208, 1, 0, 1, 0, '2019-11-29 22:22:00');
INSERT INTO `roles_permissions` (`id`, `role_id`, `perm_cat_id`, `can_view`, `can_add`, `can_edit`, `can_delete`, `created_at`) VALUES (1255, 2, 210, 1, 0, 1, 0, '2019-11-29 22:22:58');
INSERT INTO `roles_permissions` (`id`, `role_id`, `perm_cat_id`, `can_view`, `can_add`, `can_edit`, `can_delete`, `created_at`) VALUES (1256, 2, 211, 1, 0, 1, 0, '2019-11-29 22:24:03');
INSERT INTO `roles_permissions` (`id`, `role_id`, `perm_cat_id`, `can_view`, `can_add`, `can_edit`, `can_delete`, `created_at`) VALUES (1257, 2, 21, 1, 0, 0, 0, '2019-11-29 22:32:59');
INSERT INTO `roles_permissions` (`id`, `role_id`, `perm_cat_id`, `can_view`, `can_add`, `can_edit`, `can_delete`, `created_at`) VALUES (1259, 2, 188, 1, 0, 0, 0, '2019-11-29 22:34:35');
INSERT INTO `roles_permissions` (`id`, `role_id`, `perm_cat_id`, `can_view`, `can_add`, `can_edit`, `can_delete`, `created_at`) VALUES (1260, 2, 27, 1, 0, 0, 0, '2019-11-29 22:36:13');
INSERT INTO `roles_permissions` (`id`, `role_id`, `perm_cat_id`, `can_view`, `can_add`, `can_edit`, `can_delete`, `created_at`) VALUES (1262, 2, 43, 1, 1, 1, 1, '2019-11-29 22:39:42');
INSERT INTO `roles_permissions` (`id`, `role_id`, `perm_cat_id`, `can_view`, `can_add`, `can_edit`, `can_delete`, `created_at`) VALUES (1263, 2, 44, 1, 0, 0, 0, '2019-11-29 22:41:43');
INSERT INTO `roles_permissions` (`id`, `role_id`, `perm_cat_id`, `can_view`, `can_add`, `can_edit`, `can_delete`, `created_at`) VALUES (1264, 2, 46, 1, 0, 0, 0, '2019-11-29 22:41:43');
INSERT INTO `roles_permissions` (`id`, `role_id`, `perm_cat_id`, `can_view`, `can_add`, `can_edit`, `can_delete`, `created_at`) VALUES (1265, 2, 217, 1, 0, 0, 0, '2019-11-29 22:41:43');
INSERT INTO `roles_permissions` (`id`, `role_id`, `perm_cat_id`, `can_view`, `can_add`, `can_edit`, `can_delete`, `created_at`) VALUES (1266, 2, 146, 1, 0, 0, 0, '2019-11-29 22:46:35');
INSERT INTO `roles_permissions` (`id`, `role_id`, `perm_cat_id`, `can_view`, `can_add`, `can_edit`, `can_delete`, `created_at`) VALUES (1267, 2, 147, 1, 0, 0, 0, '2019-11-29 22:47:37');
INSERT INTO `roles_permissions` (`id`, `role_id`, `perm_cat_id`, `can_view`, `can_add`, `can_edit`, `can_delete`, `created_at`) VALUES (1269, 2, 164, 1, 0, 0, 0, '2019-11-29 22:51:04');
INSERT INTO `roles_permissions` (`id`, `role_id`, `perm_cat_id`, `can_view`, `can_add`, `can_edit`, `can_delete`, `created_at`) VALUES (1271, 2, 109, 1, 1, 0, 0, '2019-11-29 23:03:37');
INSERT INTO `roles_permissions` (`id`, `role_id`, `perm_cat_id`, `can_view`, `can_add`, `can_edit`, `can_delete`, `created_at`) VALUES (1272, 2, 93, 1, 1, 1, 1, '2019-11-29 23:07:25');
INSERT INTO `roles_permissions` (`id`, `role_id`, `perm_cat_id`, `can_view`, `can_add`, `can_edit`, `can_delete`, `created_at`) VALUES (1273, 2, 94, 1, 1, 0, 0, '2019-11-29 23:07:42');
INSERT INTO `roles_permissions` (`id`, `role_id`, `perm_cat_id`, `can_view`, `can_add`, `can_edit`, `can_delete`, `created_at`) VALUES (1275, 2, 102, 1, 1, 1, 1, '2019-11-29 23:11:22');
INSERT INTO `roles_permissions` (`id`, `role_id`, `perm_cat_id`, `can_view`, `can_add`, `can_edit`, `can_delete`, `created_at`) VALUES (1277, 2, 196, 1, 0, 0, 0, '2019-11-29 23:15:01');
INSERT INTO `roles_permissions` (`id`, `role_id`, `perm_cat_id`, `can_view`, `can_add`, `can_edit`, `can_delete`, `created_at`) VALUES (1278, 2, 195, 1, 0, 0, 0, '2019-11-29 23:19:08');
INSERT INTO `roles_permissions` (`id`, `role_id`, `perm_cat_id`, `can_view`, `can_add`, `can_edit`, `can_delete`, `created_at`) VALUES (1279, 2, 185, 1, 1, 1, 1, '2019-11-29 23:21:44');
INSERT INTO `roles_permissions` (`id`, `role_id`, `perm_cat_id`, `can_view`, `can_add`, `can_edit`, `can_delete`, `created_at`) VALUES (1280, 2, 186, 1, 1, 1, 1, '2019-11-29 23:22:43');
INSERT INTO `roles_permissions` (`id`, `role_id`, `perm_cat_id`, `can_view`, `can_add`, `can_edit`, `can_delete`, `created_at`) VALUES (1281, 2, 222, 1, 0, 1, 0, '2019-11-29 23:24:30');
INSERT INTO `roles_permissions` (`id`, `role_id`, `perm_cat_id`, `can_view`, `can_add`, `can_edit`, `can_delete`, `created_at`) VALUES (1283, 3, 5, 1, 1, 0, 1, '2019-11-30 00:43:04');
INSERT INTO `roles_permissions` (`id`, `role_id`, `perm_cat_id`, `can_view`, `can_add`, `can_edit`, `can_delete`, `created_at`) VALUES (1284, 3, 6, 1, 0, 0, 0, '2019-11-30 00:43:29');
INSERT INTO `roles_permissions` (`id`, `role_id`, `perm_cat_id`, `can_view`, `can_add`, `can_edit`, `can_delete`, `created_at`) VALUES (1285, 3, 7, 1, 1, 1, 1, '2019-11-30 00:44:39');
INSERT INTO `roles_permissions` (`id`, `role_id`, `perm_cat_id`, `can_view`, `can_add`, `can_edit`, `can_delete`, `created_at`) VALUES (1286, 3, 68, 1, 0, 0, 0, '2019-11-30 00:46:58');
INSERT INTO `roles_permissions` (`id`, `role_id`, `perm_cat_id`, `can_view`, `can_add`, `can_edit`, `can_delete`, `created_at`) VALUES (1287, 3, 71, 1, 0, 0, 0, '2019-11-30 01:05:41');
INSERT INTO `roles_permissions` (`id`, `role_id`, `perm_cat_id`, `can_view`, `can_add`, `can_edit`, `can_delete`, `created_at`) VALUES (1288, 3, 73, 1, 0, 0, 0, '2019-11-30 01:05:59');
INSERT INTO `roles_permissions` (`id`, `role_id`, `perm_cat_id`, `can_view`, `can_add`, `can_edit`, `can_delete`, `created_at`) VALUES (1289, 3, 74, 1, 0, 0, 0, '2019-11-30 01:06:08');
INSERT INTO `roles_permissions` (`id`, `role_id`, `perm_cat_id`, `can_view`, `can_add`, `can_edit`, `can_delete`, `created_at`) VALUES (1290, 3, 11, 1, 0, 0, 0, '2019-11-30 01:16:37');
INSERT INTO `roles_permissions` (`id`, `role_id`, `perm_cat_id`, `can_view`, `can_add`, `can_edit`, `can_delete`, `created_at`) VALUES (1291, 3, 12, 1, 1, 1, 1, '2019-11-30 01:19:29');
INSERT INTO `roles_permissions` (`id`, `role_id`, `perm_cat_id`, `can_view`, `can_add`, `can_edit`, `can_delete`, `created_at`) VALUES (1292, 3, 13, 1, 1, 1, 1, '2019-11-30 01:22:27');
INSERT INTO `roles_permissions` (`id`, `role_id`, `perm_cat_id`, `can_view`, `can_add`, `can_edit`, `can_delete`, `created_at`) VALUES (1294, 3, 14, 1, 0, 0, 0, '2019-11-30 01:22:55');
INSERT INTO `roles_permissions` (`id`, `role_id`, `perm_cat_id`, `can_view`, `can_add`, `can_edit`, `can_delete`, `created_at`) VALUES (1295, 3, 31, 1, 1, 1, 1, '2019-12-02 00:30:37');
INSERT INTO `roles_permissions` (`id`, `role_id`, `perm_cat_id`, `can_view`, `can_add`, `can_edit`, `can_delete`, `created_at`) VALUES (1297, 3, 37, 1, 1, 1, 1, '2019-11-30 01:28:09');
INSERT INTO `roles_permissions` (`id`, `role_id`, `perm_cat_id`, `can_view`, `can_add`, `can_edit`, `can_delete`, `created_at`) VALUES (1298, 3, 38, 1, 1, 1, 1, '2019-11-30 01:29:02');
INSERT INTO `roles_permissions` (`id`, `role_id`, `perm_cat_id`, `can_view`, `can_add`, `can_edit`, `can_delete`, `created_at`) VALUES (1299, 3, 39, 1, 1, 1, 1, '2019-11-30 01:30:07');
INSERT INTO `roles_permissions` (`id`, `role_id`, `perm_cat_id`, `can_view`, `can_add`, `can_edit`, `can_delete`, `created_at`) VALUES (1300, 3, 40, 1, 1, 1, 1, '2019-11-30 01:32:43');
INSERT INTO `roles_permissions` (`id`, `role_id`, `perm_cat_id`, `can_view`, `can_add`, `can_edit`, `can_delete`, `created_at`) VALUES (1301, 3, 44, 1, 0, 0, 0, '2019-11-30 01:44:09');
INSERT INTO `roles_permissions` (`id`, `role_id`, `perm_cat_id`, `can_view`, `can_add`, `can_edit`, `can_delete`, `created_at`) VALUES (1302, 3, 46, 1, 0, 0, 0, '2019-11-30 01:44:09');
INSERT INTO `roles_permissions` (`id`, `role_id`, `perm_cat_id`, `can_view`, `can_add`, `can_edit`, `can_delete`, `created_at`) VALUES (1303, 3, 217, 1, 0, 0, 0, '2019-11-30 01:44:09');
INSERT INTO `roles_permissions` (`id`, `role_id`, `perm_cat_id`, `can_view`, `can_add`, `can_edit`, `can_delete`, `created_at`) VALUES (1304, 3, 155, 1, 0, 0, 0, '2019-11-30 01:44:32');
INSERT INTO `roles_permissions` (`id`, `role_id`, `perm_cat_id`, `can_view`, `can_add`, `can_edit`, `can_delete`, `created_at`) VALUES (1305, 3, 156, 1, 0, 0, 0, '2019-11-30 01:45:18');
INSERT INTO `roles_permissions` (`id`, `role_id`, `perm_cat_id`, `can_view`, `can_add`, `can_edit`, `can_delete`, `created_at`) VALUES (1306, 3, 157, 1, 0, 0, 0, '2019-11-30 01:45:42');
INSERT INTO `roles_permissions` (`id`, `role_id`, `perm_cat_id`, `can_view`, `can_add`, `can_edit`, `can_delete`, `created_at`) VALUES (1307, 3, 158, 1, 0, 0, 0, '2019-11-30 01:46:07');
INSERT INTO `roles_permissions` (`id`, `role_id`, `perm_cat_id`, `can_view`, `can_add`, `can_edit`, `can_delete`, `created_at`) VALUES (1308, 3, 159, 1, 0, 0, 0, '2019-11-30 01:46:21');
INSERT INTO `roles_permissions` (`id`, `role_id`, `perm_cat_id`, `can_view`, `can_add`, `can_edit`, `can_delete`, `created_at`) VALUES (1309, 3, 160, 1, 0, 0, 0, '2019-11-30 01:46:33');
INSERT INTO `roles_permissions` (`id`, `role_id`, `perm_cat_id`, `can_view`, `can_add`, `can_edit`, `can_delete`, `created_at`) VALUES (1313, 3, 161, 1, 0, 0, 0, '2019-11-30 01:48:26');
INSERT INTO `roles_permissions` (`id`, `role_id`, `perm_cat_id`, `can_view`, `can_add`, `can_edit`, `can_delete`, `created_at`) VALUES (1314, 3, 162, 1, 0, 0, 0, '2019-11-30 01:48:48');
INSERT INTO `roles_permissions` (`id`, `role_id`, `perm_cat_id`, `can_view`, `can_add`, `can_edit`, `can_delete`, `created_at`) VALUES (1315, 3, 163, 1, 0, 0, 0, '2019-11-30 01:48:48');
INSERT INTO `roles_permissions` (`id`, `role_id`, `perm_cat_id`, `can_view`, `can_add`, `can_edit`, `can_delete`, `created_at`) VALUES (1316, 3, 164, 1, 0, 0, 0, '2019-11-30 01:49:47');
INSERT INTO `roles_permissions` (`id`, `role_id`, `perm_cat_id`, `can_view`, `can_add`, `can_edit`, `can_delete`, `created_at`) VALUES (1317, 3, 165, 1, 0, 0, 0, '2019-11-30 01:49:47');
INSERT INTO `roles_permissions` (`id`, `role_id`, `perm_cat_id`, `can_view`, `can_add`, `can_edit`, `can_delete`, `created_at`) VALUES (1318, 3, 174, 1, 0, 0, 0, '2019-11-30 01:49:47');
INSERT INTO `roles_permissions` (`id`, `role_id`, `perm_cat_id`, `can_view`, `can_add`, `can_edit`, `can_delete`, `created_at`) VALUES (1319, 3, 175, 1, 0, 0, 0, '2019-11-30 01:49:59');
INSERT INTO `roles_permissions` (`id`, `role_id`, `perm_cat_id`, `can_view`, `can_add`, `can_edit`, `can_delete`, `created_at`) VALUES (1320, 3, 181, 1, 0, 0, 0, '2019-11-30 01:50:08');
INSERT INTO `roles_permissions` (`id`, `role_id`, `perm_cat_id`, `can_view`, `can_add`, `can_edit`, `can_delete`, `created_at`) VALUES (1321, 3, 86, 1, 1, 1, 1, '2019-11-30 01:54:08');
INSERT INTO `roles_permissions` (`id`, `role_id`, `perm_cat_id`, `can_view`, `can_add`, `can_edit`, `can_delete`, `created_at`) VALUES (1322, 4, 28, 1, 1, 1, 1, '2019-11-30 18:52:39');
INSERT INTO `roles_permissions` (`id`, `role_id`, `perm_cat_id`, `can_view`, `can_add`, `can_edit`, `can_delete`, `created_at`) VALUES (1324, 4, 29, 1, 0, 0, 0, '2019-11-30 18:53:46');
INSERT INTO `roles_permissions` (`id`, `role_id`, `perm_cat_id`, `can_view`, `can_add`, `can_edit`, `can_delete`, `created_at`) VALUES (1325, 4, 30, 1, 0, 0, 0, '2019-11-30 18:53:59');
INSERT INTO `roles_permissions` (`id`, `role_id`, `perm_cat_id`, `can_view`, `can_add`, `can_edit`, `can_delete`, `created_at`) VALUES (1326, 4, 123, 1, 0, 0, 0, '2019-11-30 18:54:26');
INSERT INTO `roles_permissions` (`id`, `role_id`, `perm_cat_id`, `can_view`, `can_add`, `can_edit`, `can_delete`, `created_at`) VALUES (1327, 4, 228, 1, 0, 0, 0, '2019-11-30 18:54:39');
INSERT INTO `roles_permissions` (`id`, `role_id`, `perm_cat_id`, `can_view`, `can_add`, `can_edit`, `can_delete`, `created_at`) VALUES (1328, 4, 43, 1, 1, 1, 1, '2019-11-30 18:58:05');
INSERT INTO `roles_permissions` (`id`, `role_id`, `perm_cat_id`, `can_view`, `can_add`, `can_edit`, `can_delete`, `created_at`) VALUES (1332, 4, 44, 1, 0, 0, 0, '2019-11-30 18:59:16');
INSERT INTO `roles_permissions` (`id`, `role_id`, `perm_cat_id`, `can_view`, `can_add`, `can_edit`, `can_delete`, `created_at`) VALUES (1333, 4, 46, 1, 0, 0, 0, '2019-11-30 18:59:16');
INSERT INTO `roles_permissions` (`id`, `role_id`, `perm_cat_id`, `can_view`, `can_add`, `can_edit`, `can_delete`, `created_at`) VALUES (1334, 4, 217, 1, 0, 0, 0, '2019-11-30 18:59:16');
INSERT INTO `roles_permissions` (`id`, `role_id`, `perm_cat_id`, `can_view`, `can_add`, `can_edit`, `can_delete`, `created_at`) VALUES (1335, 4, 178, 1, 0, 0, 0, '2019-11-30 18:59:59');
INSERT INTO `roles_permissions` (`id`, `role_id`, `perm_cat_id`, `can_view`, `can_add`, `can_edit`, `can_delete`, `created_at`) VALUES (1336, 4, 179, 1, 0, 0, 0, '2019-11-30 19:00:11');
INSERT INTO `roles_permissions` (`id`, `role_id`, `perm_cat_id`, `can_view`, `can_add`, `can_edit`, `can_delete`, `created_at`) VALUES (1337, 4, 180, 1, 0, 0, 0, '2019-11-30 19:00:29');
INSERT INTO `roles_permissions` (`id`, `role_id`, `perm_cat_id`, `can_view`, `can_add`, `can_edit`, `can_delete`, `created_at`) VALUES (1338, 4, 221, 1, 0, 0, 0, '2019-11-30 19:00:46');
INSERT INTO `roles_permissions` (`id`, `role_id`, `perm_cat_id`, `can_view`, `can_add`, `can_edit`, `can_delete`, `created_at`) VALUES (1339, 4, 86, 1, 0, 0, 0, '2019-11-30 19:01:02');
INSERT INTO `roles_permissions` (`id`, `role_id`, `perm_cat_id`, `can_view`, `can_add`, `can_edit`, `can_delete`, `created_at`) VALUES (1341, 4, 106, 1, 0, 0, 0, '2019-11-30 19:05:21');
INSERT INTO `roles_permissions` (`id`, `role_id`, `perm_cat_id`, `can_view`, `can_add`, `can_edit`, `can_delete`, `created_at`) VALUES (1342, 1, 107, 1, 0, 0, 0, '2019-11-30 19:06:44');
INSERT INTO `roles_permissions` (`id`, `role_id`, `perm_cat_id`, `can_view`, `can_add`, `can_edit`, `can_delete`, `created_at`) VALUES (1343, 4, 117, 1, 0, 0, 0, '2019-11-30 19:10:20');
INSERT INTO `roles_permissions` (`id`, `role_id`, `perm_cat_id`, `can_view`, `can_add`, `can_edit`, `can_delete`, `created_at`) VALUES (1344, 4, 194, 1, 0, 0, 0, '2019-11-30 19:11:35');
INSERT INTO `roles_permissions` (`id`, `role_id`, `perm_cat_id`, `can_view`, `can_add`, `can_edit`, `can_delete`, `created_at`) VALUES (1348, 4, 230, 1, 0, 0, 0, '2019-11-30 19:19:15');
INSERT INTO `roles_permissions` (`id`, `role_id`, `perm_cat_id`, `can_view`, `can_add`, `can_edit`, `can_delete`, `created_at`) VALUES (1350, 6, 1, 1, 0, 0, 0, '2019-11-30 19:35:32');
INSERT INTO `roles_permissions` (`id`, `role_id`, `perm_cat_id`, `can_view`, `can_add`, `can_edit`, `can_delete`, `created_at`) VALUES (1351, 6, 21, 1, 0, 0, 0, '2019-11-30 19:36:29');
INSERT INTO `roles_permissions` (`id`, `role_id`, `perm_cat_id`, `can_view`, `can_add`, `can_edit`, `can_delete`, `created_at`) VALUES (1352, 6, 23, 1, 0, 0, 0, '2019-11-30 19:36:45');
INSERT INTO `roles_permissions` (`id`, `role_id`, `perm_cat_id`, `can_view`, `can_add`, `can_edit`, `can_delete`, `created_at`) VALUES (1353, 6, 24, 1, 0, 0, 0, '2019-11-30 19:37:05');
INSERT INTO `roles_permissions` (`id`, `role_id`, `perm_cat_id`, `can_view`, `can_add`, `can_edit`, `can_delete`, `created_at`) VALUES (1354, 6, 25, 1, 0, 0, 0, '2019-11-30 19:37:34');
INSERT INTO `roles_permissions` (`id`, `role_id`, `perm_cat_id`, `can_view`, `can_add`, `can_edit`, `can_delete`, `created_at`) VALUES (1355, 6, 77, 1, 0, 0, 0, '2019-11-30 19:38:08');
INSERT INTO `roles_permissions` (`id`, `role_id`, `perm_cat_id`, `can_view`, `can_add`, `can_edit`, `can_delete`, `created_at`) VALUES (1356, 6, 188, 1, 0, 0, 0, '2019-11-30 19:38:45');
INSERT INTO `roles_permissions` (`id`, `role_id`, `perm_cat_id`, `can_view`, `can_add`, `can_edit`, `can_delete`, `created_at`) VALUES (1357, 6, 43, 1, 1, 1, 1, '2019-11-30 19:40:44');
INSERT INTO `roles_permissions` (`id`, `role_id`, `perm_cat_id`, `can_view`, `can_add`, `can_edit`, `can_delete`, `created_at`) VALUES (1358, 6, 78, 1, 1, 1, 1, '2019-11-30 19:43:04');
INSERT INTO `roles_permissions` (`id`, `role_id`, `perm_cat_id`, `can_view`, `can_add`, `can_edit`, `can_delete`, `created_at`) VALUES (1360, 6, 79, 1, 1, 0, 1, '2019-11-30 19:44:39');
INSERT INTO `roles_permissions` (`id`, `role_id`, `perm_cat_id`, `can_view`, `can_add`, `can_edit`, `can_delete`, `created_at`) VALUES (1361, 6, 80, 1, 1, 1, 1, '2019-11-30 19:45:08');
INSERT INTO `roles_permissions` (`id`, `role_id`, `perm_cat_id`, `can_view`, `can_add`, `can_edit`, `can_delete`, `created_at`) VALUES (1362, 6, 81, 1, 1, 1, 1, '2019-11-30 19:47:50');
INSERT INTO `roles_permissions` (`id`, `role_id`, `perm_cat_id`, `can_view`, `can_add`, `can_edit`, `can_delete`, `created_at`) VALUES (1363, 6, 85, 1, 1, 1, 1, '2019-11-30 19:50:43');
INSERT INTO `roles_permissions` (`id`, `role_id`, `perm_cat_id`, `can_view`, `can_add`, `can_edit`, `can_delete`, `created_at`) VALUES (1364, 6, 86, 1, 0, 0, 0, '2019-11-30 19:51:10');
INSERT INTO `roles_permissions` (`id`, `role_id`, `perm_cat_id`, `can_view`, `can_add`, `can_edit`, `can_delete`, `created_at`) VALUES (1365, 6, 106, 1, 0, 0, 0, '2019-11-30 19:52:55');
INSERT INTO `roles_permissions` (`id`, `role_id`, `perm_cat_id`, `can_view`, `can_add`, `can_edit`, `can_delete`, `created_at`) VALUES (1366, 6, 117, 1, 0, 0, 0, '2019-11-30 19:53:08');
INSERT INTO `roles_permissions` (`id`, `role_id`, `perm_cat_id`, `can_view`, `can_add`, `can_edit`, `can_delete`, `created_at`) VALUES (1394, 1, 106, 1, 0, 0, 0, '2019-12-01 23:20:33');
INSERT INTO `roles_permissions` (`id`, `role_id`, `perm_cat_id`, `can_view`, `can_add`, `can_edit`, `can_delete`, `created_at`) VALUES (1395, 1, 113, 1, 0, 0, 0, '2019-12-01 23:20:59');
INSERT INTO `roles_permissions` (`id`, `role_id`, `perm_cat_id`, `can_view`, `can_add`, `can_edit`, `can_delete`, `created_at`) VALUES (1396, 1, 114, 1, 0, 0, 0, '2019-12-01 23:21:34');
INSERT INTO `roles_permissions` (`id`, `role_id`, `perm_cat_id`, `can_view`, `can_add`, `can_edit`, `can_delete`, `created_at`) VALUES (1397, 1, 115, 1, 0, 0, 0, '2019-12-01 23:21:34');
INSERT INTO `roles_permissions` (`id`, `role_id`, `perm_cat_id`, `can_view`, `can_add`, `can_edit`, `can_delete`, `created_at`) VALUES (1398, 1, 116, 1, 0, 0, 0, '2019-12-01 23:21:54');
INSERT INTO `roles_permissions` (`id`, `role_id`, `perm_cat_id`, `can_view`, `can_add`, `can_edit`, `can_delete`, `created_at`) VALUES (1399, 1, 117, 1, 0, 0, 0, '2019-12-01 23:22:04');
INSERT INTO `roles_permissions` (`id`, `role_id`, `perm_cat_id`, `can_view`, `can_add`, `can_edit`, `can_delete`, `created_at`) VALUES (1400, 1, 118, 1, 0, 0, 0, '2019-12-01 23:22:20');
INSERT INTO `roles_permissions` (`id`, `role_id`, `perm_cat_id`, `can_view`, `can_add`, `can_edit`, `can_delete`, `created_at`) VALUES (1402, 1, 191, 1, 0, 0, 0, '2019-12-01 23:23:34');
INSERT INTO `roles_permissions` (`id`, `role_id`, `perm_cat_id`, `can_view`, `can_add`, `can_edit`, `can_delete`, `created_at`) VALUES (1403, 1, 192, 1, 0, 0, 0, '2019-12-01 23:23:47');
INSERT INTO `roles_permissions` (`id`, `role_id`, `perm_cat_id`, `can_view`, `can_add`, `can_edit`, `can_delete`, `created_at`) VALUES (1404, 1, 193, 1, 0, 0, 0, '2019-12-01 23:23:58');
INSERT INTO `roles_permissions` (`id`, `role_id`, `perm_cat_id`, `can_view`, `can_add`, `can_edit`, `can_delete`, `created_at`) VALUES (1405, 1, 194, 1, 0, 0, 0, '2019-12-01 23:24:11');
INSERT INTO `roles_permissions` (`id`, `role_id`, `perm_cat_id`, `can_view`, `can_add`, `can_edit`, `can_delete`, `created_at`) VALUES (1406, 1, 195, 1, 0, 0, 0, '2019-12-01 23:24:20');
INSERT INTO `roles_permissions` (`id`, `role_id`, `perm_cat_id`, `can_view`, `can_add`, `can_edit`, `can_delete`, `created_at`) VALUES (1408, 1, 227, 1, 0, 0, 0, '2019-12-01 23:25:47');
INSERT INTO `roles_permissions` (`id`, `role_id`, `perm_cat_id`, `can_view`, `can_add`, `can_edit`, `can_delete`, `created_at`) VALUES (1410, 1, 226, 1, 0, 0, 0, '2019-12-01 23:31:41');
INSERT INTO `roles_permissions` (`id`, `role_id`, `perm_cat_id`, `can_view`, `can_add`, `can_edit`, `can_delete`, `created_at`) VALUES (1411, 1, 229, 1, 0, 0, 0, '2019-12-01 23:32:57');
INSERT INTO `roles_permissions` (`id`, `role_id`, `perm_cat_id`, `can_view`, `can_add`, `can_edit`, `can_delete`, `created_at`) VALUES (1412, 1, 230, 1, 0, 0, 0, '2019-12-01 23:32:57');
INSERT INTO `roles_permissions` (`id`, `role_id`, `perm_cat_id`, `can_view`, `can_add`, `can_edit`, `can_delete`, `created_at`) VALUES (1413, 1, 190, 1, 0, 0, 0, '2019-12-01 23:43:41');
INSERT INTO `roles_permissions` (`id`, `role_id`, `perm_cat_id`, `can_view`, `can_add`, `can_edit`, `can_delete`, `created_at`) VALUES (1414, 2, 174, 1, 0, 0, 0, '2019-12-01 23:54:37');
INSERT INTO `roles_permissions` (`id`, `role_id`, `perm_cat_id`, `can_view`, `can_add`, `can_edit`, `can_delete`, `created_at`) VALUES (1415, 2, 175, 1, 0, 0, 0, '2019-12-01 23:54:37');
INSERT INTO `roles_permissions` (`id`, `role_id`, `perm_cat_id`, `can_view`, `can_add`, `can_edit`, `can_delete`, `created_at`) VALUES (1418, 2, 232, 1, 0, 1, 1, '2019-12-02 00:11:27');
INSERT INTO `roles_permissions` (`id`, `role_id`, `perm_cat_id`, `can_view`, `can_add`, `can_edit`, `can_delete`, `created_at`) VALUES (1419, 2, 231, 1, 0, 0, 0, '2019-12-02 00:12:28');
INSERT INTO `roles_permissions` (`id`, `role_id`, `perm_cat_id`, `can_view`, `can_add`, `can_edit`, `can_delete`, `created_at`) VALUES (1420, 1, 231, 1, 1, 1, 1, '2021-01-23 01:09:32');
INSERT INTO `roles_permissions` (`id`, `role_id`, `perm_cat_id`, `can_view`, `can_add`, `can_edit`, `can_delete`, `created_at`) VALUES (1421, 1, 232, 1, 0, 1, 1, '2019-12-02 00:19:32');
INSERT INTO `roles_permissions` (`id`, `role_id`, `perm_cat_id`, `can_view`, `can_add`, `can_edit`, `can_delete`, `created_at`) VALUES (1422, 3, 32, 1, 1, 1, 1, '2019-12-02 00:30:37');
INSERT INTO `roles_permissions` (`id`, `role_id`, `perm_cat_id`, `can_view`, `can_add`, `can_edit`, `can_delete`, `created_at`) VALUES (1423, 3, 33, 1, 1, 1, 1, '2019-12-02 00:30:37');
INSERT INTO `roles_permissions` (`id`, `role_id`, `perm_cat_id`, `can_view`, `can_add`, `can_edit`, `can_delete`, `created_at`) VALUES (1424, 3, 34, 1, 1, 1, 1, '2019-12-02 00:30:37');
INSERT INTO `roles_permissions` (`id`, `role_id`, `perm_cat_id`, `can_view`, `can_add`, `can_edit`, `can_delete`, `created_at`) VALUES (1425, 3, 182, 1, 0, 0, 0, '2019-12-02 00:30:37');
INSERT INTO `roles_permissions` (`id`, `role_id`, `perm_cat_id`, `can_view`, `can_add`, `can_edit`, `can_delete`, `created_at`) VALUES (1426, 3, 183, 1, 0, 0, 0, '2019-12-02 00:30:37');
INSERT INTO `roles_permissions` (`id`, `role_id`, `perm_cat_id`, `can_view`, `can_add`, `can_edit`, `can_delete`, `created_at`) VALUES (1427, 3, 189, 1, 0, 1, 1, '2019-12-02 00:30:37');
INSERT INTO `roles_permissions` (`id`, `role_id`, `perm_cat_id`, `can_view`, `can_add`, `can_edit`, `can_delete`, `created_at`) VALUES (1428, 3, 229, 1, 0, 0, 0, '2019-12-02 00:30:37');
INSERT INTO `roles_permissions` (`id`, `role_id`, `perm_cat_id`, `can_view`, `can_add`, `can_edit`, `can_delete`, `created_at`) VALUES (1429, 3, 230, 1, 0, 0, 0, '2019-12-02 00:30:37');
INSERT INTO `roles_permissions` (`id`, `role_id`, `perm_cat_id`, `can_view`, `can_add`, `can_edit`, `can_delete`, `created_at`) VALUES (1430, 4, 213, 1, 0, 0, 0, '2019-12-02 00:32:14');
INSERT INTO `roles_permissions` (`id`, `role_id`, `perm_cat_id`, `can_view`, `can_add`, `can_edit`, `can_delete`, `created_at`) VALUES (1432, 4, 224, 1, 0, 0, 0, '2019-12-02 00:32:14');
INSERT INTO `roles_permissions` (`id`, `role_id`, `perm_cat_id`, `can_view`, `can_add`, `can_edit`, `can_delete`, `created_at`) VALUES (1433, 4, 195, 1, 0, 0, 0, '2019-12-02 22:57:53');
INSERT INTO `roles_permissions` (`id`, `role_id`, `perm_cat_id`, `can_view`, `can_add`, `can_edit`, `can_delete`, `created_at`) VALUES (1434, 4, 229, 1, 0, 0, 0, '2019-12-02 22:58:19');
INSERT INTO `roles_permissions` (`id`, `role_id`, `perm_cat_id`, `can_view`, `can_add`, `can_edit`, `can_delete`, `created_at`) VALUES (1436, 6, 213, 1, 0, 0, 0, '2019-12-02 23:10:11');
INSERT INTO `roles_permissions` (`id`, `role_id`, `perm_cat_id`, `can_view`, `can_add`, `can_edit`, `can_delete`, `created_at`) VALUES (1437, 6, 191, 1, 0, 0, 0, '2019-12-02 23:10:11');
INSERT INTO `roles_permissions` (`id`, `role_id`, `perm_cat_id`, `can_view`, `can_add`, `can_edit`, `can_delete`, `created_at`) VALUES (1438, 6, 193, 1, 0, 0, 0, '2019-12-02 23:10:11');
INSERT INTO `roles_permissions` (`id`, `role_id`, `perm_cat_id`, `can_view`, `can_add`, `can_edit`, `can_delete`, `created_at`) VALUES (1439, 6, 230, 1, 0, 0, 0, '2019-12-02 23:10:11');
INSERT INTO `roles_permissions` (`id`, `role_id`, `perm_cat_id`, `can_view`, `can_add`, `can_edit`, `can_delete`, `created_at`) VALUES (1440, 2, 106, 1, 0, 0, 0, '2020-01-24 22:21:36');
INSERT INTO `roles_permissions` (`id`, `role_id`, `perm_cat_id`, `can_view`, `can_add`, `can_edit`, `can_delete`, `created_at`) VALUES (1441, 2, 107, 1, 0, 0, 0, '2020-02-11 20:10:13');
INSERT INTO `roles_permissions` (`id`, `role_id`, `perm_cat_id`, `can_view`, `can_add`, `can_edit`, `can_delete`, `created_at`) VALUES (1442, 2, 134, 1, 1, 1, 1, '2020-02-11 20:12:36');
INSERT INTO `roles_permissions` (`id`, `role_id`, `perm_cat_id`, `can_view`, `can_add`, `can_edit`, `can_delete`, `created_at`) VALUES (1443, 1, 233, 1, 0, 0, 0, '2020-02-11 20:21:57');
INSERT INTO `roles_permissions` (`id`, `role_id`, `perm_cat_id`, `can_view`, `can_add`, `can_edit`, `can_delete`, `created_at`) VALUES (1444, 2, 86, 1, 0, 0, 0, '2020-02-11 20:22:33');
INSERT INTO `roles_permissions` (`id`, `role_id`, `perm_cat_id`, `can_view`, `can_add`, `can_edit`, `can_delete`, `created_at`) VALUES (1445, 3, 233, 1, 0, 0, 0, '2020-02-11 21:51:17');
INSERT INTO `roles_permissions` (`id`, `role_id`, `perm_cat_id`, `can_view`, `can_add`, `can_edit`, `can_delete`, `created_at`) VALUES (1446, 1, 234, 1, 1, 1, 1, '2020-06-01 16:51:09');
INSERT INTO `roles_permissions` (`id`, `role_id`, `perm_cat_id`, `can_view`, `can_add`, `can_edit`, `can_delete`, `created_at`) VALUES (1447, 1, 235, 1, 1, 1, 1, '2020-05-29 18:17:01');
INSERT INTO `roles_permissions` (`id`, `role_id`, `perm_cat_id`, `can_view`, `can_add`, `can_edit`, `can_delete`, `created_at`) VALUES (1448, 1, 236, 1, 1, 1, 0, '2020-05-29 18:17:52');
INSERT INTO `roles_permissions` (`id`, `role_id`, `perm_cat_id`, `can_view`, `can_add`, `can_edit`, `can_delete`, `created_at`) VALUES (1449, 1, 237, 1, 0, 1, 0, '2020-05-29 18:18:18');
INSERT INTO `roles_permissions` (`id`, `role_id`, `perm_cat_id`, `can_view`, `can_add`, `can_edit`, `can_delete`, `created_at`) VALUES (1450, 1, 238, 1, 1, 1, 1, '2020-05-29 18:19:52');
INSERT INTO `roles_permissions` (`id`, `role_id`, `perm_cat_id`, `can_view`, `can_add`, `can_edit`, `can_delete`, `created_at`) VALUES (1451, 1, 239, 1, 1, 1, 1, '2020-05-29 18:22:10');
INSERT INTO `roles_permissions` (`id`, `role_id`, `perm_cat_id`, `can_view`, `can_add`, `can_edit`, `can_delete`, `created_at`) VALUES (1452, 2, 236, 1, 1, 1, 0, '2020-05-29 18:40:33');
INSERT INTO `roles_permissions` (`id`, `role_id`, `perm_cat_id`, `can_view`, `can_add`, `can_edit`, `can_delete`, `created_at`) VALUES (1453, 2, 237, 1, 0, 1, 0, '2020-05-29 18:40:33');
INSERT INTO `roles_permissions` (`id`, `role_id`, `perm_cat_id`, `can_view`, `can_add`, `can_edit`, `can_delete`, `created_at`) VALUES (1454, 2, 238, 1, 1, 1, 1, '2020-05-29 18:40:33');
INSERT INTO `roles_permissions` (`id`, `role_id`, `perm_cat_id`, `can_view`, `can_add`, `can_edit`, `can_delete`, `created_at`) VALUES (1455, 2, 239, 1, 1, 1, 1, '2020-05-29 18:40:33');
INSERT INTO `roles_permissions` (`id`, `role_id`, `perm_cat_id`, `can_view`, `can_add`, `can_edit`, `can_delete`, `created_at`) VALUES (1456, 2, 240, 1, 0, 0, 0, '2020-05-28 15:51:18');
INSERT INTO `roles_permissions` (`id`, `role_id`, `perm_cat_id`, `can_view`, `can_add`, `can_edit`, `can_delete`, `created_at`) VALUES (1457, 2, 241, 1, 0, 0, 0, '2020-05-28 15:51:18');
INSERT INTO `roles_permissions` (`id`, `role_id`, `perm_cat_id`, `can_view`, `can_add`, `can_edit`, `can_delete`, `created_at`) VALUES (1458, 1, 240, 1, 0, 0, 0, '2020-06-07 13:30:42');
INSERT INTO `roles_permissions` (`id`, `role_id`, `perm_cat_id`, `can_view`, `can_add`, `can_edit`, `can_delete`, `created_at`) VALUES (1459, 1, 241, 1, 0, 0, 0, '2020-06-07 13:30:42');
INSERT INTO `roles_permissions` (`id`, `role_id`, `perm_cat_id`, `can_view`, `can_add`, `can_edit`, `can_delete`, `created_at`) VALUES (1460, 1, 242, 1, 0, 0, 0, '2020-06-07 13:30:42');
INSERT INTO `roles_permissions` (`id`, `role_id`, `perm_cat_id`, `can_view`, `can_add`, `can_edit`, `can_delete`, `created_at`) VALUES (1461, 2, 242, 1, 0, 0, 0, '2020-06-11 17:45:24');
INSERT INTO `roles_permissions` (`id`, `role_id`, `perm_cat_id`, `can_view`, `can_add`, `can_edit`, `can_delete`, `created_at`) VALUES (1462, 3, 242, 1, 0, 0, 0, '2020-06-14 17:46:54');
INSERT INTO `roles_permissions` (`id`, `role_id`, `perm_cat_id`, `can_view`, `can_add`, `can_edit`, `can_delete`, `created_at`) VALUES (1463, 6, 242, 1, 0, 0, 0, '2020-06-14 17:48:14');
INSERT INTO `roles_permissions` (`id`, `role_id`, `perm_cat_id`, `can_view`, `can_add`, `can_edit`, `can_delete`, `created_at`) VALUES (1464, 1, 243, 1, 0, 0, 0, '2020-09-12 01:05:45');
INSERT INTO `roles_permissions` (`id`, `role_id`, `perm_cat_id`, `can_view`, `can_add`, `can_edit`, `can_delete`, `created_at`) VALUES (1465, 1, 109, 1, 1, 0, 0, '2020-09-21 01:33:50');
INSERT INTO `roles_permissions` (`id`, `role_id`, `perm_cat_id`, `can_view`, `can_add`, `can_edit`, `can_delete`, `created_at`) VALUES (1466, 1, 108, 1, 1, 1, 1, '2020-09-21 01:50:36');
INSERT INTO `roles_permissions` (`id`, `role_id`, `perm_cat_id`, `can_view`, `can_add`, `can_edit`, `can_delete`, `created_at`) VALUES (1467, 1, 244, 1, 0, 0, 0, '2020-09-21 01:59:54');
INSERT INTO `roles_permissions` (`id`, `role_id`, `perm_cat_id`, `can_view`, `can_add`, `can_edit`, `can_delete`, `created_at`) VALUES (1468, 1, 245, 1, 0, 0, 0, '2020-09-21 01:59:54');
INSERT INTO `roles_permissions` (`id`, `role_id`, `perm_cat_id`, `can_view`, `can_add`, `can_edit`, `can_delete`, `created_at`) VALUES (1469, 1, 246, 1, 0, 0, 0, '2020-09-21 01:59:54');
INSERT INTO `roles_permissions` (`id`, `role_id`, `perm_cat_id`, `can_view`, `can_add`, `can_edit`, `can_delete`, `created_at`) VALUES (1470, 1, 247, 1, 0, 0, 0, '2021-01-07 00:12:14');
INSERT INTO `roles_permissions` (`id`, `role_id`, `perm_cat_id`, `can_view`, `can_add`, `can_edit`, `can_delete`, `created_at`) VALUES (1472, 2, 247, 1, 0, 0, 0, '2021-01-21 06:46:40');
INSERT INTO `roles_permissions` (`id`, `role_id`, `perm_cat_id`, `can_view`, `can_add`, `can_edit`, `can_delete`, `created_at`) VALUES (1473, 1, 248, 1, 1, 1, 1, '2021-05-19 07:52:49');
INSERT INTO `roles_permissions` (`id`, `role_id`, `perm_cat_id`, `can_view`, `can_add`, `can_edit`, `can_delete`, `created_at`) VALUES (1474, 1, 249, 1, 0, 0, 0, '2021-05-19 07:52:49');
INSERT INTO `roles_permissions` (`id`, `role_id`, `perm_cat_id`, `can_view`, `can_add`, `can_edit`, `can_delete`, `created_at`) VALUES (1475, 2, 248, 1, 1, 1, 1, '2021-05-28 08:11:52');
INSERT INTO `roles_permissions` (`id`, `role_id`, `perm_cat_id`, `can_view`, `can_add`, `can_edit`, `can_delete`, `created_at`) VALUES (1476, 3, 248, 1, 1, 1, 1, '2021-05-28 04:36:16');
INSERT INTO `roles_permissions` (`id`, `role_id`, `perm_cat_id`, `can_view`, `can_add`, `can_edit`, `can_delete`, `created_at`) VALUES (1477, 3, 249, 1, 0, 0, 0, '2021-05-28 04:36:16');
INSERT INTO `roles_permissions` (`id`, `role_id`, `perm_cat_id`, `can_view`, `can_add`, `can_edit`, `can_delete`, `created_at`) VALUES (1478, 6, 248, 1, 0, 0, 0, '2021-05-28 04:56:14');
INSERT INTO `roles_permissions` (`id`, `role_id`, `perm_cat_id`, `can_view`, `can_add`, `can_edit`, `can_delete`, `created_at`) VALUES (1479, 6, 249, 1, 0, 0, 0, '2021-05-28 04:56:14');
INSERT INTO `roles_permissions` (`id`, `role_id`, `perm_cat_id`, `can_view`, `can_add`, `can_edit`, `can_delete`, `created_at`) VALUES (1480, 2, 249, 1, 0, 0, 0, '2021-05-28 08:11:52');
INSERT INTO `roles_permissions` (`id`, `role_id`, `perm_cat_id`, `can_view`, `can_add`, `can_edit`, `can_delete`, `created_at`) VALUES (1481, 3, 1, 1, 0, 0, 0, '2023-12-16 04:59:06');
INSERT INTO `roles_permissions` (`id`, `role_id`, `perm_cat_id`, `can_view`, `can_add`, `can_edit`, `can_delete`, `created_at`) VALUES (1482, 3, 205, 1, 0, 0, 0, '2023-12-16 04:59:06');
INSERT INTO `roles_permissions` (`id`, `role_id`, `perm_cat_id`, `can_view`, `can_add`, `can_edit`, `can_delete`, `created_at`) VALUES (1483, 3, 154, 1, 0, 0, 0, '2023-12-16 04:59:06');
INSERT INTO `roles_permissions` (`id`, `role_id`, `perm_cat_id`, `can_view`, `can_add`, `can_edit`, `can_delete`, `created_at`) VALUES (1485, 3, 187, 1, 0, 0, 0, '2024-03-23 14:55:53');
INSERT INTO `roles_permissions` (`id`, `role_id`, `perm_cat_id`, `can_view`, `can_add`, `can_edit`, `can_delete`, `created_at`) VALUES (1486, 8, 1, 1, 1, 1, 1, '2024-03-25 02:42:51');
INSERT INTO `roles_permissions` (`id`, `role_id`, `perm_cat_id`, `can_view`, `can_add`, `can_edit`, `can_delete`, `created_at`) VALUES (1487, 8, 2, 1, 0, 0, 0, '2024-03-25 02:42:51');
INSERT INTO `roles_permissions` (`id`, `role_id`, `perm_cat_id`, `can_view`, `can_add`, `can_edit`, `can_delete`, `created_at`) VALUES (1488, 8, 3, 1, 1, 1, 1, '2024-03-25 02:42:51');
INSERT INTO `roles_permissions` (`id`, `role_id`, `perm_cat_id`, `can_view`, `can_add`, `can_edit`, `can_delete`, `created_at`) VALUES (1489, 8, 4, 1, 1, 1, 1, '2024-03-25 02:42:51');
INSERT INTO `roles_permissions` (`id`, `role_id`, `perm_cat_id`, `can_view`, `can_add`, `can_edit`, `can_delete`, `created_at`) VALUES (1490, 8, 107, 1, 0, 0, 0, '2024-03-25 02:42:51');
INSERT INTO `roles_permissions` (`id`, `role_id`, `perm_cat_id`, `can_view`, `can_add`, `can_edit`, `can_delete`, `created_at`) VALUES (1491, 8, 128, 1, 1, 1, 1, '2024-03-25 02:42:51');
INSERT INTO `roles_permissions` (`id`, `role_id`, `perm_cat_id`, `can_view`, `can_add`, `can_edit`, `can_delete`, `created_at`) VALUES (1492, 8, 134, 1, 1, 1, 1, '2024-03-25 02:42:51');
INSERT INTO `roles_permissions` (`id`, `role_id`, `perm_cat_id`, `can_view`, `can_add`, `can_edit`, `can_delete`, `created_at`) VALUES (1493, 8, 5, 1, 1, 0, 1, '2024-03-25 02:42:51');
INSERT INTO `roles_permissions` (`id`, `role_id`, `perm_cat_id`, `can_view`, `can_add`, `can_edit`, `can_delete`, `created_at`) VALUES (1494, 8, 6, 1, 0, 0, 0, '2024-03-25 02:42:51');
INSERT INTO `roles_permissions` (`id`, `role_id`, `perm_cat_id`, `can_view`, `can_add`, `can_edit`, `can_delete`, `created_at`) VALUES (1495, 8, 7, 1, 1, 1, 1, '2024-03-25 02:42:51');
INSERT INTO `roles_permissions` (`id`, `role_id`, `perm_cat_id`, `can_view`, `can_add`, `can_edit`, `can_delete`, `created_at`) VALUES (1496, 8, 8, 1, 1, 1, 1, '2024-03-25 02:42:51');
INSERT INTO `roles_permissions` (`id`, `role_id`, `perm_cat_id`, `can_view`, `can_add`, `can_edit`, `can_delete`, `created_at`) VALUES (1497, 8, 68, 1, 0, 0, 0, '2024-03-25 02:42:51');
INSERT INTO `roles_permissions` (`id`, `role_id`, `perm_cat_id`, `can_view`, `can_add`, `can_edit`, `can_delete`, `created_at`) VALUES (1498, 8, 69, 1, 1, 1, 1, '2024-03-25 02:42:51');
INSERT INTO `roles_permissions` (`id`, `role_id`, `perm_cat_id`, `can_view`, `can_add`, `can_edit`, `can_delete`, `created_at`) VALUES (1499, 8, 70, 1, 1, 1, 1, '2024-03-25 02:42:51');
INSERT INTO `roles_permissions` (`id`, `role_id`, `perm_cat_id`, `can_view`, `can_add`, `can_edit`, `can_delete`, `created_at`) VALUES (1500, 8, 71, 1, 0, 0, 0, '2024-03-25 02:42:51');
INSERT INTO `roles_permissions` (`id`, `role_id`, `perm_cat_id`, `can_view`, `can_add`, `can_edit`, `can_delete`, `created_at`) VALUES (1501, 8, 73, 1, 0, 0, 0, '2024-03-25 02:42:51');
INSERT INTO `roles_permissions` (`id`, `role_id`, `perm_cat_id`, `can_view`, `can_add`, `can_edit`, `can_delete`, `created_at`) VALUES (1502, 8, 74, 1, 0, 0, 0, '2024-03-25 02:42:51');
INSERT INTO `roles_permissions` (`id`, `role_id`, `perm_cat_id`, `can_view`, `can_add`, `can_edit`, `can_delete`, `created_at`) VALUES (1503, 8, 135, 1, 0, 1, 0, '2024-03-25 02:42:51');
INSERT INTO `roles_permissions` (`id`, `role_id`, `perm_cat_id`, `can_view`, `can_add`, `can_edit`, `can_delete`, `created_at`) VALUES (1504, 8, 272, 1, 0, 0, 0, '2024-03-25 02:42:51');
INSERT INTO `roles_permissions` (`id`, `role_id`, `perm_cat_id`, `can_view`, `can_add`, `can_edit`, `can_delete`, `created_at`) VALUES (1505, 8, 9, 1, 1, 1, 1, '2024-03-25 02:42:51');
INSERT INTO `roles_permissions` (`id`, `role_id`, `perm_cat_id`, `can_view`, `can_add`, `can_edit`, `can_delete`, `created_at`) VALUES (1506, 8, 10, 1, 1, 1, 1, '2024-03-25 02:42:51');
INSERT INTO `roles_permissions` (`id`, `role_id`, `perm_cat_id`, `can_view`, `can_add`, `can_edit`, `can_delete`, `created_at`) VALUES (1507, 8, 11, 1, 0, 0, 0, '2024-03-25 02:42:51');
INSERT INTO `roles_permissions` (`id`, `role_id`, `perm_cat_id`, `can_view`, `can_add`, `can_edit`, `can_delete`, `created_at`) VALUES (1508, 8, 12, 1, 1, 1, 1, '2024-03-25 02:42:51');
INSERT INTO `roles_permissions` (`id`, `role_id`, `perm_cat_id`, `can_view`, `can_add`, `can_edit`, `can_delete`, `created_at`) VALUES (1509, 8, 13, 1, 1, 1, 1, '2024-03-25 02:42:51');
INSERT INTO `roles_permissions` (`id`, `role_id`, `perm_cat_id`, `can_view`, `can_add`, `can_edit`, `can_delete`, `created_at`) VALUES (1510, 8, 14, 1, 0, 0, 0, '2024-03-25 02:42:51');
INSERT INTO `roles_permissions` (`id`, `role_id`, `perm_cat_id`, `can_view`, `can_add`, `can_edit`, `can_delete`, `created_at`) VALUES (1511, 8, 15, 1, 1, 1, 0, '2024-03-25 02:42:51');
INSERT INTO `roles_permissions` (`id`, `role_id`, `perm_cat_id`, `can_view`, `can_add`, `can_edit`, `can_delete`, `created_at`) VALUES (1512, 8, 122, 1, 0, 0, 0, '2024-03-25 02:42:51');
INSERT INTO `roles_permissions` (`id`, `role_id`, `perm_cat_id`, `can_view`, `can_add`, `can_edit`, `can_delete`, `created_at`) VALUES (1513, 8, 136, 1, 1, 1, 1, '2024-03-25 02:42:51');
INSERT INTO `roles_permissions` (`id`, `role_id`, `perm_cat_id`, `can_view`, `can_add`, `can_edit`, `can_delete`, `created_at`) VALUES (1514, 8, 20, 1, 1, 1, 1, '2024-03-25 02:42:51');
INSERT INTO `roles_permissions` (`id`, `role_id`, `perm_cat_id`, `can_view`, `can_add`, `can_edit`, `can_delete`, `created_at`) VALUES (1515, 8, 137, 1, 1, 1, 1, '2024-03-25 02:42:51');
INSERT INTO `roles_permissions` (`id`, `role_id`, `perm_cat_id`, `can_view`, `can_add`, `can_edit`, `can_delete`, `created_at`) VALUES (1516, 8, 141, 1, 1, 1, 1, '2024-03-25 02:42:51');
INSERT INTO `roles_permissions` (`id`, `role_id`, `perm_cat_id`, `can_view`, `can_add`, `can_edit`, `can_delete`, `created_at`) VALUES (1517, 8, 142, 1, 0, 0, 0, '2024-03-25 02:42:51');
INSERT INTO `roles_permissions` (`id`, `role_id`, `perm_cat_id`, `can_view`, `can_add`, `can_edit`, `can_delete`, `created_at`) VALUES (1518, 8, 143, 1, 1, 1, 1, '2024-03-25 02:42:51');
INSERT INTO `roles_permissions` (`id`, `role_id`, `perm_cat_id`, `can_view`, `can_add`, `can_edit`, `can_delete`, `created_at`) VALUES (1519, 8, 144, 1, 0, 0, 0, '2024-03-25 02:42:51');
INSERT INTO `roles_permissions` (`id`, `role_id`, `perm_cat_id`, `can_view`, `can_add`, `can_edit`, `can_delete`, `created_at`) VALUES (1520, 8, 187, 1, 0, 0, 0, '2024-03-25 02:42:51');
INSERT INTO `roles_permissions` (`id`, `role_id`, `perm_cat_id`, `can_view`, `can_add`, `can_edit`, `can_delete`, `created_at`) VALUES (1521, 8, 196, 1, 0, 0, 0, '2024-03-25 02:42:51');
INSERT INTO `roles_permissions` (`id`, `role_id`, `perm_cat_id`, `can_view`, `can_add`, `can_edit`, `can_delete`, `created_at`) VALUES (1522, 8, 205, 1, 1, 1, 1, '2024-03-25 02:42:51');
INSERT INTO `roles_permissions` (`id`, `role_id`, `perm_cat_id`, `can_view`, `can_add`, `can_edit`, `can_delete`, `created_at`) VALUES (1523, 8, 207, 1, 0, 0, 0, '2024-03-25 02:42:51');
INSERT INTO `roles_permissions` (`id`, `role_id`, `perm_cat_id`, `can_view`, `can_add`, `can_edit`, `can_delete`, `created_at`) VALUES (1524, 8, 208, 1, 0, 1, 0, '2024-03-25 02:42:51');
INSERT INTO `roles_permissions` (`id`, `role_id`, `perm_cat_id`, `can_view`, `can_add`, `can_edit`, `can_delete`, `created_at`) VALUES (1525, 8, 210, 1, 0, 1, 0, '2024-03-25 02:42:51');
INSERT INTO `roles_permissions` (`id`, `role_id`, `perm_cat_id`, `can_view`, `can_add`, `can_edit`, `can_delete`, `created_at`) VALUES (1526, 8, 211, 1, 0, 1, 0, '2024-03-25 02:42:51');
INSERT INTO `roles_permissions` (`id`, `role_id`, `perm_cat_id`, `can_view`, `can_add`, `can_edit`, `can_delete`, `created_at`) VALUES (1527, 8, 212, 1, 0, 1, 0, '2024-03-25 02:42:51');
INSERT INTO `roles_permissions` (`id`, `role_id`, `perm_cat_id`, `can_view`, `can_add`, `can_edit`, `can_delete`, `created_at`) VALUES (1528, 8, 251, 1, 1, 1, 1, '2024-03-25 02:42:51');
INSERT INTO `roles_permissions` (`id`, `role_id`, `perm_cat_id`, `can_view`, `can_add`, `can_edit`, `can_delete`, `created_at`) VALUES (1529, 8, 266, 1, 0, 0, 0, '2024-03-25 02:42:51');
INSERT INTO `roles_permissions` (`id`, `role_id`, `perm_cat_id`, `can_view`, `can_add`, `can_edit`, `can_delete`, `created_at`) VALUES (1530, 8, 267, 1, 0, 0, 0, '2024-03-25 02:42:51');
INSERT INTO `roles_permissions` (`id`, `role_id`, `perm_cat_id`, `can_view`, `can_add`, `can_edit`, `can_delete`, `created_at`) VALUES (1531, 8, 21, 1, 0, 1, 0, '2024-03-25 02:42:51');
INSERT INTO `roles_permissions` (`id`, `role_id`, `perm_cat_id`, `can_view`, `can_add`, `can_edit`, `can_delete`, `created_at`) VALUES (1532, 8, 23, 1, 1, 1, 1, '2024-03-25 02:42:51');
INSERT INTO `roles_permissions` (`id`, `role_id`, `perm_cat_id`, `can_view`, `can_add`, `can_edit`, `can_delete`, `created_at`) VALUES (1533, 8, 24, 1, 1, 1, 1, '2024-03-25 02:42:51');
INSERT INTO `roles_permissions` (`id`, `role_id`, `perm_cat_id`, `can_view`, `can_add`, `can_edit`, `can_delete`, `created_at`) VALUES (1534, 8, 25, 1, 1, 1, 1, '2024-03-25 02:42:51');
INSERT INTO `roles_permissions` (`id`, `role_id`, `perm_cat_id`, `can_view`, `can_add`, `can_edit`, `can_delete`, `created_at`) VALUES (1535, 8, 26, 1, 0, 0, 0, '2024-03-25 02:42:51');
INSERT INTO `roles_permissions` (`id`, `role_id`, `perm_cat_id`, `can_view`, `can_add`, `can_edit`, `can_delete`, `created_at`) VALUES (1536, 8, 77, 1, 1, 1, 1, '2024-03-25 02:42:51');
INSERT INTO `roles_permissions` (`id`, `role_id`, `perm_cat_id`, `can_view`, `can_add`, `can_edit`, `can_delete`, `created_at`) VALUES (1537, 8, 145, 1, 0, 0, 0, '2024-03-25 02:42:51');
INSERT INTO `roles_permissions` (`id`, `role_id`, `perm_cat_id`, `can_view`, `can_add`, `can_edit`, `can_delete`, `created_at`) VALUES (1538, 8, 188, 1, 1, 1, 1, '2024-03-25 02:42:51');
INSERT INTO `roles_permissions` (`id`, `role_id`, `perm_cat_id`, `can_view`, `can_add`, `can_edit`, `can_delete`, `created_at`) VALUES (1539, 8, 27, 1, 1, 0, 1, '2024-03-25 02:42:51');
INSERT INTO `roles_permissions` (`id`, `role_id`, `perm_cat_id`, `can_view`, `can_add`, `can_edit`, `can_delete`, `created_at`) VALUES (1540, 8, 268, 1, 1, 1, 1, '2024-03-25 02:42:51');
INSERT INTO `roles_permissions` (`id`, `role_id`, `perm_cat_id`, `can_view`, `can_add`, `can_edit`, `can_delete`, `created_at`) VALUES (1541, 8, 269, 1, 0, 0, 1, '2024-03-25 02:42:51');
INSERT INTO `roles_permissions` (`id`, `role_id`, `perm_cat_id`, `can_view`, `can_add`, `can_edit`, `can_delete`, `created_at`) VALUES (1542, 8, 270, 1, 1, 1, 1, '2024-03-25 02:42:51');
INSERT INTO `roles_permissions` (`id`, `role_id`, `perm_cat_id`, `can_view`, `can_add`, `can_edit`, `can_delete`, `created_at`) VALUES (1543, 8, 28, 1, 1, 1, 1, '2024-03-25 02:42:51');
INSERT INTO `roles_permissions` (`id`, `role_id`, `perm_cat_id`, `can_view`, `can_add`, `can_edit`, `can_delete`, `created_at`) VALUES (1544, 8, 29, 1, 0, 0, 0, '2024-03-25 02:42:51');
INSERT INTO `roles_permissions` (`id`, `role_id`, `perm_cat_id`, `can_view`, `can_add`, `can_edit`, `can_delete`, `created_at`) VALUES (1545, 8, 30, 1, 0, 0, 0, '2024-03-25 02:42:51');
INSERT INTO `roles_permissions` (`id`, `role_id`, `perm_cat_id`, `can_view`, `can_add`, `can_edit`, `can_delete`, `created_at`) VALUES (1546, 8, 123, 1, 0, 0, 0, '2024-03-25 02:42:51');
INSERT INTO `roles_permissions` (`id`, `role_id`, `perm_cat_id`, `can_view`, `can_add`, `can_edit`, `can_delete`, `created_at`) VALUES (1547, 8, 228, 1, 0, 0, 0, '2024-03-25 02:42:51');
INSERT INTO `roles_permissions` (`id`, `role_id`, `perm_cat_id`, `can_view`, `can_add`, `can_edit`, `can_delete`, `created_at`) VALUES (1548, 8, 31, 1, 1, 1, 1, '2024-03-25 02:42:51');
INSERT INTO `roles_permissions` (`id`, `role_id`, `perm_cat_id`, `can_view`, `can_add`, `can_edit`, `can_delete`, `created_at`) VALUES (1549, 8, 32, 1, 1, 1, 1, '2024-03-25 02:42:51');
INSERT INTO `roles_permissions` (`id`, `role_id`, `perm_cat_id`, `can_view`, `can_add`, `can_edit`, `can_delete`, `created_at`) VALUES (1550, 8, 33, 1, 1, 1, 1, '2024-03-25 02:42:51');
INSERT INTO `roles_permissions` (`id`, `role_id`, `perm_cat_id`, `can_view`, `can_add`, `can_edit`, `can_delete`, `created_at`) VALUES (1551, 8, 34, 1, 1, 1, 1, '2024-03-25 02:42:51');
INSERT INTO `roles_permissions` (`id`, `role_id`, `perm_cat_id`, `can_view`, `can_add`, `can_edit`, `can_delete`, `created_at`) VALUES (1552, 8, 35, 1, 1, 1, 1, '2024-03-25 02:42:51');
INSERT INTO `roles_permissions` (`id`, `role_id`, `perm_cat_id`, `can_view`, `can_add`, `can_edit`, `can_delete`, `created_at`) VALUES (1553, 8, 104, 1, 1, 1, 1, '2024-03-25 02:42:51');
INSERT INTO `roles_permissions` (`id`, `role_id`, `perm_cat_id`, `can_view`, `can_add`, `can_edit`, `can_delete`, `created_at`) VALUES (1554, 8, 37, 1, 1, 1, 1, '2024-03-25 02:42:51');
INSERT INTO `roles_permissions` (`id`, `role_id`, `perm_cat_id`, `can_view`, `can_add`, `can_edit`, `can_delete`, `created_at`) VALUES (1555, 8, 38, 1, 1, 1, 1, '2024-03-25 02:42:51');
INSERT INTO `roles_permissions` (`id`, `role_id`, `perm_cat_id`, `can_view`, `can_add`, `can_edit`, `can_delete`, `created_at`) VALUES (1556, 8, 39, 1, 1, 1, 1, '2024-03-25 02:42:51');
INSERT INTO `roles_permissions` (`id`, `role_id`, `perm_cat_id`, `can_view`, `can_add`, `can_edit`, `can_delete`, `created_at`) VALUES (1557, 8, 259, 1, 0, 1, 0, '2024-03-25 02:42:51');
INSERT INTO `roles_permissions` (`id`, `role_id`, `perm_cat_id`, `can_view`, `can_add`, `can_edit`, `can_delete`, `created_at`) VALUES (1558, 8, 260, 1, 1, 1, 1, '2024-03-25 02:42:51');
INSERT INTO `roles_permissions` (`id`, `role_id`, `perm_cat_id`, `can_view`, `can_add`, `can_edit`, `can_delete`, `created_at`) VALUES (1559, 8, 261, 1, 1, 1, 1, '2024-03-25 02:42:51');
INSERT INTO `roles_permissions` (`id`, `role_id`, `perm_cat_id`, `can_view`, `can_add`, `can_edit`, `can_delete`, `created_at`) VALUES (1560, 8, 262, 1, 1, 1, 0, '2024-03-25 02:42:51');
INSERT INTO `roles_permissions` (`id`, `role_id`, `perm_cat_id`, `can_view`, `can_add`, `can_edit`, `can_delete`, `created_at`) VALUES (1561, 8, 40, 1, 1, 1, 1, '2024-03-25 02:42:51');
INSERT INTO `roles_permissions` (`id`, `role_id`, `perm_cat_id`, `can_view`, `can_add`, `can_edit`, `can_delete`, `created_at`) VALUES (1562, 8, 41, 1, 1, 1, 1, '2024-03-25 02:42:51');
INSERT INTO `roles_permissions` (`id`, `role_id`, `perm_cat_id`, `can_view`, `can_add`, `can_edit`, `can_delete`, `created_at`) VALUES (1563, 8, 42, 1, 1, 1, 1, '2024-03-25 02:42:51');
INSERT INTO `roles_permissions` (`id`, `role_id`, `perm_cat_id`, `can_view`, `can_add`, `can_edit`, `can_delete`, `created_at`) VALUES (1564, 8, 43, 1, 1, 1, 1, '2024-03-25 02:42:51');
INSERT INTO `roles_permissions` (`id`, `role_id`, `perm_cat_id`, `can_view`, `can_add`, `can_edit`, `can_delete`, `created_at`) VALUES (1565, 8, 44, 1, 0, 0, 0, '2024-03-25 02:42:51');
INSERT INTO `roles_permissions` (`id`, `role_id`, `perm_cat_id`, `can_view`, `can_add`, `can_edit`, `can_delete`, `created_at`) VALUES (1566, 8, 46, 1, 0, 0, 0, '2024-03-25 02:42:51');
INSERT INTO `roles_permissions` (`id`, `role_id`, `perm_cat_id`, `can_view`, `can_add`, `can_edit`, `can_delete`, `created_at`) VALUES (1567, 8, 217, 1, 0, 0, 0, '2024-03-25 02:42:51');
INSERT INTO `roles_permissions` (`id`, `role_id`, `perm_cat_id`, `can_view`, `can_add`, `can_edit`, `can_delete`, `created_at`) VALUES (1568, 8, 252, 1, 0, 1, 0, '2024-03-25 02:42:51');
INSERT INTO `roles_permissions` (`id`, `role_id`, `perm_cat_id`, `can_view`, `can_add`, `can_edit`, `can_delete`, `created_at`) VALUES (1569, 8, 253, 1, 0, 0, 0, '2024-03-25 02:42:51');
INSERT INTO `roles_permissions` (`id`, `role_id`, `perm_cat_id`, `can_view`, `can_add`, `can_edit`, `can_delete`, `created_at`) VALUES (1570, 8, 254, 1, 1, 1, 1, '2024-03-25 02:42:51');
INSERT INTO `roles_permissions` (`id`, `role_id`, `perm_cat_id`, `can_view`, `can_add`, `can_edit`, `can_delete`, `created_at`) VALUES (1571, 8, 255, 1, 1, 1, 1, '2024-03-25 02:42:51');
INSERT INTO `roles_permissions` (`id`, `role_id`, `perm_cat_id`, `can_view`, `can_add`, `can_edit`, `can_delete`, `created_at`) VALUES (1572, 8, 146, 1, 0, 0, 0, '2024-03-25 02:42:51');
INSERT INTO `roles_permissions` (`id`, `role_id`, `perm_cat_id`, `can_view`, `can_add`, `can_edit`, `can_delete`, `created_at`) VALUES (1573, 8, 147, 1, 0, 0, 0, '2024-03-25 02:42:51');
INSERT INTO `roles_permissions` (`id`, `role_id`, `perm_cat_id`, `can_view`, `can_add`, `can_edit`, `can_delete`, `created_at`) VALUES (1574, 8, 148, 1, 0, 0, 0, '2024-03-25 02:42:51');
INSERT INTO `roles_permissions` (`id`, `role_id`, `perm_cat_id`, `can_view`, `can_add`, `can_edit`, `can_delete`, `created_at`) VALUES (1575, 8, 149, 1, 0, 0, 0, '2024-03-25 02:42:51');
INSERT INTO `roles_permissions` (`id`, `role_id`, `perm_cat_id`, `can_view`, `can_add`, `can_edit`, `can_delete`, `created_at`) VALUES (1576, 8, 150, 1, 0, 0, 0, '2024-03-25 02:42:51');
INSERT INTO `roles_permissions` (`id`, `role_id`, `perm_cat_id`, `can_view`, `can_add`, `can_edit`, `can_delete`, `created_at`) VALUES (1577, 8, 151, 1, 0, 0, 0, '2024-03-25 02:42:51');
INSERT INTO `roles_permissions` (`id`, `role_id`, `perm_cat_id`, `can_view`, `can_add`, `can_edit`, `can_delete`, `created_at`) VALUES (1578, 8, 152, 1, 0, 0, 0, '2024-03-25 02:42:51');
INSERT INTO `roles_permissions` (`id`, `role_id`, `perm_cat_id`, `can_view`, `can_add`, `can_edit`, `can_delete`, `created_at`) VALUES (1579, 8, 153, 1, 0, 0, 0, '2024-03-25 02:42:51');
INSERT INTO `roles_permissions` (`id`, `role_id`, `perm_cat_id`, `can_view`, `can_add`, `can_edit`, `can_delete`, `created_at`) VALUES (1580, 8, 154, 1, 0, 0, 0, '2024-03-25 02:42:51');
INSERT INTO `roles_permissions` (`id`, `role_id`, `perm_cat_id`, `can_view`, `can_add`, `can_edit`, `can_delete`, `created_at`) VALUES (1581, 8, 155, 1, 0, 0, 0, '2024-03-25 02:42:51');
INSERT INTO `roles_permissions` (`id`, `role_id`, `perm_cat_id`, `can_view`, `can_add`, `can_edit`, `can_delete`, `created_at`) VALUES (1582, 8, 156, 1, 0, 0, 0, '2024-03-25 02:42:51');
INSERT INTO `roles_permissions` (`id`, `role_id`, `perm_cat_id`, `can_view`, `can_add`, `can_edit`, `can_delete`, `created_at`) VALUES (1583, 8, 157, 1, 0, 0, 0, '2024-03-25 02:42:51');
INSERT INTO `roles_permissions` (`id`, `role_id`, `perm_cat_id`, `can_view`, `can_add`, `can_edit`, `can_delete`, `created_at`) VALUES (1584, 8, 158, 1, 0, 0, 0, '2024-03-25 02:42:51');
INSERT INTO `roles_permissions` (`id`, `role_id`, `perm_cat_id`, `can_view`, `can_add`, `can_edit`, `can_delete`, `created_at`) VALUES (1585, 8, 159, 1, 0, 0, 0, '2024-03-25 02:42:51');
INSERT INTO `roles_permissions` (`id`, `role_id`, `perm_cat_id`, `can_view`, `can_add`, `can_edit`, `can_delete`, `created_at`) VALUES (1586, 8, 160, 1, 0, 0, 0, '2024-03-25 02:42:51');
INSERT INTO `roles_permissions` (`id`, `role_id`, `perm_cat_id`, `can_view`, `can_add`, `can_edit`, `can_delete`, `created_at`) VALUES (1587, 8, 161, 1, 0, 0, 0, '2024-03-25 02:42:51');
INSERT INTO `roles_permissions` (`id`, `role_id`, `perm_cat_id`, `can_view`, `can_add`, `can_edit`, `can_delete`, `created_at`) VALUES (1588, 8, 162, 1, 0, 0, 0, '2024-03-25 02:42:51');
INSERT INTO `roles_permissions` (`id`, `role_id`, `perm_cat_id`, `can_view`, `can_add`, `can_edit`, `can_delete`, `created_at`) VALUES (1589, 8, 163, 1, 0, 0, 0, '2024-03-25 02:42:51');
INSERT INTO `roles_permissions` (`id`, `role_id`, `perm_cat_id`, `can_view`, `can_add`, `can_edit`, `can_delete`, `created_at`) VALUES (1590, 8, 164, 1, 0, 0, 0, '2024-03-25 02:42:51');
INSERT INTO `roles_permissions` (`id`, `role_id`, `perm_cat_id`, `can_view`, `can_add`, `can_edit`, `can_delete`, `created_at`) VALUES (1591, 8, 165, 1, 0, 0, 0, '2024-03-25 02:42:51');
INSERT INTO `roles_permissions` (`id`, `role_id`, `perm_cat_id`, `can_view`, `can_add`, `can_edit`, `can_delete`, `created_at`) VALUES (1592, 8, 174, 1, 0, 0, 0, '2024-03-25 02:42:51');
INSERT INTO `roles_permissions` (`id`, `role_id`, `perm_cat_id`, `can_view`, `can_add`, `can_edit`, `can_delete`, `created_at`) VALUES (1593, 8, 175, 1, 0, 0, 0, '2024-03-25 02:42:51');
INSERT INTO `roles_permissions` (`id`, `role_id`, `perm_cat_id`, `can_view`, `can_add`, `can_edit`, `can_delete`, `created_at`) VALUES (1594, 8, 176, 1, 0, 0, 0, '2024-03-25 02:42:51');
INSERT INTO `roles_permissions` (`id`, `role_id`, `perm_cat_id`, `can_view`, `can_add`, `can_edit`, `can_delete`, `created_at`) VALUES (1595, 8, 177, 1, 0, 0, 0, '2024-03-25 02:42:51');
INSERT INTO `roles_permissions` (`id`, `role_id`, `perm_cat_id`, `can_view`, `can_add`, `can_edit`, `can_delete`, `created_at`) VALUES (1596, 8, 178, 1, 0, 0, 0, '2024-03-25 02:42:51');
INSERT INTO `roles_permissions` (`id`, `role_id`, `perm_cat_id`, `can_view`, `can_add`, `can_edit`, `can_delete`, `created_at`) VALUES (1597, 8, 179, 1, 0, 0, 0, '2024-03-25 02:42:51');
INSERT INTO `roles_permissions` (`id`, `role_id`, `perm_cat_id`, `can_view`, `can_add`, `can_edit`, `can_delete`, `created_at`) VALUES (1598, 8, 180, 1, 0, 0, 0, '2024-03-25 02:42:51');
INSERT INTO `roles_permissions` (`id`, `role_id`, `perm_cat_id`, `can_view`, `can_add`, `can_edit`, `can_delete`, `created_at`) VALUES (1599, 8, 181, 1, 0, 0, 0, '2024-03-25 02:42:51');
INSERT INTO `roles_permissions` (`id`, `role_id`, `perm_cat_id`, `can_view`, `can_add`, `can_edit`, `can_delete`, `created_at`) VALUES (1600, 8, 182, 1, 0, 0, 0, '2024-03-25 02:42:51');
INSERT INTO `roles_permissions` (`id`, `role_id`, `perm_cat_id`, `can_view`, `can_add`, `can_edit`, `can_delete`, `created_at`) VALUES (1601, 8, 183, 1, 0, 0, 0, '2024-03-25 02:42:51');
INSERT INTO `roles_permissions` (`id`, `role_id`, `perm_cat_id`, `can_view`, `can_add`, `can_edit`, `can_delete`, `created_at`) VALUES (1602, 8, 197, 1, 0, 0, 0, '2024-03-25 02:42:51');
INSERT INTO `roles_permissions` (`id`, `role_id`, `perm_cat_id`, `can_view`, `can_add`, `can_edit`, `can_delete`, `created_at`) VALUES (1603, 8, 198, 1, 0, 0, 0, '2024-03-25 02:42:51');
INSERT INTO `roles_permissions` (`id`, `role_id`, `perm_cat_id`, `can_view`, `can_add`, `can_edit`, `can_delete`, `created_at`) VALUES (1604, 8, 200, 1, 0, 0, 0, '2024-03-25 02:42:51');
INSERT INTO `roles_permissions` (`id`, `role_id`, `perm_cat_id`, `can_view`, `can_add`, `can_edit`, `can_delete`, `created_at`) VALUES (1605, 8, 201, 1, 0, 0, 0, '2024-03-25 02:42:51');
INSERT INTO `roles_permissions` (`id`, `role_id`, `perm_cat_id`, `can_view`, `can_add`, `can_edit`, `can_delete`, `created_at`) VALUES (1606, 8, 202, 1, 0, 0, 0, '2024-03-25 02:42:51');
INSERT INTO `roles_permissions` (`id`, `role_id`, `perm_cat_id`, `can_view`, `can_add`, `can_edit`, `can_delete`, `created_at`) VALUES (1607, 8, 203, 1, 0, 0, 0, '2024-03-25 02:42:51');
INSERT INTO `roles_permissions` (`id`, `role_id`, `perm_cat_id`, `can_view`, `can_add`, `can_edit`, `can_delete`, `created_at`) VALUES (1608, 8, 204, 1, 0, 0, 0, '2024-03-25 02:42:51');
INSERT INTO `roles_permissions` (`id`, `role_id`, `perm_cat_id`, `can_view`, `can_add`, `can_edit`, `can_delete`, `created_at`) VALUES (1609, 8, 219, 1, 0, 0, 0, '2024-03-25 02:42:51');
INSERT INTO `roles_permissions` (`id`, `role_id`, `perm_cat_id`, `can_view`, `can_add`, `can_edit`, `can_delete`, `created_at`) VALUES (1610, 8, 220, 1, 0, 0, 0, '2024-03-25 02:42:51');
INSERT INTO `roles_permissions` (`id`, `role_id`, `perm_cat_id`, `can_view`, `can_add`, `can_edit`, `can_delete`, `created_at`) VALUES (1611, 8, 221, 1, 0, 0, 0, '2024-03-25 02:42:51');
INSERT INTO `roles_permissions` (`id`, `role_id`, `perm_cat_id`, `can_view`, `can_add`, `can_edit`, `can_delete`, `created_at`) VALUES (1612, 8, 223, 1, 0, 0, 0, '2024-03-25 02:42:51');
INSERT INTO `roles_permissions` (`id`, `role_id`, `perm_cat_id`, `can_view`, `can_add`, `can_edit`, `can_delete`, `created_at`) VALUES (1613, 8, 240, 1, 0, 0, 0, '2024-03-25 02:42:51');
INSERT INTO `roles_permissions` (`id`, `role_id`, `perm_cat_id`, `can_view`, `can_add`, `can_edit`, `can_delete`, `created_at`) VALUES (1614, 8, 241, 1, 0, 0, 0, '2024-03-25 02:42:51');
INSERT INTO `roles_permissions` (`id`, `role_id`, `perm_cat_id`, `can_view`, `can_add`, `can_edit`, `can_delete`, `created_at`) VALUES (1615, 8, 242, 1, 0, 0, 0, '2024-03-25 02:42:51');
INSERT INTO `roles_permissions` (`id`, `role_id`, `perm_cat_id`, `can_view`, `can_add`, `can_edit`, `can_delete`, `created_at`) VALUES (1616, 8, 244, 1, 0, 0, 0, '2024-03-25 02:42:51');
INSERT INTO `roles_permissions` (`id`, `role_id`, `perm_cat_id`, `can_view`, `can_add`, `can_edit`, `can_delete`, `created_at`) VALUES (1617, 8, 245, 1, 0, 0, 0, '2024-03-25 02:42:51');
INSERT INTO `roles_permissions` (`id`, `role_id`, `perm_cat_id`, `can_view`, `can_add`, `can_edit`, `can_delete`, `created_at`) VALUES (1618, 8, 246, 1, 0, 0, 0, '2024-03-25 02:42:51');
INSERT INTO `roles_permissions` (`id`, `role_id`, `perm_cat_id`, `can_view`, `can_add`, `can_edit`, `can_delete`, `created_at`) VALUES (1619, 8, 256, 1, 0, 0, 0, '2024-03-25 02:42:51');
INSERT INTO `roles_permissions` (`id`, `role_id`, `perm_cat_id`, `can_view`, `can_add`, `can_edit`, `can_delete`, `created_at`) VALUES (1620, 8, 257, 1, 0, 0, 0, '2024-03-25 02:42:51');
INSERT INTO `roles_permissions` (`id`, `role_id`, `perm_cat_id`, `can_view`, `can_add`, `can_edit`, `can_delete`, `created_at`) VALUES (1621, 8, 258, 1, 0, 0, 0, '2024-03-25 02:42:51');
INSERT INTO `roles_permissions` (`id`, `role_id`, `perm_cat_id`, `can_view`, `can_add`, `can_edit`, `can_delete`, `created_at`) VALUES (1622, 8, 53, 0, 1, 0, 1, '2024-03-25 02:42:51');
INSERT INTO `roles_permissions` (`id`, `role_id`, `perm_cat_id`, `can_view`, `can_add`, `can_edit`, `can_delete`, `created_at`) VALUES (1623, 8, 54, 1, 0, 1, 0, '2024-03-25 02:42:51');
INSERT INTO `roles_permissions` (`id`, `role_id`, `perm_cat_id`, `can_view`, `can_add`, `can_edit`, `can_delete`, `created_at`) VALUES (1624, 8, 55, 1, 1, 1, 1, '2024-03-25 02:42:51');
INSERT INTO `roles_permissions` (`id`, `role_id`, `perm_cat_id`, `can_view`, `can_add`, `can_edit`, `can_delete`, `created_at`) VALUES (1625, 8, 56, 1, 0, 1, 0, '2024-03-25 02:42:51');
INSERT INTO `roles_permissions` (`id`, `role_id`, `perm_cat_id`, `can_view`, `can_add`, `can_edit`, `can_delete`, `created_at`) VALUES (1626, 8, 57, 1, 0, 1, 0, '2024-03-25 02:42:51');
INSERT INTO `roles_permissions` (`id`, `role_id`, `perm_cat_id`, `can_view`, `can_add`, `can_edit`, `can_delete`, `created_at`) VALUES (1627, 8, 58, 1, 0, 1, 0, '2024-03-25 02:42:51');
INSERT INTO `roles_permissions` (`id`, `role_id`, `perm_cat_id`, `can_view`, `can_add`, `can_edit`, `can_delete`, `created_at`) VALUES (1628, 8, 59, 1, 0, 1, 0, '2024-03-25 02:42:51');
INSERT INTO `roles_permissions` (`id`, `role_id`, `perm_cat_id`, `can_view`, `can_add`, `can_edit`, `can_delete`, `created_at`) VALUES (1629, 8, 60, 1, 0, 1, 0, '2024-03-25 02:42:51');
INSERT INTO `roles_permissions` (`id`, `role_id`, `perm_cat_id`, `can_view`, `can_add`, `can_edit`, `can_delete`, `created_at`) VALUES (1630, 8, 126, 1, 0, 0, 0, '2024-03-25 02:42:51');
INSERT INTO `roles_permissions` (`id`, `role_id`, `perm_cat_id`, `can_view`, `can_add`, `can_edit`, `can_delete`, `created_at`) VALUES (1631, 8, 130, 1, 1, 0, 1, '2024-03-25 02:42:51');
INSERT INTO `roles_permissions` (`id`, `role_id`, `perm_cat_id`, `can_view`, `can_add`, `can_edit`, `can_delete`, `created_at`) VALUES (1632, 8, 131, 1, 0, 0, 0, '2024-03-25 02:42:51');
INSERT INTO `roles_permissions` (`id`, `role_id`, `perm_cat_id`, `can_view`, `can_add`, `can_edit`, `can_delete`, `created_at`) VALUES (1633, 8, 213, 1, 0, 0, 0, '2024-03-25 02:42:51');
INSERT INTO `roles_permissions` (`id`, `role_id`, `perm_cat_id`, `can_view`, `can_add`, `can_edit`, `can_delete`, `created_at`) VALUES (1634, 8, 215, 1, 0, 0, 0, '2024-03-25 02:42:51');
INSERT INTO `roles_permissions` (`id`, `role_id`, `perm_cat_id`, `can_view`, `can_add`, `can_edit`, `can_delete`, `created_at`) VALUES (1635, 8, 216, 1, 0, 0, 0, '2024-03-25 02:42:51');
INSERT INTO `roles_permissions` (`id`, `role_id`, `perm_cat_id`, `can_view`, `can_add`, `can_edit`, `can_delete`, `created_at`) VALUES (1636, 8, 233, 1, 0, 0, 0, '2024-03-25 02:42:51');
INSERT INTO `roles_permissions` (`id`, `role_id`, `perm_cat_id`, `can_view`, `can_add`, `can_edit`, `can_delete`, `created_at`) VALUES (1637, 8, 243, 1, 0, 0, 0, '2024-03-25 02:42:51');
INSERT INTO `roles_permissions` (`id`, `role_id`, `perm_cat_id`, `can_view`, `can_add`, `can_edit`, `can_delete`, `created_at`) VALUES (1638, 8, 264, 1, 0, 0, 0, '2024-03-25 02:42:51');
INSERT INTO `roles_permissions` (`id`, `role_id`, `perm_cat_id`, `can_view`, `can_add`, `can_edit`, `can_delete`, `created_at`) VALUES (1639, 8, 265, 1, 0, 0, 0, '2024-03-25 02:42:51');
INSERT INTO `roles_permissions` (`id`, `role_id`, `perm_cat_id`, `can_view`, `can_add`, `can_edit`, `can_delete`, `created_at`) VALUES (1640, 8, 271, 1, 0, 0, 0, '2024-03-25 02:42:51');
INSERT INTO `roles_permissions` (`id`, `role_id`, `perm_cat_id`, `can_view`, `can_add`, `can_edit`, `can_delete`, `created_at`) VALUES (1641, 8, 61, 1, 1, 0, 1, '2024-03-25 02:42:51');
INSERT INTO `roles_permissions` (`id`, `role_id`, `perm_cat_id`, `can_view`, `can_add`, `can_edit`, `can_delete`, `created_at`) VALUES (1642, 8, 62, 1, 1, 0, 1, '2024-03-25 02:42:51');
INSERT INTO `roles_permissions` (`id`, `role_id`, `perm_cat_id`, `can_view`, `can_add`, `can_edit`, `can_delete`, `created_at`) VALUES (1643, 8, 63, 1, 1, 0, 1, '2024-03-25 02:42:51');
INSERT INTO `roles_permissions` (`id`, `role_id`, `perm_cat_id`, `can_view`, `can_add`, `can_edit`, `can_delete`, `created_at`) VALUES (1644, 8, 64, 1, 1, 1, 1, '2024-03-25 02:42:51');
INSERT INTO `roles_permissions` (`id`, `role_id`, `perm_cat_id`, `can_view`, `can_add`, `can_edit`, `can_delete`, `created_at`) VALUES (1645, 8, 65, 1, 1, 1, 1, '2024-03-25 02:42:51');
INSERT INTO `roles_permissions` (`id`, `role_id`, `perm_cat_id`, `can_view`, `can_add`, `can_edit`, `can_delete`, `created_at`) VALUES (1646, 8, 66, 1, 1, 1, 1, '2024-03-25 02:42:51');
INSERT INTO `roles_permissions` (`id`, `role_id`, `perm_cat_id`, `can_view`, `can_add`, `can_edit`, `can_delete`, `created_at`) VALUES (1647, 8, 67, 1, 1, 1, 1, '2024-03-25 02:42:51');
INSERT INTO `roles_permissions` (`id`, `role_id`, `perm_cat_id`, `can_view`, `can_add`, `can_edit`, `can_delete`, `created_at`) VALUES (1648, 8, 78, 1, 1, 1, 1, '2024-03-25 02:42:51');
INSERT INTO `roles_permissions` (`id`, `role_id`, `perm_cat_id`, `can_view`, `can_add`, `can_edit`, `can_delete`, `created_at`) VALUES (1649, 8, 79, 1, 1, 0, 1, '2024-03-25 02:42:51');
INSERT INTO `roles_permissions` (`id`, `role_id`, `perm_cat_id`, `can_view`, `can_add`, `can_edit`, `can_delete`, `created_at`) VALUES (1650, 8, 80, 1, 1, 1, 1, '2024-03-25 02:42:51');
INSERT INTO `roles_permissions` (`id`, `role_id`, `perm_cat_id`, `can_view`, `can_add`, `can_edit`, `can_delete`, `created_at`) VALUES (1651, 8, 81, 1, 1, 1, 1, '2024-03-25 02:42:51');
INSERT INTO `roles_permissions` (`id`, `role_id`, `perm_cat_id`, `can_view`, `can_add`, `can_edit`, `can_delete`, `created_at`) VALUES (1652, 8, 82, 1, 1, 1, 1, '2024-03-25 02:42:51');
INSERT INTO `roles_permissions` (`id`, `role_id`, `perm_cat_id`, `can_view`, `can_add`, `can_edit`, `can_delete`, `created_at`) VALUES (1653, 8, 83, 1, 1, 1, 1, '2024-03-25 02:42:51');
INSERT INTO `roles_permissions` (`id`, `role_id`, `perm_cat_id`, `can_view`, `can_add`, `can_edit`, `can_delete`, `created_at`) VALUES (1654, 8, 84, 1, 1, 1, 1, '2024-03-25 02:42:51');
INSERT INTO `roles_permissions` (`id`, `role_id`, `perm_cat_id`, `can_view`, `can_add`, `can_edit`, `can_delete`, `created_at`) VALUES (1655, 8, 85, 1, 1, 1, 1, '2024-03-25 02:42:51');
INSERT INTO `roles_permissions` (`id`, `role_id`, `perm_cat_id`, `can_view`, `can_add`, `can_edit`, `can_delete`, `created_at`) VALUES (1656, 8, 86, 1, 1, 1, 1, '2024-03-25 02:42:51');
INSERT INTO `roles_permissions` (`id`, `role_id`, `perm_cat_id`, `can_view`, `can_add`, `can_edit`, `can_delete`, `created_at`) VALUES (1657, 8, 87, 1, 0, 0, 0, '2024-03-25 02:42:51');
INSERT INTO `roles_permissions` (`id`, `role_id`, `perm_cat_id`, `can_view`, `can_add`, `can_edit`, `can_delete`, `created_at`) VALUES (1658, 8, 88, 1, 1, 1, 0, '2024-03-25 02:42:51');
INSERT INTO `roles_permissions` (`id`, `role_id`, `perm_cat_id`, `can_view`, `can_add`, `can_edit`, `can_delete`, `created_at`) VALUES (1659, 8, 90, 1, 1, 0, 1, '2024-03-25 02:42:51');
INSERT INTO `roles_permissions` (`id`, `role_id`, `perm_cat_id`, `can_view`, `can_add`, `can_edit`, `can_delete`, `created_at`) VALUES (1660, 8, 108, 1, 0, 1, 1, '2024-03-25 02:42:51');
INSERT INTO `roles_permissions` (`id`, `role_id`, `perm_cat_id`, `can_view`, `can_add`, `can_edit`, `can_delete`, `created_at`) VALUES (1661, 8, 109, 1, 1, 0, 0, '2024-03-25 02:42:51');
INSERT INTO `roles_permissions` (`id`, `role_id`, `perm_cat_id`, `can_view`, `can_add`, `can_edit`, `can_delete`, `created_at`) VALUES (1662, 8, 110, 1, 1, 1, 1, '2024-03-25 02:42:51');
INSERT INTO `roles_permissions` (`id`, `role_id`, `perm_cat_id`, `can_view`, `can_add`, `can_edit`, `can_delete`, `created_at`) VALUES (1663, 8, 111, 1, 1, 1, 1, '2024-03-25 02:42:51');
INSERT INTO `roles_permissions` (`id`, `role_id`, `perm_cat_id`, `can_view`, `can_add`, `can_edit`, `can_delete`, `created_at`) VALUES (1664, 8, 112, 1, 1, 1, 1, '2024-03-25 02:42:51');
INSERT INTO `roles_permissions` (`id`, `role_id`, `perm_cat_id`, `can_view`, `can_add`, `can_edit`, `can_delete`, `created_at`) VALUES (1665, 8, 127, 1, 0, 0, 0, '2024-03-25 02:42:51');
INSERT INTO `roles_permissions` (`id`, `role_id`, `perm_cat_id`, `can_view`, `can_add`, `can_edit`, `can_delete`, `created_at`) VALUES (1666, 8, 129, 1, 1, 1, 1, '2024-03-25 02:42:51');
INSERT INTO `roles_permissions` (`id`, `role_id`, `perm_cat_id`, `can_view`, `can_add`, `can_edit`, `can_delete`, `created_at`) VALUES (1667, 8, 189, 1, 0, 1, 1, '2024-03-25 02:42:51');
INSERT INTO `roles_permissions` (`id`, `role_id`, `perm_cat_id`, `can_view`, `can_add`, `can_edit`, `can_delete`, `created_at`) VALUES (1668, 8, 93, 1, 1, 1, 1, '2024-03-25 02:42:51');
INSERT INTO `roles_permissions` (`id`, `role_id`, `perm_cat_id`, `can_view`, `can_add`, `can_edit`, `can_delete`, `created_at`) VALUES (1669, 8, 94, 1, 1, 0, 0, '2024-03-25 02:42:51');
INSERT INTO `roles_permissions` (`id`, `role_id`, `perm_cat_id`, `can_view`, `can_add`, `can_edit`, `can_delete`, `created_at`) VALUES (1670, 8, 250, 1, 0, 0, 0, '2024-03-25 02:42:51');
INSERT INTO `roles_permissions` (`id`, `role_id`, `perm_cat_id`, `can_view`, `can_add`, `can_edit`, `can_delete`, `created_at`) VALUES (1671, 8, 96, 1, 1, 1, 1, '2024-03-25 02:42:51');
INSERT INTO `roles_permissions` (`id`, `role_id`, `perm_cat_id`, `can_view`, `can_add`, `can_edit`, `can_delete`, `created_at`) VALUES (1672, 8, 97, 1, 0, 0, 0, '2024-03-25 02:42:51');
INSERT INTO `roles_permissions` (`id`, `role_id`, `perm_cat_id`, `can_view`, `can_add`, `can_edit`, `can_delete`, `created_at`) VALUES (1673, 8, 98, 1, 1, 1, 1, '2024-03-25 02:42:51');
INSERT INTO `roles_permissions` (`id`, `role_id`, `perm_cat_id`, `can_view`, `can_add`, `can_edit`, `can_delete`, `created_at`) VALUES (1674, 8, 99, 1, 0, 0, 0, '2024-03-25 02:42:51');
INSERT INTO `roles_permissions` (`id`, `role_id`, `perm_cat_id`, `can_view`, `can_add`, `can_edit`, `can_delete`, `created_at`) VALUES (1675, 8, 248, 1, 1, 1, 1, '2024-03-25 02:42:51');
INSERT INTO `roles_permissions` (`id`, `role_id`, `perm_cat_id`, `can_view`, `can_add`, `can_edit`, `can_delete`, `created_at`) VALUES (1676, 8, 249, 1, 0, 0, 0, '2024-03-25 02:42:51');
INSERT INTO `roles_permissions` (`id`, `role_id`, `perm_cat_id`, `can_view`, `can_add`, `can_edit`, `can_delete`, `created_at`) VALUES (1677, 8, 102, 1, 1, 1, 1, '2024-03-25 02:42:51');
INSERT INTO `roles_permissions` (`id`, `role_id`, `perm_cat_id`, `can_view`, `can_add`, `can_edit`, `can_delete`, `created_at`) VALUES (1678, 8, 106, 1, 0, 0, 0, '2024-03-25 02:42:51');
INSERT INTO `roles_permissions` (`id`, `role_id`, `perm_cat_id`, `can_view`, `can_add`, `can_edit`, `can_delete`, `created_at`) VALUES (1679, 8, 113, 1, 0, 0, 0, '2024-03-25 02:42:51');
INSERT INTO `roles_permissions` (`id`, `role_id`, `perm_cat_id`, `can_view`, `can_add`, `can_edit`, `can_delete`, `created_at`) VALUES (1680, 8, 114, 1, 0, 0, 0, '2024-03-25 02:42:51');
INSERT INTO `roles_permissions` (`id`, `role_id`, `perm_cat_id`, `can_view`, `can_add`, `can_edit`, `can_delete`, `created_at`) VALUES (1681, 8, 115, 1, 0, 0, 0, '2024-03-25 02:42:51');
INSERT INTO `roles_permissions` (`id`, `role_id`, `perm_cat_id`, `can_view`, `can_add`, `can_edit`, `can_delete`, `created_at`) VALUES (1682, 8, 116, 1, 0, 0, 0, '2024-03-25 02:42:51');
INSERT INTO `roles_permissions` (`id`, `role_id`, `perm_cat_id`, `can_view`, `can_add`, `can_edit`, `can_delete`, `created_at`) VALUES (1683, 8, 117, 1, 0, 0, 0, '2024-03-25 02:42:51');
INSERT INTO `roles_permissions` (`id`, `role_id`, `perm_cat_id`, `can_view`, `can_add`, `can_edit`, `can_delete`, `created_at`) VALUES (1684, 8, 118, 1, 0, 0, 0, '2024-03-25 02:42:51');
INSERT INTO `roles_permissions` (`id`, `role_id`, `perm_cat_id`, `can_view`, `can_add`, `can_edit`, `can_delete`, `created_at`) VALUES (1685, 8, 190, 1, 0, 0, 0, '2024-03-25 02:42:51');
INSERT INTO `roles_permissions` (`id`, `role_id`, `perm_cat_id`, `can_view`, `can_add`, `can_edit`, `can_delete`, `created_at`) VALUES (1686, 8, 191, 1, 0, 0, 0, '2024-03-25 02:42:51');
INSERT INTO `roles_permissions` (`id`, `role_id`, `perm_cat_id`, `can_view`, `can_add`, `can_edit`, `can_delete`, `created_at`) VALUES (1687, 8, 192, 1, 0, 0, 0, '2024-03-25 02:42:51');
INSERT INTO `roles_permissions` (`id`, `role_id`, `perm_cat_id`, `can_view`, `can_add`, `can_edit`, `can_delete`, `created_at`) VALUES (1688, 8, 193, 1, 0, 0, 0, '2024-03-25 02:42:51');
INSERT INTO `roles_permissions` (`id`, `role_id`, `perm_cat_id`, `can_view`, `can_add`, `can_edit`, `can_delete`, `created_at`) VALUES (1689, 8, 194, 1, 0, 0, 0, '2024-03-25 02:42:51');
INSERT INTO `roles_permissions` (`id`, `role_id`, `perm_cat_id`, `can_view`, `can_add`, `can_edit`, `can_delete`, `created_at`) VALUES (1690, 8, 195, 1, 0, 0, 0, '2024-03-25 02:42:51');
INSERT INTO `roles_permissions` (`id`, `role_id`, `perm_cat_id`, `can_view`, `can_add`, `can_edit`, `can_delete`, `created_at`) VALUES (1691, 8, 226, 1, 0, 0, 0, '2024-03-25 02:42:51');
INSERT INTO `roles_permissions` (`id`, `role_id`, `perm_cat_id`, `can_view`, `can_add`, `can_edit`, `can_delete`, `created_at`) VALUES (1692, 8, 227, 1, 0, 0, 0, '2024-03-25 02:42:51');
INSERT INTO `roles_permissions` (`id`, `role_id`, `perm_cat_id`, `can_view`, `can_add`, `can_edit`, `can_delete`, `created_at`) VALUES (1693, 8, 229, 1, 0, 0, 0, '2024-03-25 02:42:51');
INSERT INTO `roles_permissions` (`id`, `role_id`, `perm_cat_id`, `can_view`, `can_add`, `can_edit`, `can_delete`, `created_at`) VALUES (1694, 8, 230, 1, 0, 0, 0, '2024-03-25 02:42:51');
INSERT INTO `roles_permissions` (`id`, `role_id`, `perm_cat_id`, `can_view`, `can_add`, `can_edit`, `can_delete`, `created_at`) VALUES (1695, 8, 185, 1, 1, 1, 1, '2024-03-25 02:42:51');
INSERT INTO `roles_permissions` (`id`, `role_id`, `perm_cat_id`, `can_view`, `can_add`, `can_edit`, `can_delete`, `created_at`) VALUES (1696, 8, 186, 1, 1, 1, 1, '2024-03-25 02:42:51');
INSERT INTO `roles_permissions` (`id`, `role_id`, `perm_cat_id`, `can_view`, `can_add`, `can_edit`, `can_delete`, `created_at`) VALUES (1697, 8, 214, 1, 0, 1, 0, '2024-03-25 02:42:51');
INSERT INTO `roles_permissions` (`id`, `role_id`, `perm_cat_id`, `can_view`, `can_add`, `can_edit`, `can_delete`, `created_at`) VALUES (1698, 8, 222, 1, 0, 1, 0, '2024-03-25 02:42:51');
INSERT INTO `roles_permissions` (`id`, `role_id`, `perm_cat_id`, `can_view`, `can_add`, `can_edit`, `can_delete`, `created_at`) VALUES (1699, 8, 247, 1, 0, 0, 0, '2024-03-25 02:42:51');
INSERT INTO `roles_permissions` (`id`, `role_id`, `perm_cat_id`, `can_view`, `can_add`, `can_edit`, `can_delete`, `created_at`) VALUES (1700, 8, 224, 1, 0, 0, 0, '2024-03-25 02:42:51');
INSERT INTO `roles_permissions` (`id`, `role_id`, `perm_cat_id`, `can_view`, `can_add`, `can_edit`, `can_delete`, `created_at`) VALUES (1701, 8, 231, 1, 1, 1, 1, '2024-03-25 02:42:51');
INSERT INTO `roles_permissions` (`id`, `role_id`, `perm_cat_id`, `can_view`, `can_add`, `can_edit`, `can_delete`, `created_at`) VALUES (1702, 8, 232, 1, 0, 1, 1, '2024-03-25 02:42:51');
INSERT INTO `roles_permissions` (`id`, `role_id`, `perm_cat_id`, `can_view`, `can_add`, `can_edit`, `can_delete`, `created_at`) VALUES (1703, 8, 234, 1, 1, 1, 1, '2024-03-25 02:42:51');
INSERT INTO `roles_permissions` (`id`, `role_id`, `perm_cat_id`, `can_view`, `can_add`, `can_edit`, `can_delete`, `created_at`) VALUES (1704, 8, 235, 1, 1, 1, 1, '2024-03-25 02:42:51');
INSERT INTO `roles_permissions` (`id`, `role_id`, `perm_cat_id`, `can_view`, `can_add`, `can_edit`, `can_delete`, `created_at`) VALUES (1705, 8, 236, 1, 1, 1, 0, '2024-03-25 02:42:51');
INSERT INTO `roles_permissions` (`id`, `role_id`, `perm_cat_id`, `can_view`, `can_add`, `can_edit`, `can_delete`, `created_at`) VALUES (1706, 8, 237, 1, 0, 1, 0, '2024-03-25 02:42:51');
INSERT INTO `roles_permissions` (`id`, `role_id`, `perm_cat_id`, `can_view`, `can_add`, `can_edit`, `can_delete`, `created_at`) VALUES (1707, 8, 238, 1, 1, 1, 1, '2024-03-25 02:42:51');
INSERT INTO `roles_permissions` (`id`, `role_id`, `perm_cat_id`, `can_view`, `can_add`, `can_edit`, `can_delete`, `created_at`) VALUES (1708, 8, 239, 1, 1, 1, 1, '2024-03-25 02:42:51');
INSERT INTO `roles_permissions` (`id`, `role_id`, `perm_cat_id`, `can_view`, `can_add`, `can_edit`, `can_delete`, `created_at`) VALUES (1709, 8, 263, 1, 1, 0, 1, '2024-03-25 02:42:51');
INSERT INTO `roles_permissions` (`id`, `role_id`, `perm_cat_id`, `can_view`, `can_add`, `can_edit`, `can_delete`, `created_at`) VALUES (1710, 8, 273, 1, 0, 0, 0, '2024-03-25 02:42:51');
INSERT INTO `roles_permissions` (`id`, `role_id`, `perm_cat_id`, `can_view`, `can_add`, `can_edit`, `can_delete`, `created_at`) VALUES (1711, 9, 86, 1, 1, 1, 1, '2024-09-02 10:08:34');
INSERT INTO `roles_permissions` (`id`, `role_id`, `perm_cat_id`, `can_view`, `can_add`, `can_edit`, `can_delete`, `created_at`) VALUES (1712, 9, 87, 1, 0, 0, 0, '2024-09-02 08:16:38');
INSERT INTO `roles_permissions` (`id`, `role_id`, `perm_cat_id`, `can_view`, `can_add`, `can_edit`, `can_delete`, `created_at`) VALUES (1713, 9, 88, 1, 1, 1, 0, '2024-09-02 10:08:34');
INSERT INTO `roles_permissions` (`id`, `role_id`, `perm_cat_id`, `can_view`, `can_add`, `can_edit`, `can_delete`, `created_at`) VALUES (1714, 9, 90, 1, 1, 0, 1, '2024-09-02 10:08:34');
INSERT INTO `roles_permissions` (`id`, `role_id`, `perm_cat_id`, `can_view`, `can_add`, `can_edit`, `can_delete`, `created_at`) VALUES (1715, 9, 108, 1, 0, 1, 1, '2024-09-02 10:08:34');
INSERT INTO `roles_permissions` (`id`, `role_id`, `perm_cat_id`, `can_view`, `can_add`, `can_edit`, `can_delete`, `created_at`) VALUES (1716, 9, 109, 1, 1, 0, 0, '2024-09-02 08:16:38');
INSERT INTO `roles_permissions` (`id`, `role_id`, `perm_cat_id`, `can_view`, `can_add`, `can_edit`, `can_delete`, `created_at`) VALUES (1717, 9, 110, 1, 1, 1, 1, '2024-09-02 10:08:34');
INSERT INTO `roles_permissions` (`id`, `role_id`, `perm_cat_id`, `can_view`, `can_add`, `can_edit`, `can_delete`, `created_at`) VALUES (1718, 9, 111, 1, 1, 1, 1, '2024-09-02 10:08:34');
INSERT INTO `roles_permissions` (`id`, `role_id`, `perm_cat_id`, `can_view`, `can_add`, `can_edit`, `can_delete`, `created_at`) VALUES (1719, 9, 112, 1, 1, 1, 1, '2024-09-02 10:08:34');
INSERT INTO `roles_permissions` (`id`, `role_id`, `perm_cat_id`, `can_view`, `can_add`, `can_edit`, `can_delete`, `created_at`) VALUES (1720, 9, 127, 1, 0, 0, 0, '2024-09-02 08:16:38');
INSERT INTO `roles_permissions` (`id`, `role_id`, `perm_cat_id`, `can_view`, `can_add`, `can_edit`, `can_delete`, `created_at`) VALUES (1721, 9, 129, 1, 1, 1, 1, '2024-09-02 10:08:34');
INSERT INTO `roles_permissions` (`id`, `role_id`, `perm_cat_id`, `can_view`, `can_add`, `can_edit`, `can_delete`, `created_at`) VALUES (1722, 10, 1, 1, 0, 0, 0, '2024-09-25 06:18:33');
INSERT INTO `roles_permissions` (`id`, `role_id`, `perm_cat_id`, `can_view`, `can_add`, `can_edit`, `can_delete`, `created_at`) VALUES (1723, 10, 9, 1, 0, 0, 0, '2024-09-25 06:18:33');
INSERT INTO `roles_permissions` (`id`, `role_id`, `perm_cat_id`, `can_view`, `can_add`, `can_edit`, `can_delete`, `created_at`) VALUES (1724, 10, 10, 1, 0, 0, 0, '2024-09-25 06:18:33');
INSERT INTO `roles_permissions` (`id`, `role_id`, `perm_cat_id`, `can_view`, `can_add`, `can_edit`, `can_delete`, `created_at`) VALUES (1725, 10, 11, 1, 0, 0, 0, '2024-09-25 06:18:33');
INSERT INTO `roles_permissions` (`id`, `role_id`, `perm_cat_id`, `can_view`, `can_add`, `can_edit`, `can_delete`, `created_at`) VALUES (1726, 10, 12, 1, 0, 0, 0, '2024-09-25 06:18:33');
INSERT INTO `roles_permissions` (`id`, `role_id`, `perm_cat_id`, `can_view`, `can_add`, `can_edit`, `can_delete`, `created_at`) VALUES (1727, 10, 13, 1, 0, 0, 0, '2024-09-25 06:18:33');
INSERT INTO `roles_permissions` (`id`, `role_id`, `perm_cat_id`, `can_view`, `can_add`, `can_edit`, `can_delete`, `created_at`) VALUES (1728, 10, 14, 1, 0, 0, 0, '2024-09-25 06:18:33');
INSERT INTO `roles_permissions` (`id`, `role_id`, `perm_cat_id`, `can_view`, `can_add`, `can_edit`, `can_delete`, `created_at`) VALUES (1729, 10, 15, 1, 0, 0, 0, '2024-09-25 06:18:33');
INSERT INTO `roles_permissions` (`id`, `role_id`, `perm_cat_id`, `can_view`, `can_add`, `can_edit`, `can_delete`, `created_at`) VALUES (1730, 10, 122, 1, 0, 0, 0, '2024-09-25 06:18:33');
INSERT INTO `roles_permissions` (`id`, `role_id`, `perm_cat_id`, `can_view`, `can_add`, `can_edit`, `can_delete`, `created_at`) VALUES (1731, 10, 136, 1, 0, 0, 0, '2024-09-25 06:18:33');
INSERT INTO `roles_permissions` (`id`, `role_id`, `perm_cat_id`, `can_view`, `can_add`, `can_edit`, `can_delete`, `created_at`) VALUES (1732, 10, 187, 1, 0, 0, 0, '2024-09-25 06:18:33');
INSERT INTO `roles_permissions` (`id`, `role_id`, `perm_cat_id`, `can_view`, `can_add`, `can_edit`, `can_delete`, `created_at`) VALUES (1733, 10, 205, 1, 0, 0, 0, '2024-09-25 06:18:33');
INSERT INTO `roles_permissions` (`id`, `role_id`, `perm_cat_id`, `can_view`, `can_add`, `can_edit`, `can_delete`, `created_at`) VALUES (1734, 10, 21, 1, 0, 0, 0, '2024-09-25 06:18:33');
INSERT INTO `roles_permissions` (`id`, `role_id`, `perm_cat_id`, `can_view`, `can_add`, `can_edit`, `can_delete`, `created_at`) VALUES (1735, 10, 24, 1, 0, 0, 0, '2024-09-25 06:18:33');
INSERT INTO `roles_permissions` (`id`, `role_id`, `perm_cat_id`, `can_view`, `can_add`, `can_edit`, `can_delete`, `created_at`) VALUES (1736, 10, 43, 1, 0, 0, 0, '2024-09-25 06:18:33');
INSERT INTO `roles_permissions` (`id`, `role_id`, `perm_cat_id`, `can_view`, `can_add`, `can_edit`, `can_delete`, `created_at`) VALUES (1737, 10, 146, 1, 0, 0, 0, '2024-09-25 06:18:33');
INSERT INTO `roles_permissions` (`id`, `role_id`, `perm_cat_id`, `can_view`, `can_add`, `can_edit`, `can_delete`, `created_at`) VALUES (1738, 10, 148, 1, 0, 0, 0, '2024-09-25 06:18:33');
INSERT INTO `roles_permissions` (`id`, `role_id`, `perm_cat_id`, `can_view`, `can_add`, `can_edit`, `can_delete`, `created_at`) VALUES (1739, 10, 86, 1, 0, 0, 0, '2024-09-25 06:18:33');
INSERT INTO `roles_permissions` (`id`, `role_id`, `perm_cat_id`, `can_view`, `can_add`, `can_edit`, `can_delete`, `created_at`) VALUES (1740, 10, 88, 1, 0, 0, 0, '2024-09-25 06:18:33');
INSERT INTO `roles_permissions` (`id`, `role_id`, `perm_cat_id`, `can_view`, `can_add`, `can_edit`, `can_delete`, `created_at`) VALUES (1741, 10, 90, 1, 0, 0, 0, '2024-09-25 06:18:33');
INSERT INTO `roles_permissions` (`id`, `role_id`, `perm_cat_id`, `can_view`, `can_add`, `can_edit`, `can_delete`, `created_at`) VALUES (1742, 10, 127, 1, 0, 0, 0, '2024-09-25 06:18:33');
INSERT INTO `roles_permissions` (`id`, `role_id`, `perm_cat_id`, `can_view`, `can_add`, `can_edit`, `can_delete`, `created_at`) VALUES (1743, 10, 224, 1, 0, 0, 0, '2024-09-25 06:18:33');
INSERT INTO `roles_permissions` (`id`, `role_id`, `perm_cat_id`, `can_view`, `can_add`, `can_edit`, `can_delete`, `created_at`) VALUES (1744, 3, 107, 1, 0, 0, 0, '2025-09-18 08:26:28');
INSERT INTO `roles_permissions` (`id`, `role_id`, `perm_cat_id`, `can_view`, `can_add`, `can_edit`, `can_delete`, `created_at`) VALUES (1745, 3, 134, 1, 1, 1, 1, '2025-09-18 08:27:03');


#
# TABLE STRUCTURE FOR: room_types
#

